MONTHLY CLIMATOLOGICAL SUMMARY for MAY. 2021

NAME: N2KI - Skywarn Spotter ID 15-360NYC   CITY: Washingtonville STATE: NY
ELEV: 300ft LAT: 041:26:00 LONG: 0074:07:00

                            TEMPERATURE ( F), RAIN (in.), WIND SPEED (mph)

                                               HEAT     COOL           AVG
      MEAN                                     DEG      DEG            WIND                       DOM
DAY   TEMP    HIGH   TIME     LOW    TIME      DAYS     DAYS    RAIN   SPEED    HIGH    TIME      DIR
--------------------------------------------------------------------------------------------------------
01    48.7   062.8   18:30    39.6   06:19     16.2     00.0   00.00   02.0     17.3    09:07     WNW
02    64.1   079.7   17:29    50.4   06:31     00.8     00.0   00.00   01.2     11.5    15:15     WNW
03    57.4   064.3   13:16    49.4   06:36     07.5     00.0   00.17   00.3     09.2    21:23     ENE
04    59.7   071.3   17:07    52.0   02:30     05.3     00.0   00.15   00.5     08.1    21:08      E 
05    55.0   058.8   00:02    50.7   00:00     09.9     00.0   00.21   00.6     11.5    19:07      N 
06    53.9   064.7   16:21    43.2   04:04     11.1     00.0   00.00   01.0     08.1    17:38      NW
07    53.2   065.5   14:57    38.2   06:31     11.7     00.0   00.00   00.8     09.2    17:31      E 
08    47.8   051.9   00:07    42.6   00:00     17.1     00.0   00.08   00.4     05.8    09:56     ESE
09    49.2   062.5   13:54    41.1   04:54     15.7     00.0   00.39   00.8     08.1    15:49     WSW
10    49.8   056.9   17:45    42.3   00:00     15.1     00.0   00.34   00.6     05.8    18:34      NW
11    50.7   062.1   13:43    38.0   06:44     14.2     00.0   00.00   01.0     10.3    13:54      W 
12    52.6   066.2   14:50    41.3   04:34     12.3     00.0   00.00   01.0     08.1    09:20      NW
13    54.0   070.4   17:48    34.9   06:22     10.9     00.0   00.00   00.4     08.1    16:42      N 
14    58.2   075.9   14:26    37.0   06:13     06.8     00.0   00.00   00.4     05.8    14:48      NW
15    61.0   076.6   13:57    41.2   06:26     04.0     00.0   00.00   00.4     06.9    14:20     WSW
16    59.7   076.5   12:50    48.0   06:25     05.3     00.0   00.05   00.3     08.1    13:12     WSW
17    61.3   078.9   15:32    44.3   06:24     03.7     00.0   00.00   00.5     04.6    18:01     WSW
18    65.7   082.5   18:24    47.3   04:43     00.0     00.7   00.00   00.7     08.1    18:37     WSW
19    68.2   085.7   16:37    49.6   05:31     00.0     03.2   00.00   00.4     06.9    14:44      N 
20    67.8   084.1   15:43    52.5   06:27     00.0     02.9   00.00   00.5     06.9    16:30     NNW
21    70.8   090.4   15:52    49.6   04:59     00.0     05.9   00.00   00.5     05.8    17:02      W 
22    74.5   088.5   15:15    62.3   04:42     00.0     09.6   00.00   00.5     06.9    14:53      W 
23    74.8   087.5   15:14    62.6   00:00     00.0     09.9   00.00   00.8     09.2    17:41      W 
24    61.1   069.6   15:50    52.3   06:27     03.8     00.0   00.00   00.9     09.2    22:17     NNE
25    67.6   080.7   15:48    57.2   06:45     00.0     02.7   00.00   00.9     08.1    17:32      W 
26    76.2   091.4   15:35    63.9   06:34     00.0     11.3   00.05   00.8     11.5    14:06      W 
27    69.4   079.3   15:30    54.2   00:00     00.0     04.5   00.04   00.7     08.1    18:02     WSW
28    54.1   063.8   13:47    45.6   23:54     10.8     00.0   01.00   00.8     04.6    22:27      NE
29    46.2   048.7   17:22    43.7   05:19     18.8     00.0   00.49   01.3     08.1    08:47      NE
30    47.3   048.6   17:35    44.9   07:51     17.7     00.0   00.65   00.9     04.6    17:39      NE
31    55.4   070.2   18:17    47.0   01:23     09.6     00.0   00.02   00.2     04.6    14:59      E 
--------------------------------------------------------------------------------------------------------
59.2 (59.4)   91.4  day 26     34.9  day 13   228.3    050.7   03.65   00.7     17.3   day 01     WNW
Max >=  86: 4
Min <=  86: 31
Max Rain: 1.00 ON 28-05-21
Days of Rain: 13 (> .008in) 9 (> .08in) 1 (> 0.8in)