MONTHLY CLIMATOLOGICAL SUMMARY for MAY. 2020

NAME: N2KI - Skywarn Spotter ID 15-360NYC   CITY: Washingtonville STATE: NY
ELEV: 300ft LAT: 041:26:00 LONG: 0074:07:00

                            TEMPERATURE ( F), RAIN (in.), WIND SPEED (mph)

                                               HEAT     COOL           AVG
      MEAN                                     DEG      DEG            WIND                       DOM
DAY   TEMP    HIGH   TIME     LOW    TIME      DAYS     DAYS    RAIN   SPEED    HIGH    TIME      DIR
--------------------------------------------------------------------------------------------------------
01    57.9   064.1   18:17    54.6   06:17     07.0     00.0   00.63   01.3     16.1    00:29      NW
02    59.9   073.7   16:53    41.8   05:22     05.0     00.0   00.00   01.5     11.5    13:02      W 
03    67.7   081.3   17:31    56.2   06:44     00.0     02.8   00.01   01.3     10.3    14:06      W 
04    57.9   067.3   10:43    47.4   00:00     07.1     00.0   00.00   02.2     16.1    17:37      NW
05    51.1   063.6   17:11    40.5   06:03     13.8     00.0   00.00   02.0     11.5    08:35     WNW
06    46.8   056.2   13:21    37.1   02:45     18.2     00.0   00.00   01.1     11.5    14:00     ENE
07    54.0   065.8   17:32    38.7   04:00     11.0     00.0   00.00   01.9     12.7    22:52      W 
08    44.7   052.1   11:55    34.6   00:00     20.2     00.0   00.47   01.0     10.3    23:35     WSW
09    36.4   045.3   15:23    31.4   05:20     28.6     00.0   00.07   03.5     20.7    16:23      W 
10    49.5   063.9   16:03    32.5   02:24     15.5     00.0   00.00   02.6     17.3    09:49      W 
11    46.5   058.4   15:21    38.0   05:16     18.4     00.0   00.15   01.6     26.4    17:21      W 
12    48.0   057.8   16:53    40.0   01:33     16.9     00.0   00.01   02.9     26.4    15:47      W 
13    47.9   062.0   17:18    34.1   06:10     17.0     00.0   00.00   01.7     14.9    16:42      W 
14    54.5   073.1   15:47    30.6   06:08     10.4     00.0   00.00   01.1     11.5    18:27     SSW
15    69.2   085.3   16:56    55.9   06:14     00.0     04.2   00.56   01.1     17.3    20:33     WSW
16    66.1   075.9   17:32    56.3   23:17     00.0     01.2   00.05   01.0     09.2    06:42     WSW
17    62.9   073.4   16:36    54.4   05:22     02.0     00.0   00.00   01.3     11.5    01:22     SSW
18    62.0   071.4   13:03    54.4   05:09     02.9     00.0   00.00   00.8     06.9    17:20     ENE
19    59.8   070.9   14:22    50.7   04:56     05.2     00.0   00.00   01.4     12.7    19:47      E 
20    56.6   069.5   16:04    43.4   05:36     08.3     00.0   00.00   01.1     13.8    11:23      SE
21    57.7   077.0   16:45    34.8   05:49     07.2     00.0   00.00   00.8     11.5    21:17     SSW
22    65.5   079.2   14:53    49.6   05:50     00.0     00.6   00.00   00.6     09.2    18:07      W 
23    64.6   069.4   10:55    54.3   00:00     00.4     00.0   00.27   00.5     09.2    18:18      NE
24    60.1   076.2   16:02    44.8   06:21     04.8     00.0   00.00   00.8     09.2    19:45      E 
25    63.5   077.8   16:11    51.3   03:11     01.5     00.0   00.00   00.5     08.1    20:37     SSW
26    71.6   087.2   15:59    55.0   06:18     00.0     06.7   00.00   00.5     08.1    18:39     NNW
27    71.5   083.6   15:27    57.8   06:13     00.0     06.6   00.00   00.8     11.5    21:52      W 
28    71.4   078.1   12:43    64.3   04:22     00.0     06.5   00.00   01.1     11.5    22:01      SW
29    74.9   085.6   16:01    67.1   23:59     00.0     10.0   00.07   01.0     11.5    18:23      SW
30    69.3   080.8   16:22    63.8   06:05     00.0     04.4   00.17   00.6     09.2    15:46      W 
--------------------------------------------------------------------------------------------------------
59.0 (59.0)   87.2  day 26     30.6  day 14   221.5    042.9   02.46   01.3     26.5   day 11      W 
Max >=  86: 1
Min <=  86: 30
Max Rain: 0.63 ON 1-05-20
Days of Rain: 11 (> .008in) 6 (> .08in) 0 (> 0.8in)