MONTHLY CLIMATOLOGICAL SUMMARY for MAY. 2018

NAME: N2KI - Skywarn Spotter ID 15-360NYC   CITY: Washingtonville STATE: NY
ELEV: 300ft LAT: 041:26:00 LONG: 0074:07:00

                            TEMPERATURE ( F), RAIN (in.), WIND SPEED (mph)

                                               HEAT     COOL           AVG
      MEAN                                     DEG      DEG            WIND                       DOM
DAY   TEMP    HIGH   TIME     LOW    TIME      DAYS     DAYS    RAIN   SPEED    HIGH    TIME      DIR
--------------------------------------------------------------------------------------------------------
01    60.6   080.2   17:22    40.4   00:19     04.3     00.0   00.01   03.2     12.7    15:27      W 
02    73.7   089.0   15:07    48.5   06:24     00.0     08.8   00.00   04.6     17.3    16:25     WSW
03    76.0   091.1   16:06    60.7   06:11     00.0     11.1   00.32   04.3     26.4    18:02     WSW
04    74.1   083.5   15:07    65.3   06:13     00.0     09.1   00.04   04.3     27.6    22:18     WSW
05    66.9   076.6   16:29    56.0   08:06     00.0     02.0   00.00   03.6     17.3    00:09      W 
06    58.3   066.9   00:02    53.7   00:00     06.6     00.0   00.10   01.8     08.1    15:15      W 
07    58.0   070.5   17:19    46.2   06:24     07.0     00.0   00.00   01.1     06.9    15:09     NNE
08    60.8   075.7   16:11    44.5   06:10     04.1     00.0   00.00   01.1     11.5    15:20      SW
09    63.9   078.9   14:10    45.3   06:11     01.1     00.0   00.00   01.3     12.7    18:08     SSW
10    60.7   073.1   16:16    46.0   06:14     04.2     00.0   00.28   01.8     11.5    19:05      SW
11    60.6   069.6   17:03    53.2   06:14     04.3     00.0   00.01   01.6     11.5    13:24      W 
12    50.5   055.4   02:16    48.5   06:01     14.5     00.0   00.29   00.2     03.5    21:14      E 
13    51.0   053.8   14:09    48.0   01:29     13.9     00.0   00.07   00.2     05.8    10:08     ENE
14    62.4   077.6   18:00    51.5   05:02     02.6     00.0   00.01   01.2     08.1    15:10     WSW
15    70.2   090.0   15:14    58.3   00:00     00.0     05.3   00.69   02.5     17.3    13:18      W 
16    58.5   062.7   11:24    54.9   05:14     06.4     00.0   00.43   00.2     06.9    11:24      E 
17    63.1   074.8   17:04    56.9   03:16     01.9     00.0   00.24   00.1     05.8    15:00     ENE
18    62.1   071.6   15:29    54.9   00:00     02.8     00.0   00.00   01.7     12.7    17:09      E 
19    52.4   055.8   18:09    46.6   08:20     12.6     00.0   00.55   00.2     03.5    17:04      E 
20    65.9   078.5   14:04    55.1   00:08     00.0     01.0   00.04   02.3     13.8    15:09      W 
21    65.0   080.6   17:29    48.0   06:06     00.0     00.1   00.00   00.4     04.6    11:20     WSW
22    59.2   064.9   12:26    55.5   04:14     05.7     00.0   00.06   00.2     08.1    15:06     WSW
23    67.1   082.9   17:03    57.4   00:04     00.0     02.1   00.37   00.5     04.6    17:18     WSW
24    67.7   085.2   16:26    51.9   06:12     00.0     02.7   00.00   00.5     06.9    17:21     WSW
25    71.9   087.6   15:13    53.2   04:20     00.0     06.9   00.00   01.7     09.2    17:14      W 
26    79.0   089.3   16:14    68.9   06:20     00.0     14.0   00.00   01.6     13.8    12:14      W 
27    64.1   070.4   00:03    55.0   00:00     00.8     00.0   00.02   00.5     05.8    14:20     ESE
28    62.3   072.7   18:02    53.5   05:24     02.6     00.0   00.00   00.6     05.8    23:19     WSW
29    76.8   089.4   16:26    66.4   00:00     00.0     11.8   00.00   00.5     04.6    14:19     SSW
30    70.7   081.7   13:22    59.5   06:05     00.0     05.7   00.00   01.3     06.9    16:15      SE
31    68.2   072.4   12:13    63.3   02:09     00.0     03.3   00.00   00.3     01.1    18:15      SW
--------------------------------------------------------------------------------------------------------
64.6 (64.8)   91.1  day 03     40.4  day 01   095.5    083.9   00.14   01.5     27.6   day 04     WSW
Max >=  86: 6
Min <=  86: 31
Max Rain: 0.69 ON 15-05-18
Days of Rain: 17 (> .008in) 9 (> .08in) 0 (> 0.8in)