MONTHLY CLIMATOLOGICAL SUMMARY for MAY. 2016

NAME: N2KI - Skywarn Spotter ID 13-330NYC   CITY: Washingtonville STATE: NY
ELEV: 300ft LAT: 041:26:00 LONG: 0074:07:00

                            TEMPERATURE ( F), RAIN (in.), WIND SPEED (mph)

                                               HEAT     COOL           AVG
      MEAN                                     DEG      DEG            WIND                       DOM
DAY   TEMP    HIGH   TIME     LOW    TIME      DAYS     DAYS    RAIN   SPEED    HIGH    TIME      DIR
--------------------------------------------------------------------------------------------------------
01    47.1   051.9   00:27    43.2   23:58     17.8     00.0   00.16   00.2     08.1    00:05     SSW
02    49.7   061.6   18:33    43.2   01:12     15.2     00.0   00.12   00.3     11.5    16:39      W 
03    50.8   052.3   01:05    48.3   08:20     14.2     00.0   00.58   00.1     06.9    04:57      NE
04    49.0   050.9   02:32    47.0   00:00     15.9     00.0   00.09   00.5     11.5    06:25     ENE
05    51.3   057.1   16:45    45.6   06:52     13.6     00.0   00.01   01.7     12.7    12:06      NE
06    51.1   053.5   17:19    48.8   07:39     13.8     00.0   00.43   01.1     13.8    21:02     ENE
07    53.5   060.0   18:48    49.1   04:40     11.4     00.0   00.00   00.3     09.2    00:01     SSE
08    54.4   063.0   15:51    46.7   22:53     10.5     00.0   00.12   01.7     26.4    17:06      W 
09    56.7   069.4   15:28    41.8   04:43     08.2     00.0   00.00   01.4     18.4    13:49     WNW
10    53.0   068.5   16:22    34.2   06:32     11.9     00.0   00.00   00.5     13.8    16:29      SW
11    58.6   077.3   17:31    38.2   06:16     06.3     00.0   00.00   00.3     08.1    11:21      W 
12    64.0   081.7   15:37    43.0   06:31     00.9     00.0   00.00   00.9     26.4    21:35      SW
13    61.6   065.9   14:16    54.3   05:18     03.3     00.0   00.31   00.3     10.3    11:44     WSW
14    60.0   072.6   13:42    48.1   06:22     05.0     00.0   00.04   00.9     16.1    23:37      W 
15    48.9   055.1   17:18    41.3   23:21     16.0     00.0   00.00   02.3     24.1    19:47      W 
16    50.0   064.2   18:47    37.8   05:20     14.9     00.0   00.00   02.1     23.0    14:19      W 
17    55.3   068.0   15:23    39.6   03:46     09.6     00.0   00.00   00.7     12.7    12:27      W 
18    56.2   068.6   17:05    43.1   04:09     08.8     00.0   00.00   00.3     08.1    19:40     WSW
19    60.3   072.8   17:27    48.9   00:00     04.7     00.0   00.00   00.4     12.7    18:12      W 
20    59.3   076.8   16:50    40.6   06:03     05.6     00.0   00.00   00.3     10.3    14:42     SSW
21    58.3   067.8   14:26    46.4   06:17     06.7     00.0   00.02   00.2     09.2    16:07     ESE
22    59.4   071.5   15:15    51.0   04:00     05.6     00.0   00.03   00.1     11.5    12:13     ESE
23    63.8   078.0   17:25    47.8   06:17     01.1     00.0   00.00   00.3     11.5    19:28      SE
24    62.1   070.3   15:27    55.3   00:00     02.8     00.0   00.30   00.1     06.9    15:16     ENE
25    69.6   089.4   17:04    48.8   05:48     00.0     04.7   00.00   00.7     13.8    13:02      W 
26    74.8   090.7   16:23    55.4   06:22     00.0     09.8   00.00   00.4     10.3    20:42     WSW
27    74.6   086.5   13:50    68.2   05:00     00.0     09.6   00.15   00.1     09.2    13:34      SW
28    78.5   093.1   14:54    67.7   06:20     00.0     13.5   00.00   00.5     11.5    15:49     WSW
29    77.9   090.3   15:28    66.6   06:02     00.0     12.9   00.00   00.7     12.7    17:57      SW
30    72.7   084.4   16:49    63.5   06:49     00.0     07.8   00.36   00.4     10.3    16:02     WSW
31    73.7   086.8   16:24    63.1   23:39     00.0     08.8   00.00   00.2     09.2    15:21      W 
--------------------------------------------------------------------------------------------------------
59.9 (59.9)   93.1  day 28     34.2  day 10   223.9    067.1   02.72   00.6     26.5   day 16      W 
Max >=  86: 6
Min <=  86: 31
Max Rain: 0.58 ON 3-05-16
Days of Rain: 14 (> .008in) 10 (> .08in) 0 (> 0.8in)