MONTHLY CLIMATOLOGICAL SUMMARY for MAY. 2015

NAME: N2KI - Skywarn Spotter ID 13-330NYC   CITY: Washingtonville STATE: NY
ELEV: 300ft LAT: 041:26:00 LONG: 0074:07:00

                            TEMPERATURE ( F), RAIN (in.), WIND SPEED (mph)

                                               HEAT     COOL           AVG
      MEAN                                     DEG      DEG            WIND                       DOM
DAY   TEMP    HIGH   TIME     LOW    TIME      DAYS     DAYS    RAIN   SPEED    HIGH    TIME      DIR
----------------------------------------------------------------------------------------------------------------------------------------------------------
01    55.9   064.6   14:39    47.0   00:00     09.1     00.0   00.00   00.4     10.3    14:28     ESE
02    58.4   075.8   17:52    42.2   02:53     06.6     00.0   00.00   00.9     11.5    18:29     WNW
03    62.9   079.4   14:50    40.3   06:25     02.0     00.0   00.00   00.7     13.8    14:22      W 
04    69.4   085.5   16:07    45.6   06:27     00.0     04.4   00.00   01.7     19.6    13:14     WSW
05    72.0   083.9   16:23    58.4   06:53     00.0     07.1   00.00   00.7     12.7    16:21      W 
06    62.9   071.0   18:03    50.2   00:00     02.0     00.0   00.00   00.1     04.6    19:00     ENE
07    64.3   084.3   17:07    43.0   06:14     00.6     00.0   00.00   00.6     11.5    21:29      S 
08    71.0   088.1   15:22    50.9   06:25     00.0     06.1   00.00   01.1     17.3    21:32     WSW
09    66.7   078.0   14:30    53.3   05:46     00.0     01.8   00.00   00.7     11.5    18:49      SW
10    74.7   086.7   16:21    63.5   00:16     00.0     09.8   00.00   01.5     16.1    14:11     WSW
11    75.8   087.1   15:55    67.6   05:46     00.0     10.9   00.00   01.2     16.1    15:18      SW
12    73.4   085.3   15:43    60.0   00:00     00.0     08.5   00.00   01.8     21.9    16:27      W 
13    56.7   065.2   13:30    43.8   00:00     08.2     00.0   00.00   01.1     18.4    15:08      W 
14    54.5   073.2   17:07    35.9   06:14     10.4     00.0   00.00   00.4     11.5    17:24      W 
15    58.3   076.7   15:58    39.8   06:04     06.6     00.0   00.00   00.3     11.5    22:47     WSW
16    65.0   076.3   16:10    53.4   05:50     00.0     00.1   01.00   00.3     08.1    10:24      SW
17    73.3   085.4   17:09    64.7   05:02     00.0     08.3   00.20   00.2     09.2    18:24     WSW
18    63.6   066.8   12:02    59.7   05:41     01.3     00.0   00.00   00.3     08.1    18:56      S 
19    66.4   083.1   17:40    57.1   05:58     00.0     01.4   00.42   00.3     17.3    21:02     WSW
20    54.3   059.0   00:02    45.6   00:00     10.6     00.0   00.00   00.8     16.1    14:55      W 
21    54.7   066.4   16:17    43.9   01:14     10.3     00.0   00.00   00.4     11.5    12:18     WSW
22    59.9   070.8   16:36    46.9   06:23     05.0     00.0   00.00   00.9     18.4    13:48      W 
23    53.9   069.0   18:00    39.2   06:19     11.0     00.0   00.00   00.6     11.5    15:51      W 
24    62.2   081.8   16:31    41.3   05:49     02.7     00.0   00.00   00.5     13.8    10:06      W 
25    72.5   087.1   15:57    57.1   06:10     00.0     07.6   00.00   00.8     16.1    15:14     WSW
26    76.2   087.4   14:39    63.7   06:05     00.0     11.3   00.00   00.5     10.3    18:38     WSW
27    74.7   085.8   16:03    67.5   00:00     00.0     09.8   00.76   00.8     13.8    17:34      SW
28    73.0   085.0   16:23    61.2   00:00     00.0     08.0   00.34   00.5     11.5    18:33     WSW
29    68.9   083.7   16:40    52.6   06:11     00.0     04.0   00.00   00.4     14.9    20:57     WSW
30    74.4   085.8   16:44    62.3   05:57     00.0     09.4   00.03   00.8     11.5    19:21     WSW
31    66.0   076.3   14:01    54.0   23:21     00.0     01.1   01.16   00.4     13.8    14:02      W 
----------------------------------------------------------------------------------------------------------------------------------------------------------
65.7 (65.3)   88.1  day 08     35.9  day 14   086.5    109.5   03.93   00.7     21.9   day 22     WSW
Max >=  86: 5
Min <=  86: 31
Max Rain: 1.16 ON 31-05-15
Days of Rain: 7 (> .008in) 6 (> .08in) 2 (> 0.8in)