MONTHLY CLIMATOLOGICAL SUMMARY for MAY. 2013

NAME: N2KI - Skywarn Spotter ID 13-330NYC   CITY: Washingtonville STATE: NY
ELEV: 300ft LAT: 041:26:00 LONG: 0074:07:00

                            TEMPERATURE ( F), RAIN (in.), WIND SPEED (mph)

                                               HEAT     COOL           AVG
      MEAN                                     DEG      DEG            WIND                       DOM
DAY   TEMP    HIGH   TIME     LOW    TIME      DAYS     DAYS    RAIN   SPEED    HIGH    TIME      DIR
----------------------------------------------------------------------------------------------------------------------------------------------------------
01    55.9   071.4   14:27    35.6   06:18     09.0     00.0   00.00   01.0     16.1    16:06     SSW
02    60.8   078.8   17:30    38.8   06:27     04.2     00.0   00.00   00.6     13.8    23:51      W 
03    60.0   070.1   16:14    49.4   00:00     05.0     00.0   00.00   01.2     12.7    01:53      E 
04    56.6   074.2   16:34    39.8   06:24     08.3     00.0   00.00   00.7     11.5    21:03     SSE
05    53.2   070.2   16:58    37.0   06:20     11.7     00.0   00.00   00.7     10.3    19:25      SE
06    55.5   073.5   15:51    36.2   06:20     09.4     00.0   00.00   00.6     12.7    16:12     SSE
07    62.1   076.8   15:07    44.3   06:04     02.8     00.0   00.00   00.7     12.7    15:09     SSE
08    61.6   065.7   16:44    56.8   00:00     03.3     00.0   00.81   00.5     11.5    15:56     ENE
09    57.3   068.8   16:32    50.6   04:12     07.6     00.0   00.17   00.1     10.3    18:53      SE
10    65.4   078.0   16:02    50.4   05:29     00.0     00.5   00.01   00.6     17.3    21:02     WSW
11    65.6   070.4   17:46    61.4   03:25     00.0     00.7   00.34   00.6     14.9    13:33     WSW
12    58.6   064.5   15:27    45.9   00:00     06.4     00.0   00.00   01.6     24.1    16:31      W 
13    46.2   053.2   17:41    37.7   00:00     18.7     00.0   00.00   01.3     16.1    14:10      W 
14    47.3   060.4   17:29    35.3   02:09     17.6     00.0   00.00   00.7     16.1    17:41      W 
15    53.9   070.2   18:12    34.8   03:11     11.0     00.0   00.02   00.6     18.4    14:55     WSW
16    66.3   082.7   17:19    47.4   06:19     00.0     01.4   00.00   01.0     17.3    16:50      W 
17    58.4   070.9   16:34    46.1   06:20     06.6     00.0   00.00   00.2     08.1    14:14      SE
18    56.1   069.4   12:12    42.4   06:17     08.9     00.0   00.00   00.2     10.3    16:30      SW
19    57.6   060.1   16:15    55.0   01:49     07.3     00.0   00.05   00.1     09.2    14:52     WSW
20    68.3   082.5   17:53    57.4   06:01     00.0     03.3   00.00   00.3     09.2    15:55     WSW
21    75.9   089.9   15:38    59.9   06:17     00.0     10.9   00.00   00.6     10.3    21:24     WSW
22    74.7   083.8   16:41    68.5   07:46     00.0     09.8   00.00   00.6     13.8    22:34     WSW
23    68.4   074.8   00:32    63.5   04:13     00.0     03.5   00.93   00.2     10.3    13:11      W 
24    53.8   065.1   00:01    44.4   22:03     11.2     00.0   00.66   00.4     11.5    13:09     WSW
25    47.5   051.5   14:00    44.2   06:00     17.4     00.0   00.14   01.1     17.3    16:29      W 
26    53.2   064.1   17:40    42.5   00:00     11.7     00.0   00.00   01.3     20.7    09:46     WNW
27    57.6   075.9   17:49    40.4   05:21     07.3     00.0   00.00   00.6     11.5    15:28      W 
28    55.2   067.0   11:17    44.7   06:34     09.7     00.0   00.21   00.0     04.6    12:46     SSW
29    68.9   084.2   15:02    57.0   02:58     00.0     03.9   00.01   00.4     12.7    18:08      SW
30    76.3   090.3   14:37    62.0   06:13     00.0     11.4   00.01   00.2     11.5    15:18      W 
31    78.3   092.9   16:21    61.6   06:11     00.0     13.3   00.00   00.3     10.3    15:07     WSW
----------------------------------------------------------------------------------------------------------------------------------------------------------
60.5 (60.4)   92.9  day 31     34.8  day 15   195.3    058.7   03.36   00.6     24.2   day 14     WSW
Max >=  86: 3
Min <=  86: 31
Max Rain: 0.93 ON 23-05-13
Days of Rain: 12 (> .008in) 7 (> .08in) 2 (> 0.8in)