MONTHLY CLIMATOLOGICAL SUMMARY for MAY. 2010

NAME: N2KI Studio 1 - Bravo   CITY: Washingtonville STATE: New York
ELEV: 445 LAT: N41 25 29.5 LONG: W74 08 53.3

                            TEMPERATURE ( F), RAIN (in.), WIND SPEED (mph)

                                               HEAT     COOL           AVG
      MEAN                                     DEG      DEG            WIND                       DOM
DAY   TEMP    HIGH   TIME     LOW    TIME      DAYS     DAYS    RAIN   SPEED    HIGH    TIME      DIR
----------------------------------------------------------------------------------------------------------------------------------------------------------
01    70.2   091.3   16:21    49.7   06:38     00.0     05.3   00.00   01.2     16.1    19:57     WSW
02    77.5   090.7   14:11    63.2   06:52     00.0     12.6   00.00   01.7     23.0    17:27     WSW
03    70.9   079.7   18:14    57.6   00:00     00.0     05.9   00.40   01.7     23.0    12:56     WSW
04    62.7   077.3   11:53    51.8   00:00     02.3     00.0   00.20   01.2     26.4    14:39     WSW
05    64.7   081.4   16:20    46.0   06:33     00.3     00.0   00.00   01.6     17.3    17:44      SW
06    67.3   076.3   14:39    56.2   00:00     00.0     02.4   00.00   02.6     23.0    13:12      W 
07    60.3   075.1   17:45    45.6   06:53     04.6     00.0   00.00   01.2     14.9    13:31     WSW
08    61.2   073.5   14:35    48.2   00:00     03.7     00.0   00.00   04.0     35.6    19:45      W 
09    44.7   048.2   00:01    40.8   06:32     20.2     00.0   00.00   03.5     29.9    06:14      W 
10    47.7   059.2   16:52    34.8   06:15     17.3     00.0   00.00   01.6     23.0    16:31     WSW
11    46.3   055.6   16:41    31.2   06:26     18.6     00.0   00.00   00.4     11.5    11:56      SW
12    45.1   046.6   18:18    42.5   00:00     19.8     00.0   00.40   00.3     12.7    06:18     ENE
13    52.8   069.1   17:56    38.2   06:42     12.1     00.0   00.00   00.5     10.3    23:55      SW
14    66.1   080.5   17:30    53.7   02:48     00.0     01.2   00.20   01.7     17.3    09:57     WSW
15    63.2   071.6   17:44    49.4   00:00     01.8     00.0   00.00   01.6     23.0    10:41     WSW
16    58.0   074.2   18:44    44.8   06:00     07.0     00.0   00.00   00.4     06.9    15:13     NNW
17    58.6   073.4   15:52    41.1   06:22     06.3     00.0   00.00   00.2     08.1    13:36      SW
18    53.3   057.8   09:11    50.6   22:30     11.7     00.0   00.70   00.4     06.9    17:29      E 
19    56.8   064.4   16:27    50.8   00:13     08.1     00.0   00.10   00.3     06.9    11:05     ENE
20    66.4   084.5   18:41    50.9   06:34     00.0     01.4   00.00   00.6     11.5    17:09      SW
21    70.0   087.7   16:02    51.2   06:09     00.0     05.1   00.00   00.5     12.7    18:50     SSW
22    65.8   074.4   17:03    55.7   06:25     00.0     00.8   00.00   00.5     09.2    17:40     ENE
23    66.4   074.0   17:12    60.6   00:00     00.0     01.5   00.00   00.4     08.1    04:49      E 
24    67.9   079.1   16:03    57.9   02:13     00.0     02.9   00.00   00.4     06.9    16:07      SE
25    73.7   089.5   16:22    58.4   04:33     00.0     08.7   00.00   00.4     06.9    07:20     WSW
26    78.5   095.7   17:44    60.8   05:56     00.0     13.6   00.00   00.3     08.1    16:44     WSW
27    70.1   079.1   12:47    59.2   00:00     00.0     05.1   00.10   00.4     10.3    21:24     SSE
28    64.3   074.8   16:55    54.5   04:20     00.7     00.0   00.00   00.4     11.5    18:19      W 
29    69.3   080.1   17:32    59.5   02:33     00.0     04.4   00.00   00.8     18.4    19:07     WSW
30    72.6   085.7   17:03    59.3   06:07     00.0     07.7   00.00   00.6     14.9    15:02     WSW
31    71.2   086.8   13:33    58.4   06:07     00.0     06.3   00.00   00.5     11.5    14:30      S 
----------------------------------------------------------------------------------------------------------------------------------------------------------
63.3 (63.2)   95.7  day 26     31.2  day 11   134.6    084.9   01.98   01.0     35.7   day 08     WSW
Max >=  86: 6
Min <=  86: 31
Max Rain: 0.70 ON 18-05-11
Days of Rain: 7 (> .008in) 7 (> .08in) 0 (> 0.8in)