MONTHLY CLIMATOLOGICAL SUMMARY for MAY. 2009

NAME: N2KI Studio 1 - Bravo   CITY: Washingtonville STATE: New York
ELEV: 445 LAT: N41 25 29.5 LONG: W74 08 53.3

                            TEMPERATURE ( F), RAIN (in.), WIND SPEED (mph)

                                               HEAT     COOL           AVG
      MEAN                                     DEG      DEG            WIND                       DOM
DAY   TEMP    HIGH   TIME     LOW    TIME      DAYS     DAYS    RAIN   SPEED    HIGH    TIME      DIR
----------------------------------------------------------------------------------------------------------------------------------------------------------
01    62.4   067.6   11:36    54.7   01:59     02.6     00.0   00.10   03.1     23.0    12:37     WSW
02    58.9   067.2   17:49    46.6   00:00     06.0     00.0   00.10   01.8     24.1    02:31     WSW
03    51.9   058.5   16:07    42.8   05:38     13.1     00.0   00.10   00.3     04.6    17:02     WSW
04    54.9   060.4   14:38    50.4   06:19     10.1     00.0   00.10   00.2     04.6    14:49      W 
05    52.5   056.6   09:25    50.8   00:00     12.4     00.0   00.10   01.1     11.5    09:25     ENE
06    56.6   065.5   14:30    49.4   06:30     08.4     00.0   00.60   00.7     08.1    13:50     ENE
07    62.6   075.0   14:22    53.0   02:21     02.3     00.0   00.80   01.4     20.7    11:12     WSW
08    63.6   077.5   16:57    48.0   06:28     01.3     00.0   00.00   01.0     12.7    13:42     WSW
09    67.3   079.6   16:11    60.2   06:34     00.0     02.4   00.10   01.7     20.7    22:38     WSW
10    59.2   067.4   16:05    49.9   00:00     05.7     00.0   00.00   03.2     24.1    08:53      W 
11    54.3   068.0   17:38    41.6   05:14     10.7     00.0   00.00   01.3     13.8    08:36     WSW
12    52.5   067.1   15:25    38.1   06:11     12.4     00.0   00.00   00.9     16.1    15:54     WNW
13    56.1   071.3   15:44    37.6   06:17     08.8     00.0   00.00   01.5     16.1    19:31     WSW
14    60.5   067.7   15:29    56.1   03:22     04.5     00.0   00.70   02.2     23.0    08:44     SSW
15    67.7   081.2   17:44    57.9   05:33     00.0     02.8   00.00   00.7     08.1    16:44     WSW
16    63.3   069.9   20:54    53.4   05:50     01.6     00.0   00.30   01.0     13.8    21:26     WSW
17    56.1   066.5   00:01    46.0   00:00     08.9     00.0   00.70   01.4     13.8    10:51     WSW
18    48.8   056.4   16:47    38.6   00:00     16.1     00.0   00.00   00.5     08.1    14:28     NNW
19    54.0   073.6   18:45    32.4   05:45     11.0     00.0   00.00   01.0     10.3    14:09      W 
20    66.7   085.2   17:18    44.6   06:01     00.0     01.8   00.00   01.3     11.5    16:51     WSW
21    71.8   088.6   16:15    49.6   06:07     00.0     06.8   00.00   01.9     18.4    15:58     WSW
22    71.9   087.3   15:06    51.2   06:18     00.0     06.9   00.00   01.0     11.5    16:25     WSW
23    64.8   070.8   13:08    55.8   00:00     00.1     00.0   00.00   00.5     09.2    13:18      E 
24    66.6   083.0   15:41    54.2   02:03     00.0     01.7   00.30   01.0     12.7    10:52      W 
25    68.0   079.7   16:57    57.6   00:00     00.0     03.0   00.00   00.5     08.1    12:20     SSW
26    55.3   063.0   12:53    46.0   06:26     09.7     00.0   00.10   01.0     11.5    13:16      E 
27    56.6   067.3   18:21    47.2   01:00     08.3     00.0   00.00   00.2     05.8    14:00     SSW
28    62.6   071.5   11:53    57.8   00:00     02.3     00.0   00.00   00.6     10.3    20:57      SE
29    64.2   077.3   16:47    56.0   06:23     00.8     00.0   00.10   00.8     09.2    18:32     WSW
30    65.4   076.5   18:05    53.1   06:40     00.0     00.5   00.00   01.3     17.3    10:45     WSW
31    61.6   077.6   12:53    46.1   06:04     03.3     00.0   00.00   01.4     23.0    11:56     WSW
----------------------------------------------------------------------------------------------------------------------------------------------------------
60.6 (60.5)   88.6  day 21     32.4  day 19   160.2    025.9   04.27   01.2     24.2   day 09     WSW
Max >=  86: 2
Min <=  86: 31
Max Rain: 0.80 ON 7-05-11
Days of Rain: 14 (> .008in) 14 (> .08in) 1 (> 0.8in)