MONTHLY CLIMATOLOGICAL SUMMARY for APR. 2022

NAME: N2KI - Skywarn Spotter ID 15-360NYC   CITY: Washingtonville STATE: NY
ELEV: 300ft LAT: 041:26:00 LONG: 0074:07:00

                            TEMPERATURE ( F), RAIN (in.), WIND SPEED (mph)

                                               HEAT     COOL           AVG
      MEAN                                     DEG      DEG            WIND                       DOM
DAY   TEMP    HIGH   TIME     LOW    TIME      DAYS     DAYS    RAIN   SPEED    HIGH    TIME      DIR
--------------------------------------------------------------------------------------------------------
01    47.2   057.2   00:11    39.9   00:00     17.8     00.0   00.30   02.6     19.6    19:26      W 
02    42.2   052.6   17:12    35.6   07:53     22.7     00.0   00.00   02.8     18.4    06:00     WNW
03    37.8   043.1   09:59    33.9   02:32     27.2     00.0   00.10   00.4     11.5    20:41     WSW
04    43.5   053.5   16:30    33.6   07:12     21.5     00.0   00.00   01.8     17.3    16:31     WNW
05    44.3   060.1   15:13    29.8   06:22     20.7     00.0   00.00   00.7     14.9    16:16     SSW
06    47.6   050.8   19:07    44.3   04:57     17.3     00.0   00.31   01.3     10.3    12:47     ENE
07    47.9   050.2   21:24    45.7   09:58     17.0     00.0   01.04   02.2     29.9    21:01     ESE
08    51.8   061.6   16:19    44.2   00:00     13.2     00.0   00.22   01.6     12.7    13:34     WNW
09    45.5   054.1   16:11    38.8   00:00     19.4     00.0   00.36   00.8     14.9    16:10      W 
10    41.8   046.5   17:49    36.1   06:43     23.1     00.0   00.00   02.5     16.1    16:35     WNW
11    48.5   065.0   16:32    29.1   06:56     16.5     00.0   00.00   01.0     11.5    17:53     WSW
12    57.2   071.0   18:02    46.1   00:00     07.7     00.0   00.10   01.0     12.7    16:15      W 
13    60.9   077.9   16:51    39.4   04:51     04.1     00.0   00.00   01.0     19.6    13:10      SW
14    69.1   085.5   14:34    55.4   00:00     00.0     04.2   00.07   01.5     25.3    16:37      W 
15    56.6   069.2   16:05    37.7   06:56     08.4     00.0   00.00   02.1     17.3    21:15     WSW
16    56.1   068.2   13:40    41.3   00:00     08.8     00.0   00.23   02.1     19.6    12:56     WSW
17    40.6   047.4   15:09    32.9   00:00     24.3     00.0   00.01   02.2     18.4    12:53     WNW
18    39.9   053.5   13:36    26.9   06:43     25.0     00.0   00.33   01.5     21.9    15:04     ESE
19    41.1   047.8   16:49    35.4   00:33     23.8     00.0   01.03   03.8     28.8    13:52      W 
20    46.6   056.4   18:07    37.6   00:00     18.3     00.0   00.00   03.0     17.3    08:55     WNW
21    49.4   061.4   12:59    33.1   04:23     15.5     00.0   00.00   01.4     19.6    14:50      SW
22    54.5   066.1   16:12    39.7   06:43     10.5     00.0   00.00   01.6     16.1    10:42     WNW
23    52.0   064.9   17:02    36.1   06:23     12.9     00.0   00.00   00.5     08.1    16:43      E 
24    55.7   066.5   15:22    43.6   06:35     09.3     00.0   00.00   01.1     14.9    13:18      SE
25    52.1   061.0   15:19    40.5   06:27     12.9     00.0   00.00   00.8     11.5    16:11     SSE
26    53.5   056.2   13:54    51.5   10:33     11.4     00.0   00.11   00.1     08.1    00:22      W 
27    46.4   054.1   00:23    38.3   00:00     18.5     00.0   00.04   03.9     20.7    18:57     WNW
28    45.1   055.2   16:20    37.3   05:50     19.8     00.0   00.00   04.0     23.0    16:41      NW
29    48.2   061.0   16:36    33.5   05:16     16.7     00.0   00.00   02.5     17.3    14:34      NW
30    49.8   065.7   16:14    30.5   06:29     15.2     00.0   00.00   01.0     10.3    12:44     NNE
--------------------------------------------------------------------------------------------------------
49.1 (48.9)   85.5  day 14     26.9  day 18   479.4    004.2   04.25   01.8     29.9   day 07      W 
Min <=  86: 30
Max Rain: 1.04 ON 7-04-22
Days of Rain: 14 (> .008in) 11 (> .08in) 2 (> 0.8in)