MONTHLY CLIMATOLOGICAL SUMMARY for APR. 2021

NAME: N2KI - Skywarn Spotter ID 15-360NYC   CITY: Washingtonville STATE: NY
ELEV: 300ft LAT: 041:26:00 LONG: 0074:07:00

                            TEMPERATURE ( F), RAIN (in.), WIND SPEED (mph)

                                               HEAT     COOL           AVG
      MEAN                                     DEG      DEG            WIND                       DOM
DAY   TEMP    HIGH   TIME     LOW    TIME      DAYS     DAYS    RAIN   SPEED    HIGH    TIME      DIR
--------------------------------------------------------------------------------------------------------
01    42.5   058.8   00:12    35.6   00:00     22.5     00.0   00.23   01.9     11.5    16:29      NW
02    31.5   036.6   19:14    24.7   07:12     33.5     00.0   00.00   02.4     11.5    05:27      NW
03    37.3   054.3   18:06    24.0   04:35     27.6     00.0   00.00   01.0     08.1    12:48      W 
04    46.8   062.3   17:12    29.4   01:58     18.1     00.0   00.00   00.8     08.1    18:41     WNW
05    53.6   066.5   16:22    39.9   07:05     11.3     00.0   00.00   01.7     11.5    16:32     WNW
06    50.1   069.3   16:03    30.1   07:05     14.8     00.0   00.00   00.8     06.9    13:01      NW
07    52.5   070.6   17:01    34.4   05:45     12.4     00.0   00.00   00.6     06.9    16:46     ENE
08    58.0   074.4   16:26    37.7   07:05     06.9     00.0   00.00   00.9     11.5    20:07     SSW
09    55.4   067.7   14:04    40.7   07:02     09.5     00.0   00.00   00.7     09.2    13:39     SSW
10    60.2   071.4   14:50    51.8   06:49     04.7     00.0   00.00   00.9     10.3    15:41     WSW
11    54.9   062.2   11:15    48.4   00:00     10.0     00.0   00.17   01.0     11.5    20:22     ENE
12    47.4   052.3   14:31    44.1   05:31     17.5     00.0   00.31   00.7     06.9    22:53      NE
13    51.0   065.8   18:12    37.3   07:07     13.9     00.0   00.00   00.5     06.9    14:39      NE
14    56.7   070.7   16:08    38.9   06:53     08.3     00.0   00.00   00.8     09.2    16:17      W 
15    52.1   058.4   00:07    41.1   00:00     12.8     00.0   00.56   00.8     06.9    20:37     SSW
16    41.9   049.4   13:46    37.3   07:07     23.0     00.0   00.23   00.9     09.2    14:29      N 
17    45.3   052.4   16:00    39.0   02:03     19.6     00.0   00.03   00.6     06.9    12:20      N 
18    50.9   059.7   14:16    41.5   06:46     14.0     00.0   00.00   00.6     08.1    12:13      W 
19    51.9   065.0   12:35    38.5   06:43     13.1     00.0   00.00   00.5     09.2    17:33     WSW
20    55.6   072.8   17:44    36.0   06:26     09.3     00.0   00.00   01.1     10.3    14:05     WSW
21    46.3   068.0   13:40    36.3   00:00     18.7     00.0   00.42   02.0     14.9    20:52     NNW
22    37.8   044.6   16:20    32.4   06:25     27.1     00.0   00.00   03.2     18.4    09:42      W 
23    47.4   062.7   17:46    33.2   06:31     17.6     00.0   00.00   02.1     11.5    17:48      W 
24    55.7   071.0   15:41    34.7   06:30     09.3     00.0   00.00   01.0     08.1    15:05      W 
25    53.9   062.2   18:49    47.9   07:21     11.0     00.0   00.16   00.6     08.1    20:25      W 
26    48.1   059.5   17:33    37.6   06:29     16.8     00.0   00.00   02.0     11.5    14:54     WNW
27    55.0   072.8   17:56    36.7   03:11     10.0     00.0   00.00   00.7     06.9    18:02      W 
28    65.0   086.6   15:30    46.2   06:28     00.0     00.0   00.17   00.7     10.3    20:09      SW
29    66.0   072.3   23:04    58.8   01:48     00.0     01.1   00.17   00.5     10.3    18:31     WSW
30    58.2   069.6   00:03    43.7   23:37     06.8     00.0   00.00   02.6     16.1    22:37     WNW
--------------------------------------------------------------------------------------------------------
51.0 (51.1)   86.6  day 28     24.0  day 03   420.1    001.1   02.45   01.1     18.4   day 22     WNW
Max >=  86: 1
Min <=  86: 30
Max Rain: 0.56 ON 15-04-21
Days of Rain: 10 (> .008in) 9 (> .08in) 0 (> 0.8in)