MONTHLY CLIMATOLOGICAL SUMMARY for APR. 2020

NAME: N2KI - Skywarn Spotter ID 15-360NYC   CITY: Washingtonville STATE: NY
ELEV: 300ft LAT: 041:26:00 LONG: 0074:07:00

                            TEMPERATURE ( F), RAIN (in.), WIND SPEED (mph)

                                               HEAT     COOL           AVG
      MEAN                                     DEG      DEG            WIND                       DOM
DAY   TEMP    HIGH   TIME     LOW    TIME      DAYS     DAYS    RAIN   SPEED    HIGH    TIME      DIR
--------------------------------------------------------------------------------------------------------
01    43.6   053.9   17:57    35.4   07:07     21.4     00.0   00.00   01.6     12.7    14:08      NE
02    44.8   056.0   15:54    29.6   05:08     20.2     00.0   00.00   02.4     16.1    16:24      NW
03    48.1   052.7   17:09    42.8   06:51     16.8     00.0   00.02   02.5     12.7    18:47     NNE
04    53.7   063.2   16:54    46.4   07:28     11.2     00.0   00.00   01.8     11.5    10:32     ENE
05    55.4   066.2   14:26    44.0   04:32     09.6     00.0   00.00   00.7     09.2    12:38     WSW
06    53.1   065.2   16:06    39.9   07:21     11.8     00.0   00.06   01.1     09.2    18:59      NW
07    55.6   069.4   16:44    40.2   01:36     09.4     00.0   00.00   01.3     11.5    15:42     WSW
08    50.8   058.9   18:07    41.8   00:00     14.1     00.0   00.07   00.9     06.9    16:17     ENE
09    46.9   054.8   12:24    38.1   02:29     18.1     00.0   00.25   02.4     24.1    14:32     WSW
10    41.3   045.1   13:44    36.8   05:40     23.7     00.0   00.00   04.5     24.1    10:13      W 
11    43.1   053.1   16:41    34.1   00:00     21.8     00.0   00.00   02.8     14.9    15:55      W 
12    48.5   064.9   17:09    27.2   06:32     16.4     00.0   00.00   01.6     19.6    21:47     SSW
13    60.5   066.5   18:32    52.8   00:00     04.5     00.0   00.78   04.5     31.1    10:12     SSW
14    48.7   054.9   16:21    42.4   06:29     16.3     00.0   00.00   02.0     14.9    00:05      W 
15    43.2   050.9   17:42    33.2   23:34     21.7     00.0   00.00   02.1     16.1    17:07     WNW
16    40.4   046.4   15:18    33.0   00:00     24.5     00.0   00.00   02.9     18.4    13:42     WNW
17    37.7   048.7   14:22    26.7   06:27     27.3     00.0   00.15   02.1     17.3    11:42     WSW
18    38.1   044.4   15:14    31.3   00:00     26.9     00.0   00.34   01.5     11.5    12:44     NNE
19    47.0   062.4   16:12    27.6   05:37     17.9     00.0   00.00   02.7     19.6    14:57     WSW
20    46.2   055.6   17:29    34.9   00:00     18.7     00.0   00.00   01.4     10.3    12:56     ENE
21    42.2   052.6   11:32    30.1   03:47     22.7     00.0   00.19   02.1     17.3    18:57     WSW
22    39.3   047.5   17:52    31.6   06:36     25.6     00.0   00.00   03.8     25.3    16:24      W 
23    38.8   047.5   18:07    27.2   05:06     26.2     00.0   00.00   00.8     06.9    09:43     WSW
24    42.2   049.5   18:54    36.9   00:00     22.8     00.0   00.36   01.2     10.3    13:00     ENE
25    50.7   064.9   14:28    34.7   02:11     14.2     00.0   00.00   01.0     09.2    19:25      SE
26    45.3   051.2   00:05    38.4   23:59     19.6     00.0   00.40   02.4     14.9    17:36      NE
27    42.4   048.3   14:47    38.1   00:53     22.5     00.0   00.01   03.0     14.9    17:50      NE
28    50.9   066.2   18:15    38.3   06:19     14.0     00.0   00.00   01.4     10.3    09:41      N 
29    47.9   056.7   14:02    36.4   06:16     17.0     00.0   00.00   01.8     18.4    14:20     ENE
30    53.5   061.7   17:41    44.8   04:38     11.5     00.0   00.89   04.4     31.1    15:58      E 
--------------------------------------------------------------------------------------------------------
46.7 (46.2)   69.4  day 07     26.7  day 17   548.3    000.0   03.54   02.2     31.1   day 13     WNW
Min <=  86: 30
Max Rain: 0.89 ON 30-04-20
Days of Rain: 12 (> .008in) 8 (> .08in) 1 (> 0.8in)