MONTHLY CLIMATOLOGICAL SUMMARY for APR. 2019

NAME: N2KI - Skywarn Spotter ID 15-360NYC   CITY: Washingtonville STATE: NY
ELEV: 300ft LAT: 041:26:00 LONG: 0074:07:00

                            TEMPERATURE ( F), RAIN (in.), WIND SPEED (mph)

                                               HEAT     COOL           AVG
      MEAN                                     DEG      DEG            WIND                       DOM
DAY   TEMP    HIGH   TIME     LOW    TIME      DAYS     DAYS    RAIN   SPEED    HIGH    TIME      DIR
--------------------------------------------------------------------------------------------------------
01    35.2   043.3   17:47    27.2   00:00     29.7     00.0   00.00   03.3     24.1    01:27     WNW
02    37.3   051.2   15:56    21.2   06:44     27.6     00.0   00.00   01.3     17.3    11:43      S 
03    49.4   063.9   16:32    33.1   07:29     15.5     00.0   00.00   03.9     33.4    16:45      W 
04    43.5   054.4   16:09    31.4   05:38     21.5     00.0   00.00   02.4     23.0    13:38     WNW
05    35.8   039.8   12:10    33.4   04:31     29.2     00.0   00.30   00.2     05.8    11:17     ESE
06    47.6   064.0   16:01    34.9   03:40     17.3     00.0   00.03   01.1     16.1    16:20      W 
07    53.7   069.9   15:47    34.9   06:42     11.3     00.0   00.00   01.3     17.3    17:23      SW
08    61.8   075.3   18:27    51.3   04:51     03.2     00.0   00.10   01.1     14.9    14:09      SW
09    51.0   059.5   11:12    44.9   00:00     13.9     00.0   00.03   01.0     19.6    15:40      SE
10    46.9   053.5   15:45    37.8   23:57     18.1     00.0   00.00   02.3     19.6    10:29     WNW
11    42.5   050.1   17:50    35.9   04:52     22.5     00.0   00.00   00.5     09.2    01:47     ENE
12    51.8   062.7   16:50    40.7   00:30     13.1     00.0   00.35   00.2     11.5    21:44     ESE
13    64.9   076.7   15:53    53.7   00:00     00.0     00.0   00.88   01.0     17.3    15:05     WSW
14    61.2   072.8   14:23    50.3   06:48     03.7     00.0   00.03   01.0     16.1    00:00     SSE
15    55.0   069.0   04:06    42.6   20:50     09.9     00.0   00.59   04.6     26.4    20:28      W 
16    50.2   062.0   17:13    39.6   06:45     14.7     00.0   00.00   03.8     21.9    13:01     WNW
17    52.9   064.2   17:50    40.6   06:57     12.0     00.0   00.01   00.8     11.5    22:26     WNW
18    52.0   057.1   19:09    47.0   05:41     13.0     00.0   00.01   00.7     14.9    12:30     ESE
19    67.8   078.6   14:23    47.0   01:11     00.0     02.9   00.06   02.7     21.9    14:22     SSW
20    65.4   069.2   13:06    58.1   23:40     00.0     00.5   00.45   03.4     24.1    11:04      S 
21    58.1   065.9   16:46    51.1   00:00     06.9     00.0   00.00   00.5     14.9    00:03     SSE
22    56.8   065.4   17:02    47.5   06:16     08.1     00.0   00.01   00.5     11.5    19:05     ENE
23    63.0   078.8   15:33    47.1   06:45     02.0     00.0   00.02   00.4     12.7    18:13     SSW
24    59.6   067.1   00:44    47.8   00:00     05.3     00.0   00.00   02.4     24.1    11:48     WNW
25    54.6   070.2   15:19    39.4   07:06     10.4     00.0   00.00   00.4     12.7    12:57      W 
26    55.2   057.3   17:31    52.3   00:00     09.7     00.0   00.42   01.3     19.6    23:59     ENE
27    46.8   052.3   00:02    39.8   00:00     18.2     00.0   00.29   03.4     32.2    13:46      W 
28    43.6   046.7   19:14    39.0   00:00     21.3     00.0   00.06   00.1     05.8    03:48     WSW
29    46.4   059.7   17:33    30.6   06:41     18.5     00.0   00.03   00.6     12.7    21:57     WSW
30    51.4   062.0   15:41    45.4   05:45     13.5     00.0   00.09   00.4     12.7    15:27     WSW
--------------------------------------------------------------------------------------------------------
52.0 (51.8)   78.8  day 23     21.2  day 02   390.2    003.3   03.76   01.6     33.4   day 03      W 
Min <=  86: 30
Min <=  23: 1
Max Rain: 0.88 ON 13-04-19
Days of Rain: 19 (> .008in) 9 (> .08in) 1 (> 0.8in)