MONTHLY CLIMATOLOGICAL SUMMARY for APR. 2018

NAME: N2KI - Skywarn Spotter ID 15-360NYC   CITY: Washingtonville STATE: NY
ELEV: 300ft LAT: 041:26:00 LONG: 0074:07:00

                            TEMPERATURE ( F), RAIN (in.), WIND SPEED (mph)

                                               HEAT     COOL           AVG
      MEAN                                     DEG      DEG            WIND                       DOM
DAY   TEMP    HIGH   TIME     LOW    TIME      DAYS     DAYS    RAIN   SPEED    HIGH    TIME      DIR
--------------------------------------------------------------------------------------------------------
01    46.5   052.4   10:40    34.7   23:28     18.5     00.0   00.00   02.7     17.3    17:43      W 
02    35.1   044.1   18:23    29.4   07:24     29.9     00.0   00.28   00.3     10.3    17:46      SE
03    35.2   038.9   16:25    28.8   07:05     29.7     00.0   00.50   00.1     09.2    10:52      SW
04    43.6   054.9   16:33    38.0   00:51     21.3     00.0   00.03   03.3     35.6    16:44      W 
05    35.0   040.9   16:21    27.4   00:00     29.9     00.0   00.00   04.0     20.7    09:12     WNW
06    37.6   055.5   18:46    23.6   04:00     27.4     00.0   00.01   00.7     17.3    18:20      W 
07    38.5   044.4   15:38    30.4   00:00     26.4     00.0   00.01   02.1     14.9    05:46      NW
08    32.8   040.5   15:30    24.2   07:12     32.1     00.0   00.00   01.6     16.1    17:24     NNW
09    36.5   046.5   15:47    25.4   04:47     28.5     00.0   00.00   00.8     11.5    13:56     WSW
10    38.9   047.0   18:06    28.9   00:00     26.1     00.0   00.01   00.6     12.7    17:41     WNW
11    37.7   050.0   17:40    22.3   06:47     27.3     00.0   00.00   01.0     17.3    17:39      W 
12    48.4   060.9   17:08    30.8   05:17     16.6     00.0   00.02   00.9     19.6    18:39      SW
13    63.7   082.1   17:47    44.9   03:39     01.3     00.0   00.00   00.6     13.8    16:39     WSW
14    52.7   066.6   15:50    39.3   23:08     12.2     00.0   00.00   02.2     18.4    18:17     ENE
15    38.5   041.6   16:19    33.5   23:27     26.4     00.0   00.05   02.7     17.3    18:31     ENE
16    43.7   059.0   16:53    33.7   00:15     21.2     00.0   01.27   03.6     23.0    20:37     ENE
17    40.1   044.2   12:05    34.0   00:00     24.8     00.0   00.05   03.0     21.9    19:06      W 
18    40.2   049.4   16:47    32.3   02:14     24.8     00.0   00.00   02.1     19.6    13:16      W 
19    38.9   044.2   18:09    34.6   00:01     26.1     00.0   00.18   01.2     19.6    17:21     WNW
20    39.4   046.4   16:04    32.7   23:56     25.5     00.0   00.00   02.7     17.3    17:13      NW
21    44.9   060.2   16:38    29.1   03:35     20.1     00.0   00.00   01.4     17.3    11:07      NW
22    48.0   065.6   18:09    27.7   06:39     17.0     00.0   00.00   00.7     13.8    14:23     NNW
23    51.3   070.1   15:40    29.6   06:42     13.6     00.0   00.00   00.8     14.9    20:20     SSW
24    52.9   066.3   14:00    33.8   06:33     12.0     00.0   00.01   01.6     17.3    16:27     SSW
25    54.5   060.3   18:20    48.2   02:49     10.4     00.0   00.17   00.3     11.5    00:10      E 
26    57.1   066.2   16:38    46.2   00:00     07.8     00.0   00.03   01.9     20.7    09:36      W 
27    48.0   051.2   15:09    43.1   02:58     16.9     00.0   00.14   00.1     04.6    16:29     ENE
28    56.0   071.8   15:42    43.8   06:36     08.9     00.0   00.31   01.1     20.7    17:03      SW
29    48.3   052.6   14:38    43.2   00:00     16.7     00.0   00.04   02.3     18.4    14:25      W 
30    43.7   047.4   17:49    38.5   10:57     21.3     00.0   00.08   02.2     17.3    13:17      W 
--------------------------------------------------------------------------------------------------------
44.3 (43.9)   82.1  day 13     22.3  day 11   620.6    000.0   03.19   01.6     35.7   day 04      W 
Min <=  86: 30
Min <=  23: 1
Max Rain: 1.27 ON 16-04-18
Days of Rain: 18 (> .008in) 8 (> .08in) 1 (> 0.8in)