MONTHLY CLIMATOLOGICAL SUMMARY for APR. 2017

NAME: N2KI - Skywarn Spotter ID 15-360NYC   CITY: Washingtonville STATE: NY
ELEV: 300ft LAT: 041:26:00 LONG: 0074:07:00

                            TEMPERATURE ( F), RAIN (in.), WIND SPEED (mph)

                                               HEAT     COOL           AVG
      MEAN                                     DEG      DEG            WIND                       DOM
DAY   TEMP    HIGH   TIME     LOW    TIME      DAYS     DAYS    RAIN   SPEED    HIGH    TIME      DIR
--------------------------------------------------------------------------------------------------------
01    39.1   045.6   17:32    34.3   03:33     25.8     00.0   00.04   02.6     13.8    12:42      NE
02    47.3   060.6   16:20    30.9   07:05     17.6     00.0   00.00   01.2     19.6    14:48     WNW
03    49.6   067.3   15:48    33.0   07:17     15.3     00.0   00.00   01.1     21.9    20:35     SSW
04    48.4   051.1   00:02    45.8   03:20     16.5     00.0   00.35   01.1     25.3    02:37     ENE
05    52.2   062.2   17:22    45.5   07:40     12.7     00.0   00.00   00.6     11.5    23:50     ENE
06    43.2   049.6   00:00    39.7   10:44     21.7     00.0   00.42   02.1     18.4    00:25     ENE
07    44.5   050.2   01:16    38.9   00:00     20.5     00.0   00.00   03.6     20.7    17:55      W 
08    44.2   053.9   17:00    37.9   00:00     20.7     00.0   00.00   03.1     24.1    12:31     WNW
09    51.2   070.3   16:58    30.5   06:56     13.8     00.0   00.00   00.9     14.9    13:50     WSW
10    63.8   081.6   16:29    41.2   07:11     01.1     00.0   00.00   01.1     17.3    16:43      SW
11    72.2   088.4   15:57    50.3   07:15     00.0     07.2   00.00   01.3     14.9    17:20     WSW
12    60.1   072.0   17:12    51.1   06:58     04.8     00.0   00.10   00.6     12.7    17:43     NNW
13    51.1   062.4   16:52    42.6   00:00     13.8     00.0   00.00   01.4     19.6    11:11      NW
14    49.7   065.3   18:21    34.0   04:36     15.3     00.0   00.00   00.4     09.2    14:07     ENE
15    54.6   067.6   14:48    35.7   06:46     10.3     00.0   00.00   01.4     17.3    14:34     SSW
16    68.5   084.7   14:39    52.7   03:17     00.0     03.5   00.16   02.4     26.4    19:05     WSW
17    62.4   070.6   16:09    54.2   00:00     02.6     00.0   00.00   01.6     21.9    12:55     WNW
18    51.8   064.0   17:25    37.2   06:40     13.2     00.0   00.00   01.1     19.6    20:58      NE
19    48.2   057.3   14:39    43.7   07:26     16.8     00.0   00.06   01.7     21.9    13:17      S 
20    55.2   065.8   17:41    47.2   01:21     09.8     00.0   00.28   00.4     11.5    20:53      S 
21    52.4   055.1   16:43    49.2   07:46     12.5     00.0   00.33   00.3     10.3    02:53     ESE
22    51.5   055.7   18:15    44.6   00:00     13.4     00.0   00.01   00.1     06.9    18:33      E 
23    52.9   069.9   17:33    34.1   06:32     12.0     00.0   00.00   00.3     08.1    23:03      W 
24    56.1   068.0   13:42    39.6   06:35     08.9     00.0   00.00   00.2     09.2    19:50     SSW
25    52.0   056.4   00:01    48.2   08:07     13.0     00.0   00.30   01.4     11.5    22:45     ENE
26    55.7   060.7   17:08    51.0   00:37     09.2     00.0   00.10   00.5     09.2    11:13     ENE
27    62.2   069.4   14:53    57.0   05:58     02.7     00.0   00.00   00.5     14.9    17:21     ESE
28    69.8   086.5   15:58    58.4   02:15     00.0     04.9   00.00   00.7     14.9    17:57     WSW
29    68.8   081.2   15:42    58.2   06:09     00.0     03.9   00.00   01.6     24.1    15:23      W 
30    55.7   062.3   00:02    51.9   07:28     09.2     00.0   00.00   00.7     11.5    08:46      E 
--------------------------------------------------------------------------------------------------------
54.5 (54.6)   88.4  day 11     30.5  day 09   333.2    019.5   02.16   01.2     26.5   day 16      W 
Max >=  86: 2
Min <=  86: 30
Max Rain: 0.42 ON 6-04-17
Days of Rain: 11 (> .008in) 8 (> .08in) 0 (> 0.8in)