MONTHLY CLIMATOLOGICAL SUMMARY for APR. 2016

NAME: N2KI - Skywarn Spotter ID 13-330NYC   CITY: Washingtonville STATE: NY
ELEV: 300ft LAT: 041:26:00 LONG: 0074:07:00

                            TEMPERATURE ( F), RAIN (in.), WIND SPEED (mph)

                                               HEAT     COOL           AVG
      MEAN                                     DEG      DEG            WIND                       DOM
DAY   TEMP    HIGH   TIME     LOW    TIME      DAYS     DAYS    RAIN   SPEED    HIGH    TIME      DIR
--------------------------------------------------------------------------------------------------------
01    68.4   077.6   15:54    54.8   00:00     00.0     03.4   00.02   03.2     26.4    15:49     WSW
02    50.3   056.5   16:43    43.1   00:00     14.6     00.0   00.11   01.0     17.3    16:45      W 
03    33.4   043.0   00:01    29.4   08:43     31.6     00.0   00.22   03.3     26.4    16:02     WNW
04    30.0   032.3   15:01    26.0   00:00     35.0     00.0   00.08   00.2     06.9    13:32     ENE
05    29.5   039.7   17:46    21.9   07:05     35.4     00.0   00.04   01.9     16.1    10:24     NNE
06    35.0   047.1   14:25    18.6   07:02     30.0     00.0   00.00   01.6     19.6    15:50     SSW
07    52.1   061.1   12:15    44.4   00:01     12.9     00.0   00.16   02.6     26.4    14:51     SSW
08    41.7   050.3   00:09    29.8   00:00     23.3     00.0   00.00   02.6     19.6    12:15      W 
09    35.6   042.9   17:56    24.6   05:50     29.3     00.0   00.00   01.0     11.5    23:54     NNW
10    38.9   050.0   17:28    27.6   06:28     26.0     00.0   00.00   01.4     17.3    14:30     WSW
11    48.2   060.6   16:53    42.0   05:47     16.8     00.0   00.06   01.0     12.7    12:00     WSW
12    51.1   056.4   03:48    38.6   00:00     13.8     00.0   00.22   01.8     19.6    15:56     WNW
13    41.9   055.1   17:10    28.0   06:53     23.0     00.0   00.00   00.8     10.3    14:22     ESE
14    46.6   059.5   16:33    34.9   02:48     18.3     00.0   00.00   00.9     11.5    14:52     ENE
15    47.1   063.8   16:56    30.1   05:26     17.8     00.0   00.00   00.5     10.3    12:40     ENE
16    50.3   065.2   16:50    34.8   07:04     14.7     00.0   00.00   00.9     11.5    16:50     ENE
17    54.1   074.9   17:32    32.7   06:36     10.8     00.0   00.00   00.4     10.3    15:45     ENE
18    60.3   080.6   17:55    37.7   06:44     04.7     00.0   00.00   00.5     09.2    13:45      SE
19    59.2   067.8   16:12    49.1   02:24     05.8     00.0   00.00   02.0     16.1    08:30     NNW
20    52.3   064.4   18:02    37.2   06:43     12.6     00.0   00.00   01.3     13.8    11:48      NE
21    57.7   076.0   16:09    33.5   06:36     07.2     00.0   00.00   01.6     18.4    14:19     WSW
22    69.4   079.7   16:17    56.2   06:43     00.0     04.4   00.00   00.9     13.8    14:12     WSW
23    60.4   065.2   15:45    49.3   00:00     04.5     00.0   00.01   01.5     12.7    15:59     NNE
24    51.4   064.4   17:04    34.1   06:29     13.6     00.0   00.00   00.7     09.2    08:18     ENE
25    56.7   070.8   17:03    46.5   06:42     08.3     00.0   00.00   00.4     08.1    19:05     ENE
26    48.8   053.2   01:32    44.2   00:00     16.1     00.0   00.27   00.6     11.5    19:21      NE
27    51.6   065.4   17:54    42.4   06:44     13.4     00.0   00.00   00.7     10.3    18:55     SSW
28    48.8   058.3   16:46    34.7   06:29     16.2     00.0   00.02   00.4     11.5    11:57     SSW
29    50.1   057.6   15:36    44.0   23:29     14.8     00.0   00.28   00.5     10.3    12:40     SSE
30    52.4   063.1   18:16    43.1   06:39     12.5     00.0   00.00   00.4     10.3    22:49      SW
--------------------------------------------------------------------------------------------------------
49.1 (48.6)   80.6  day 18     18.6  day 06   483.1    007.8   01.48   01.2     26.5   day 07     WNW
Min <=  86: 30
Min <=  23: 2
Max Rain: 0.28 ON 29-04-16
Days of Rain: 12 (> .008in) 6 (> .08in) 0 (> 0.8in)