MONTHLY CLIMATOLOGICAL SUMMARY for APR. 2015

NAME: N2KI - Skywarn Spotter ID 13-330NYC   CITY: Washingtonville STATE: NY
ELEV: 300ft LAT: 041:26:00 LONG: 0074:07:00

                            TEMPERATURE ( F), RAIN (in.), WIND SPEED (mph)

                                               HEAT     COOL           AVG
      MEAN                                     DEG      DEG            WIND                       DOM
DAY   TEMP    HIGH   TIME     LOW    TIME      DAYS     DAYS    RAIN   SPEED    HIGH    TIME      DIR
----------------------------------------------------------------------------------------------------------------------------------------------------------
01    35.4   050.5   17:21    23.0   06:31     29.5     00.0   00.07   01.0     16.1    14:01      W 
02    46.7   066.1   16:21    24.0   06:21     18.2     00.0   00.00   02.4     23.0    11:44     WSW
03    58.9   065.6   13:20    54.0   00:00     06.0     00.0   00.25   01.3     14.9    11:05      W 
04    46.8   055.6   03:59    36.8   00:00     18.1     00.0   00.12   03.9     26.4    14:38     WNW
05    40.4   050.6   16:59    29.0   06:31     24.5     00.0   00.00   01.0     14.9    10:33      W 
06    48.9   066.5   16:28    30.6   07:00     16.0     00.0   00.00   00.8     13.8    13:40      SW
07    45.8   049.3   11:54    42.0   00:00     19.1     00.0   00.10   00.6     09.2    15:05      E 
08    41.1   044.3   13:14    36.6   00:00     23.8     00.0   00.03   00.9     13.8    12:32     ENE
09    38.1   041.4   16:49    35.4   04:15     26.9     00.0   00.02   00.5     08.1    11:56     ENE
10    46.4   056.6   17:01    38.8   06:03     18.5     00.0   00.17   01.1     13.8    21:24      W 
11    47.2   051.6   00:02    38.2   00:00     17.7     00.0   00.00   02.8     23.0    10:27     WNW
12    51.8   070.2   16:59    34.2   06:16     13.1     00.0   00.00   01.0     11.5    21:01      SW
13    58.0   073.7   15:20    37.9   07:08     06.9     00.0   00.00   01.9     18.4    21:21     SSW
14    57.9   064.4   15:13    49.9   00:00     07.0     00.0   00.04   00.7     11.5    04:20      SW
15    53.1   069.1   16:07    33.5   06:49     11.8     00.0   00.00   01.3     13.8    15:12      N 
16    51.1   066.9   14:48    31.4   06:46     13.8     00.0   00.00   01.4     19.6    19:23      SW
17    58.9   071.2   15:34    50.8   00:00     06.0     00.0   00.12   01.7     17.3    12:07     WSW
18    61.3   080.8   17:38    40.7   06:43     03.7     00.0   00.00   01.9     26.4    16:33     WNW
19    54.2   066.0   16:02    45.3   06:43     10.7     00.0   00.00   01.7     12.7    18:49      E 
20    51.2   056.7   17:10    44.4   04:07     13.8     00.0   00.32   02.4     25.3    09:11      E 
21    56.0   063.6   15:59    45.2   23:29     08.9     00.0   00.26   01.9     18.4    15:11      W 
22    52.2   067.9   14:09    39.7   05:15     12.7     00.0   00.16   02.0     26.4    15:29     WSW
23    40.6   046.8   14:41    35.2   05:59     24.3     00.0   00.01   02.4     21.9    15:20      W 
24    39.1   043.4   15:22    33.9   00:00     25.9     00.0   00.00   02.8     20.7    18:59     WNW
25    44.5   058.9   17:15    31.1   06:44     20.4     00.0   00.00   01.3     12.7    17:01     WNW
26    46.8   058.2   15:14    29.9   06:29     18.1     00.0   00.00   00.6     11.5    19:22      N 
27    51.2   058.4   17:27    43.6   00:51     13.7     00.0   00.00   01.4     16.1    17:05     WNW
28    57.0   068.4   16:07    44.1   06:39     07.9     00.0   00.00   02.2     16.1    16:13      N 
29    61.1   075.2   16:32    47.7   06:31     03.8     00.0   00.00   01.0     11.5    12:27      NW
30    55.5   068.1   15:19    40.2   06:41     09.5     00.0   00.00   00.9     12.7    18:24      E 
----------------------------------------------------------------------------------------------------------------------------------------------------------
49.9 (49.6)   80.8  day 18     23.0  day 01   450.6    000.0   01.67   01.6     26.5   day 04      W 
Min <=  86: 30
Min <=  23: 1
Max Rain: 0.32 ON 20-04-15
Days of Rain: 13 (> .008in) 8 (> .08in) 0 (> 0.8in)