MONTHLY CLIMATOLOGICAL SUMMARY for APR. 2014

NAME: N2KI - Skywarn Spotter ID 13-330NYC   CITY: Washingtonville STATE: NY
ELEV: 300ft LAT: 041:26:00 LONG: 0074:07:00

                            TEMPERATURE ( F), RAIN (in.), WIND SPEED (mph)

                                               HEAT     COOL           AVG
      MEAN                                     DEG      DEG            WIND                       DOM
DAY   TEMP    HIGH   TIME     LOW    TIME      DAYS     DAYS    RAIN   SPEED    HIGH    TIME      DIR
----------------------------------------------------------------------------------------------------------------------------------------------------------
01    44.8   058.9   16:47    28.8   07:07     20.1     00.0   00.00   00.8     11.5    23:54     ENE
02    48.3   063.2   18:11    36.9   06:50     16.6     00.0   00.00   00.6     12.7    00:11     WSW
03    47.8   062.5   17:03    32.1   07:15     17.1     00.0   00.01   00.9     10.3    15:55     WNW
04    41.8   045.2   00:01    37.3   22:43     23.1     00.0   00.07   01.1     21.9    15:37     ESE
05    42.4   050.2   14:18    37.0   00:00     22.5     00.0   00.00   03.2     26.4    14:17     WNW
06    44.4   061.1   17:44    32.5   06:58     20.5     00.0   00.00   01.1     11.5    16:04     WSW
07    42.8   051.6   12:47    32.9   07:24     22.2     00.0   00.19   00.6     14.9    15:18      S 
08    51.9   064.3   13:21    43.8   00:01     13.0     00.0   00.07   02.9     26.4    15:42      W 
09    46.8   057.2   14:08    32.6   06:43     18.1     00.0   00.00   02.3     21.9    14:10     WNW
10    48.8   065.1   16:19    27.2   06:59     16.1     00.0   00.00   02.1     20.7    13:20      SW
11    58.4   068.6   13:28    48.4   00:00     06.5     00.0   00.21   01.8     20.7    16:57     WSW
12    56.9   071.7   17:09    43.0   06:00     08.1     00.0   00.01   01.2     12.7    14:48     WSW
13    64.8   081.0   16:44    48.5   05:08     00.1     00.0   00.00   02.3     20.7    16:30      SW
14    69.6   077.6   14:48    62.0   07:03     00.0     04.7   00.00   03.4     24.1    16:24     SSW
15    56.3   065.9   13:34    33.3   00:00     08.6     00.0   01.61   03.2     26.4    11:37      SW
16    36.8   046.1   17:58    28.8   06:55     28.1     00.0   00.03   02.4     13.8    09:13      NW
17    40.1   051.4   15:18    30.4   06:52     24.8     00.0   00.00   01.0     11.5    17:53     ESE
18    40.6   050.4   17:50    29.7   06:49     24.3     00.0   00.00   00.5     08.1    18:39      SE
19    51.7   064.2   16:52    39.9   04:45     13.2     00.0   00.00   01.5     12.7    18:02      N 
20    49.0   062.0   15:13    33.1   06:27     15.9     00.0   00.00   01.1     12.7    15:41      SE
21    53.1   072.9   16:28    30.7   06:42     11.9     00.0   00.00   01.0     12.7    20:58     WSW
22    59.1   073.3   13:12    46.2   06:23     05.8     00.0   00.02   01.0     19.6    15:07      SW
23    49.6   056.3   00:01    43.0   00:00     15.4     00.0   00.04   03.4     19.6    17:48     WNW
24    48.6   059.5   16:45    38.6   06:20     16.4     00.0   00.00   03.2     27.6    11:04     WNW
25    49.3   066.5   15:47    30.9   06:33     15.6     00.0   00.08   00.9     16.1    16:42     SSW
26    51.2   062.6   14:57    42.6   05:33     13.8     00.0   00.69   00.8     16.1    20:04     WNW
27    49.7   055.6   15:32    43.9   04:41     15.2     00.0   00.00   01.5     14.9    10:18      NW
28    51.1   062.7   17:01    34.6   06:42     13.9     00.0   00.00   01.0     14.9    23:48      NE
29    46.8   054.1   00:01    42.0   23:33     18.1     00.0   00.12   02.2     19.6    21:23     ESE
30    43.8   050.8   00:00    40.3   05:28     21.1     00.0   01.67   02.1     17.3    21:15     ENE
----------------------------------------------------------------------------------------------------------------------------------------------------------
49.5 (49.4)   81.0  day 13     27.2  day 10   466.4    004.7   04.82   01.7     27.6   day 05      W 
Min <=  86: 30
Max Rain: 1.67 ON 30-04-14
Days of Rain: 14 (> .008in) 6 (> .08in) 2 (> 0.8in)