MONTHLY CLIMATOLOGICAL SUMMARY for APR. 2013

NAME: N2KI - Skywarn Spotter ID 10-535A   CITY: Washingtonville STATE: NY
ELEV: 300ft LAT: 041:26:00 LONG: 0074:07:00

                            TEMPERATURE ( F), RAIN (in.), WIND SPEED (mph)

                                               HEAT     COOL           AVG
      MEAN                                     DEG      DEG            WIND                       DOM
DAY   TEMP    HIGH   TIME     LOW    TIME      DAYS     DAYS    RAIN   SPEED    HIGH    TIME      DIR
----------------------------------------------------------------------------------------------------------------------------------------------------------
01    44.7   059.3   12:54    34.7   00:00     20.2     00.0   00.02   02.4     20.7    13:01      W 
02    34.9   041.0   18:04    28.8   06:57     30.1     00.0   00.00   03.7     31.1    12:34      W 
03    36.1   043.1   16:29    30.6   06:27     28.8     00.0   00.00   04.2     23.0    14:40     WNW
04    41.6   056.6   16:44    28.7   06:47     23.3     00.0   00.00   01.6     13.8    16:46     WSW
05    47.2   059.5   14:08    37.4   07:36     17.8     00.0   00.00   02.4     20.7    14:15     WNW
06    41.0   052.6   18:04    32.3   05:31     23.9     00.0   00.00   01.8     14.9    00:27      NW
07    49.0   059.8   16:14    39.7   06:37     15.9     00.0   00.01   02.4     20.7    15:41     SSW
08    56.6   073.6   18:05    38.4   07:00     08.3     00.0   00.00   01.1     18.4    19:38     WSW
09    66.8   075.8   17:36    57.1   00:00     00.0     01.9   00.00   02.6     20.7    10:11     WNW
10    56.3   065.2   17:42    49.0   06:55     08.6     00.0   00.32   00.9     18.4    02:28      E 
11    48.8   056.6   01:25    38.3   23:56     16.1     00.0   00.01   02.8     13.8    15:02     ENE
12    40.3   043.4   08:29    37.3   01:13     24.7     00.0   00.28   01.9     18.4    08:24     ENE
13    46.3   057.9   17:48    37.1   07:04     18.7     00.0   00.02   01.2     16.1    16:22      W 
14    47.3   052.7   16:24    40.7   06:20     17.6     00.0   00.00   02.1     19.6    11:14     WNW
15    47.8   060.6   16:35    34.3   05:30     17.1     00.0   00.00   01.3     16.1    18:09      SE
16    56.8   066.2   13:44    45.5   07:19     08.2     00.0   00.04   02.0     20.7    13:15     SSW
17    57.9   066.2   15:54    45.8   00:00     07.1     00.0   00.03   01.2     10.3    18:51     ENE
18    51.2   061.1   12:40    38.8   05:06     13.7     00.0   00.01   01.3     16.1    23:18     SSE
19    65.1   077.0   16:03    52.5   23:57     00.0     00.1   00.69   03.5     28.8    21:38     SSW
20    50.1   057.1   16:01    40.6   00:00     14.9     00.0   00.22   03.0     23.0    14:53      W 
21    41.1   051.5   18:12    32.0   06:48     23.8     00.0   00.00   01.4     12.7    10:01     NNE
22    45.8   056.2   15:42    36.5   03:24     19.2     00.0   00.00   02.1     13.8    20:11     ESE
23    42.5   050.5   19:02    36.7   06:02     22.4     00.0   00.00   01.3     10.3    14:40     ENE
24    53.7   074.9   16:46    31.4   06:27     11.2     00.0   00.00   01.7     16.1    15:31      SW
25    53.0   063.3   18:11    41.4   00:00     11.9     00.0   00.01   02.7     19.6    01:59      W 
26    51.6   064.3   16:29    33.2   05:32     13.3     00.0   00.00   01.0     10.3    19:56     WNW
27    52.8   067.4   16:43    33.4   06:19     12.2     00.0   00.00   00.5     09.2    15:39      E 
28    56.6   071.1   14:34    38.4   06:36     08.3     00.0   00.00   01.3     19.6    17:40      SE
29    54.4   056.8   00:05    51.5   05:54     10.5     00.0   00.03   00.4     12.7    16:46     SSE
30    58.9   069.2   15:18    51.3   23:54     06.1     00.0   00.00   00.9     12.7    20:13      SE
----------------------------------------------------------------------------------------------------------------------------------------------------------
49.9 (49.7)   77.0  day 19     28.7  day 04   454.0    002.0   01.69   01.9     31.1   day 02      W 
Min <=  86: 30
Max Rain: 0.69 ON 19-04-13
Days of Rain: 13 (> .008in) 4 (> .08in) 0 (> 0.8in)