MONTHLY CLIMATOLOGICAL SUMMARY for APR. 2011

NAME: N2KI Studio 1 - Bravo   CITY: Washingtonville STATE: New York
ELEV: 445 LAT: N41 25 29.5 LONG: W74 08 53.3

                            TEMPERATURE ( F), RAIN (in.), WIND SPEED (mph)

                                               HEAT     COOL           AVG
      MEAN                                     DEG      DEG            WIND                       DOM
DAY   TEMP    HIGH   TIME     LOW    TIME      DAYS     DAYS    RAIN   SPEED    HIGH    TIME      DIR
----------------------------------------------------------------------------------------------------------------------------------------------------------
01    37.2   041.6   19:33    33.8   07:38     27.7     00.0   00.30   02.1     14.9    23:20     WNW
02    44.3   053.7   15:17    35.9   07:15     20.7     00.0   00.00   03.3     25.3    12:03      W 
09    40.7   048.2   23:06    38.4   06:52     24.3     00.0   00.00   02.0     16.1    09:22     WSW
10    51.3   059.1   15:01    43.2   02:49     13.6     00.0   00.00   01.4     16.1    17:55      SW
11    65.9   083.1   16:42    52.2   05:42     00.0     01.0   00.00   03.7     32.2    14:05     WSW
12    55.0   071.1   00:02    47.8   00:00     10.0     00.0   00.60   01.6     18.4    01:23      N 
13    46.2   048.5   18:26    44.0   04:20     18.7     00.0   00.50   01.8     19.6    03:09      NE
14    55.7   069.8   17:28    45.2   04:20     09.2     00.0   00.00   01.7     17.3    16:22      NW
15    47.8   057.9   17:17    40.6   07:52     17.1     00.0   00.00   02.9     19.6    20:06     ENE
16    43.0   055.6   23:47    38.5   04:37     22.0     00.0   01.40   04.1     31.1    23:40      E 
17    52.6   057.9   16:42    46.7   20:05     12.4     00.0   00.30   04.9     29.9    16:18     WSW
18    50.6   062.9   16:45    35.6   06:32     14.3     00.0   00.00   01.8     19.6    09:42      SW
19    44.3   049.7   00:01    42.7   06:52     20.7     00.0   00.10   01.4     11.5    12:33     ENE
20    52.3   069.4   18:33    43.1   00:30     12.7     00.0   00.00   01.3     17.3    18:31      W 
21    49.2   062.9   00:01    36.9   00:00     15.8     00.0   00.00   04.3     28.8    10:53     WNW
22    41.4   051.7   15:07    28.7   06:38     23.6     00.0   00.00   01.2     12.7    22:14     ESE
23    49.7   061.4   18:40    39.5   04:03     15.2     00.0   00.50   01.2     13.8    10:52     WSW
24    60.5   072.3   13:19    48.1   06:46     04.4     00.0   00.00   00.8     12.7    11:39     WSW
25    58.7   071.1   17:42    52.2   06:40     06.2     00.0   00.00   00.9     08.1    15:49     ENE
26    70.7   083.8   15:05    56.9   06:37     00.0     05.7   00.00   02.6     23.0    15:20      S 
27    70.7   080.9   15:41    60.4   06:44     00.0     05.7   00.00   02.1     23.0    20:30      S 
28    70.0   075.7   17:33    63.1   00:00     00.0     05.0   00.20   02.7     31.1    09:04     SSW
29    57.8   066.8   14:46    44.3   06:41     07.2     00.0   00.00   02.5     23.0    15:26      W 
30    55.2   067.5   17:45    45.1   06:54     09.7     00.0   00.00   01.5     11.5    00:49      N 
----------------------------------------------------------------------------------------------------------------------------------------------------------
52.9 (53.9)   83.8  day 26     28.7  day 22   305.3    017.5   04.42   02.2     32.2   day 17     WSW
Min <=  86: 24
Max Rain: 1.40 ON 16-04-11
Days of Rain: 8 (> .008in) 8 (> .08in) 1 (> 0.8in)