MONTHLY CLIMATOLOGICAL SUMMARY for APR. 2010

NAME: N2KI Studio 1 - Bravo   CITY: Washingtonville STATE: New York
ELEV: 445 LAT: N41 25 29.5 LONG: W74 08 53.3

                            TEMPERATURE ( F), RAIN (in.), WIND SPEED (mph)

                                               HEAT     COOL           AVG
      MEAN                                     DEG      DEG            WIND                       DOM
DAY   TEMP    HIGH   TIME     LOW    TIME      DAYS     DAYS    RAIN   SPEED    HIGH    TIME      DIR
----------------------------------------------------------------------------------------------------------------------------------------------------------
01    55.2   071.3   17:52    45.5   07:25     09.8     00.0   00.00   00.8     06.9    12:49     ENE
02    59.1   075.5   16:27    40.7   07:05     05.9     00.0   00.00   01.7     14.9    11:59      S 
03    60.5   076.6   16:23    45.4   07:12     04.5     00.0   00.00   01.9     14.9    15:37      SW
04    60.2   074.3   16:19    47.1   07:16     04.7     00.0   00.00   01.5     17.3    15:54      W 
05    61.0   080.0   16:59    40.1   07:06     03.9     00.0   00.00   01.9     20.7    16:27     SSW
06    63.0   081.3   15:44    46.8   06:51     01.9     00.0   00.00   00.8     12.7    13:41      S 
07    75.1   091.0   16:16    53.5   04:48     00.0     10.2   00.00   02.9     29.9    13:41     WSW
08    71.0   084.3   15:27    58.4   07:01     00.0     06.0   00.10   02.0     26.4    23:54      E 
09    54.0   066.2   00:01    42.9   00:00     10.9     00.0   00.30   03.0     23.0    23:22      W 
10    48.3   061.2   18:07    39.5   06:08     16.7     00.0   00.00   03.9     23.0    17:43      W 
11    59.2   071.0   13:44    43.8   00:00     05.7     00.0   00.00   02.3     19.6    14:43      W 
12    50.6   064.1   16:16    34.5   06:52     14.3     00.0   00.00   01.2     14.9    12:49      NW
13    50.7   059.4   18:04    44.6   03:20     14.2     00.0   00.00   00.7     06.9    21:05      NE
14    51.1   067.3   17:59    34.3   06:53     13.8     00.0   00.00   01.2     14.9    18:48     WSW
15    54.7   071.4   16:16    37.7   06:44     10.2     00.0   00.00   01.3     11.5    17:21      W 
16    49.3   058.4   14:08    44.3   23:20     15.6     00.0   00.30   01.2     12.7    16:04      E 
17    47.1   051.9   15:38    44.3   00:00     17.9     00.0   00.10   01.8     18.4    16:22      W 
18    46.8   055.2   17:55    38.9   07:22     18.2     00.0   00.00   02.5     23.0    16:57      W 
19    49.7   061.6   18:09    38.3   01:57     15.3     00.0   00.00   01.4     13.8    14:27      NW
20    52.5   070.4   16:13    34.5   06:24     12.4     00.0   00.00   00.8     11.5    15:17     WSW
21    54.2   069.7   15:35    37.3   06:25     10.7     00.0   00.10   01.2     19.6    19:02     SSW
22    58.1   071.4   14:56    48.5   06:49     06.9     00.0   00.00   01.7     19.6    19:10     WSW
23    52.1   066.7   16:55    34.4   06:51     12.8     00.0   00.00   01.2     19.6    15:37      W 
24    53.2   070.4   17:18    31.7   06:37     11.8     00.0   00.00   01.1     13.8    21:00      SW
25    49.5   055.1   00:01    47.2   08:03     15.5     00.0   00.70   00.3     06.9    02:14     ESE
26    50.7   052.8   16:50    48.8   07:34     14.3     00.0   00.70   00.2     04.6    20:04     ENE
27    48.6   055.4   13:49    37.3   00:00     16.3     00.0   00.00   01.8     20.7    13:06     WNW
28    46.2   055.6   18:20    35.4   03:21     18.8     00.0   00.00   02.7     27.6    09:09      W 
29    53.7   067.4   16:31    38.7   05:52     11.2     00.0   00.00   03.3     27.6    15:33      W 
30    61.8   081.6   17:21    41.6   01:35     03.2     00.0   00.00   01.4     18.4    15:08      W 
----------------------------------------------------------------------------------------------------------------------------------------------------------
54.9 (54.9)   91.0  day 07     31.7  day 24   317.3    016.2   02.20   01.7     29.9   day 29     WSW
Max >=  86: 1
Min <=  86: 30
Max Rain: 0.70 ON 25-04-11
Days of Rain: 7 (> .008in) 7 (> .08in) 0 (> 0.8in)