MONTHLY CLIMATOLOGICAL SUMMARY for APR. 2009

NAME: N2KI Studio 1 - Bravo   CITY: Washingtonville STATE: New York
ELEV: 445 LAT: N41 25 29.5 LONG: W74 08 53.3

                            TEMPERATURE ( F), RAIN (in.), WIND SPEED (mph)

                                               HEAT     COOL           AVG
      MEAN                                     DEG      DEG            WIND                       DOM
DAY   TEMP    HIGH   TIME     LOW    TIME      DAYS     DAYS    RAIN   SPEED    HIGH    TIME      DIR
----------------------------------------------------------------------------------------------------------------------------------------------------------
01    44.0   047.4   10:50    40.9   02:37     21.0     00.0   00.20   01.6     13.8    12:20      SE
02    51.7   066.9   16:44    42.5   06:08     13.3     00.0   00.00   01.4     12.7    16:15      E 
03    57.2   061.4   21:25    52.6   07:59     07.7     00.0   00.40   04.0     31.1    22:49     ESE
04    47.5   053.7   00:01    44.5   00:00     17.5     00.0   00.00   07.5     31.1    15:56      W 
05    50.0   062.5   18:08    41.9   07:31     14.9     00.0   00.00   04.5     27.6    00:26      W 
06    44.4   047.5   17:52    40.8   05:30     20.5     00.0   00.40   01.8     13.8    16:37      NE
07    41.6   046.0   01:36    38.0   00:00     23.3     00.0   00.00   05.1     21.9    22:14      W 
08    39.2   046.3   18:13    33.1   00:00     25.8     00.0   00.00   03.5     19.6    17:58     WSW
09    44.7   062.0   16:44    26.2   06:53     20.2     00.0   00.00   02.1     23.0    16:23     WSW
10    46.1   060.4   13:06    29.8   06:33     18.8     00.0   00.10   01.4     12.7    13:07      NE
11    45.3   051.3   18:02    41.5   00:00     19.6     00.0   00.10   02.2     11.5    21:51      NE
12    38.4   045.6   15:52    29.4   05:02     26.5     00.0   00.00   03.7     29.9    14:59     WNW
13    42.5   057.4   17:09    26.7   04:43     22.5     00.0   00.00   02.3     17.3    13:51      W 
14    46.8   051.9   16:47    42.0   02:37     18.2     00.0   00.00   01.2     08.1    13:27      E 
15    50.8   063.0   16:49    39.6   00:00     14.2     00.0   00.00   02.3     17.3    10:59     ENE
16    47.8   064.0   17:03    29.4   06:44     17.1     00.0   00.00   01.5     12.7    14:47     ESE
17    54.1   071.9   17:14    31.2   06:48     10.9     00.0   00.00   02.5     19.6    17:31      W 
18    61.8   076.4   16:25    43.8   03:55     03.1     00.0   00.00   02.9     23.0    14:20      W 
19    54.8   065.5   16:57    46.9   06:47     10.1     00.0   00.00   02.7     14.9    20:37      NE
20    45.0   049.0   11:58    40.8   14:28     20.0     00.0   00.50   03.0     20.7    13:13     ENE
21    51.6   060.2   17:43    46.6   00:31     13.3     00.0   00.30   01.3     20.7    22:43     NNE
22    50.6   056.1   15:13    46.2   04:10     14.3     00.0   00.00   02.0     18.4    16:23     WSW
23    47.5   055.0   16:47    39.9   06:15     17.5     00.0   00.00   04.3     28.8    14:19      W 
24    56.4   075.5   17:08    34.2   06:54     08.6     00.0   00.00   02.2     13.8    12:11     WSW
25    72.2   091.2   16:24    46.8   06:43     00.0     07.2   00.00   02.9     24.1    17:32     WSW
26    77.1   091.7   17:05    56.8   06:51     00.0     12.1   00.00   01.8     17.3    15:38      W 
27    74.5   092.5   15:26    56.6   06:46     00.0     09.6   00.00   01.6     16.1    19:49     SSE
28    79.7   091.1   15:19    67.3   00:00     00.0     14.8   00.00   03.7     21.9    16:31     WSW
29    58.2   069.2   19:01    49.1   06:36     06.8     00.0   00.00   02.6     16.1    04:14      NE
30    56.2   065.3   12:55    45.1   06:49     08.8     00.0   00.00   01.5     14.9    17:07      SW
----------------------------------------------------------------------------------------------------------------------------------------------------------
52.6 (52.5)   92.5  day 27     26.2  day 09   414.3    043.8   02.02   02.7     31.1   day 04      W 
Max >=  86: 4
Min <=  86: 30
Max Rain: 0.50 ON 20-04-11
Days of Rain: 7 (> .008in) 7 (> .08in) 0 (> 0.8in)