MONTHLY CLIMATOLOGICAL SUMMARY for MAR. 2024 NAME: N2KI Weather System - KNYWASHI15 CITY: Washingtonville STATE: NY ELEV: 300ft LAT: 041:26:00 LONG: 0074:07:00 TEMPERATURE ( °F), RAIN (in.), WIND SPEED (mph) HEAT COOL AVG MEAN DEG DEG WIND DOM DAY TEMP HIGH TIME LOW TIME DAYS DAYS RAIN SPEED HIGH TIME DIR -------------------------------------------------------------------------------------------------------- 01 35.1 048.3 14:12 21.2 06:38 29.8 00.0 00.00 01.0 12.7 19:48 SW 02 41.3 046.3 20:08 36.1 07:09 23.7 00.0 00.70 00.1 09.2 00:59 NW 03 50.8 064.6 14:21 40.8 00:00 14.2 00.0 00.00 00.0 06.9 14:53 NE 04 48.8 059.7 14:31 40.0 04:01 16.1 00.0 00.00 00.4 12.7 12:00 E 05 44.3 046.0 15:50 42.7 08:09 20.6 00.0 00.28 00.5 10.3 03:18 E 06 48.9 054.3 12:04 44.6 01:10 16.1 00.0 00.98 00.2 09.2 02:27 WSW 07 47.5 051.2 10:13 41.6 00:00 17.5 00.0 00.06 03.1 18.4 05:35 NE 08 44.0 054.8 16:37 30.1 06:53 20.9 00.0 00.00 00.9 14.9 21:36 E 09 40.4 042.0 12:11 39.3 15:50 24.5 00.0 00.78 01.6 17.3 18:42 ESE 10 40.3 046.5 13:02 33.7 00:00 24.7 00.0 00.04 02.9 19.6 23:03 W 11 39.7 048.6 17:32 32.7 03:43 25.3 00.0 00.00 06.0 26.4 07:49 WNW 12 46.4 063.4 17:12 29.1 07:37 18.5 00.0 00.00 01.4 17.3 13:20 W 13 50.5 071.2 16:06 31.4 07:21 14.4 00.0 00.00 00.5 16.1 17:13 W 14 56.9 073.6 18:26 37.0 07:47 08.1 00.0 00.00 00.7 13.8 20:05 W 15 59.2 067.7 13:34 45.3 00:00 05.7 00.0 00.00 01.4 12.7 11:10 WNW 16 48.4 060.3 17:30 36.3 07:44 16.5 00.0 00.00 00.9 11.5 16:49 W 17 50.4 057.0 15:02 41.6 00:00 14.5 00.0 00.00 02.3 19.6 12:35 W 18 39.1 046.2 15:19 34.0 06:28 25.8 00.0 00.00 01.9 18.4 12:51 WNW 19 37.1 043.0 17:02 31.6 07:12 27.8 00.0 00.00 02.6 16.1 13:36 W 20 37.4 045.4 11:20 30.7 00:00 27.5 00.0 00.14 01.5 26.4 20:03 W 21 31.1 036.8 16:21 27.1 07:52 33.9 00.0 00.00 03.7 20.7 13:34 WNW 22 32.4 041.3 16:34 20.3 07:21 32.6 00.0 00.00 00.8 11.5 01:38 SSW 23 35.4 038.0 16:38 32.6 00:00 29.5 00.0 01.79 00.8 10.3 17:13 ENE 24 34.2 043.2 16:45 25.2 07:28 30.7 00.0 00.01 01.6 13.8 02:43 NE 25 38.1 052.3 17:41 24.7 07:17 26.8 00.0 00.00 00.8 11.5 14:29 ENE 26 44.6 056.5 16:07 35.7 08:15 20.3 00.0 00.00 00.9 11.5 20:44 E 27 44.7 049.0 15:46 41.3 06:00 20.3 00.0 00.19 00.1 08.1 00:49 ESE 28 45.5 047.7 15:56 41.6 00:00 19.5 00.0 00.31 00.2 08.1 17:57 ESE 29 43.3 052.4 14:49 38.3 08:05 21.6 00.0 00.00 03.5 21.9 21:12 WNW 30 47.4 057.5 16:08 37.9 06:31 17.5 00.0 00.00 03.3 24.1 06:31 WNW 31 49.8 060.6 17:11 35.8 07:05 15.1 00.0 00.00 01.3 12.7 14:54 W -------------------------------------------------------------------------------------------------------- 43.6 (43.6) 73.6 day 14 20.3 day 22 660.1 000.0 05.23 01.5 26.5 day 11 WNW Min <= 86: 31 Min <= 23: 2 Max Rain: 1.79 ON 23-03-24 Days of Rain: 11 (> .008in) 8 (> .08in) 2 (> 0.8in)