MONTHLY CLIMATOLOGICAL SUMMARY for MAR. 2023

NAME: N2KI Weather System - KNYWASHI15   CITY: Washingtonville STATE: NY
ELEV: 300ft LAT: 041:26:00 LONG: 0074:07:00

                            TEMPERATURE ( F), RAIN (in.), WIND SPEED (mph)

                                               HEAT     COOL           AVG
      MEAN                                     DEG      DEG            WIND                       DOM
DAY   TEMP    HIGH   TIME     LOW    TIME      DAYS     DAYS    RAIN   SPEED    HIGH    TIME      DIR
--------------------------------------------------------------------------------------------------------
01    32.1   043.5   14:27    18.7   06:56     32.9     00.0   00.45   00.4     12.7    16:08     ESE
02    40.0   051.8   13:54    34.0   07:01     24.9     00.0   00.12   01.7     18.4    14:49      W 
03    35.9   044.6   14:15    24.2   06:44     29.1     00.0   00.09   01.1     16.1    20:50     ENE
04    36.1   040.5   15:21    33.0   08:07     28.8     00.0   00.59   01.0     16.1    04:49      NE
05    41.0   049.8   13:58    31.9   04:48     24.0     00.0   00.01   01.8     12.7    17:56     WNW
07    42.2   050.2   15:27    31.2   05:16     22.8     00.0   00.00   01.8     12.7    09:20     WNW
08    38.8   044.9   14:09    31.1   23:01     26.1     00.0   00.00   02.1     11.5    15:01     NNW
09    36.4   046.6   15:46    27.0   06:59     28.6     00.0   00.00   01.4     12.7    14:13     NNE
10    35.5   044.6   13:44    23.8   05:46     29.4     00.0   00.22   00.6     09.2    17:54      E 
11    35.6   042.5   15:38    32.3   06:42     29.4     00.0   00.34   01.0     14.9    16:29     ENE
12    37.1   045.5   15:42    25.7   08:02     27.9     00.0   00.00   00.4     09.2    20:21     ESE
13    38.3   041.5   15:45    33.5   00:00     26.6     00.0   00.22   00.4     10.3    02:08     ESE
14    32.8   034.4   17:08    32.1   22:22     32.2     00.0   00.50   02.1     18.4    19:18      W 
15    35.2   041.3   17:01    30.4   08:18     29.7     00.0   00.36   05.0     26.4    13:36     WNW
16    40.6   056.5   17:19    29.7   06:10     24.4     00.0   00.00   02.0     14.9    14:19      W 
17    45.3   058.2   16:25    31.2   04:55     19.7     00.0   00.00   00.3     11.5    20:17     WSW
18    44.6   053.1   00:04    38.0   23:38     20.3     00.0   00.00   02.2     14.9    02:04     WNW
19    31.3   038.4   00:02    25.3   23:42     33.6     00.0   00.00   03.5     19.6    14:00     WNW
20    35.9   054.0   17:09    20.2   05:36     29.0     00.0   00.00   01.2     13.8    14:28      W 
21    45.0   063.4   16:50    24.3   07:23     20.0     00.0   00.00   01.0     13.8    16:19      W 
22    47.2   063.5   14:10    29.2   07:09     17.7     00.0   00.00   01.1     19.6    15:05      SW
23    53.0   057.7   21:24    46.8   06:51     12.0     00.0   00.15   01.1     18.4    14:38     WSW
24    45.4   054.1   17:06    37.1   23:40     19.6     00.0   00.00   00.7     11.5    04:10     WNW
25    38.3   040.4   20:25    33.3   03:56     26.7     00.0   00.28   00.9     18.4    14:10      E 
26    47.4   060.5   17:08    35.2   00:00     17.5     00.0   00.01   01.9     19.6    13:19      W 
27    42.4   062.1   14:34    28.0   07:18     22.5     00.0   00.11   00.4     11.5    16:54      SW
28    42.5   051.7   17:56    32.6   00:00     22.5     00.0   00.01   00.6     09.2    18:10     NNE
29    41.5   055.2   16:37    26.6   07:27     23.4     00.0   00.00   01.2     21.9    23:18      W 
30    34.8   042.7   16:47    27.0   23:58     30.1     00.0   00.00   02.8     18.4    01:16     WNW
31    37.2   050.2   12:57    21.3   06:00     27.8     00.0   00.02   00.5     12.7    11:25      SW
--------------------------------------------------------------------------------------------------------
39.6 (39.6)   63.5  day 22     18.7  day 01   758.9    000.0   03.48   01.4     26.5   day 29     WNW
Min <=  86: 30
Min <=  23: 3
Max Rain: 0.59 ON 4-03-23
Days of Rain: 16 (> .008in) 12 (> .08in) 0 (> 0.8in)