MONTHLY CLIMATOLOGICAL SUMMARY for MAR. 2022

NAME: N2KI - Skywarn Spotter ID 15-360NYC   CITY: Washingtonville STATE: NY
ELEV: 300ft LAT: 041:26:00 LONG: 0074:07:00

                            TEMPERATURE ( F), RAIN (in.), WIND SPEED (mph)

                                               HEAT     COOL           AVG
      MEAN                                     DEG      DEG            WIND                       DOM
DAY   TEMP    HIGH   TIME     LOW    TIME      DAYS     DAYS    RAIN   SPEED    HIGH    TIME      DIR
--------------------------------------------------------------------------------------------------------
01    32.5   042.2   13:50    22.0   05:47     32.4     00.0   00.19   00.9     14.9    13:45      SW
02    38.7   047.9   16:19    31.0   06:59     26.2     00.0   00.01   01.4     12.7    13:46      W 
03    33.9   046.7   00:49    20.4   00:00     31.0     00.0   00.05   03.6     17.3    13:41     WNW
04    24.2   037.3   16:44    13.7   06:41     40.7     00.0   00.00   01.3     13.8    13:53      W 
05    32.0   044.4   14:20    17.1   05:34     32.9     00.0   00.00   00.7     12.7    20:12      SW
06    51.4   067.1   15:49    36.2   07:54     13.6     00.0   00.08   02.6     21.9    21:55      W 
07    52.7   065.5   20:54    43.8   00:00     12.3     00.0   00.17   01.8     28.8    21:13     WNW
08    37.6   043.8   00:02    28.8   00:00     27.3     00.0   00.00   03.6     19.6    01:14     WNW
09    31.7   035.2   09:50    28.7   00:44     33.3     00.0   00.13   00.0     03.5    13:35      W 
10    35.1   047.9   16:33    26.1   07:41     29.8     00.0   00.27   00.2     05.8    16:09     WSW
11    40.2   055.7   15:19    23.9   06:44     24.8     00.0   00.00   01.2     12.7    20:55     SSW
12    30.8   042.2   03:52    19.2   23:45     34.2     00.0   00.14   01.1     18.4    20:44      W 
13    25.3   032.4   15:55    18.2   01:40     39.6     00.0   00.03   04.0     21.9    00:55      W 
14    38.1   053.8   17:34    21.1   07:51     26.9     00.0   00.08   00.9     13.8    15:51     WSW
15    47.8   066.9   16:33    28.5   07:43     17.2     00.0   00.00   00.7     12.7    19:25      W 
16    49.5   066.4   17:16    32.2   07:33     15.5     00.0   00.00   01.3     23.0    20:50      SW
17    45.4   050.6   18:55    36.2   05:33     19.6     00.0   00.29   00.0     03.5    14:37     SSW
18    59.4   074.8   17:18    49.5   00:09     05.6     00.0   00.01   00.9     14.9    22:32      SW
19    58.5   069.0   16:23    52.8   07:45     06.4     00.0   00.15   01.0     26.4    20:11      S 
20    49.2   055.5   12:45    43.4   06:48     15.8     00.0   00.01   02.2     17.3    19:04      W 
21    48.8   059.9   16:42    38.4   07:22     16.1     00.0   00.00   03.2     23.0    17:21     WNW
22    45.4   054.9   15:36    34.0   00:00     19.6     00.0   00.00   02.5     18.4    14:23     WNW
23    39.0   046.1   16:06    30.5   01:47     25.9     00.0   00.07   01.2     13.8    21:53      E 
24    39.7   043.0   18:11    35.6   02:52     25.3     00.0   00.37   01.5     11.5    04:50      NE
25    47.9   059.4   14:15    38.9   07:41     17.1     00.0   00.08   01.9     12.7    22:11      W 
26    43.8   049.5   10:48    39.5   00:00     21.2     00.0   00.10   01.0     12.7    17:36      W 
27    36.6   041.6   11:14    25.8   23:59     28.3     00.0   00.00   03.6     18.4    15:52     WNW
28    23.6   029.0   14:42    19.8   07:11     41.3     00.0   00.00   04.8     20.7    14:34     WNW
29    28.7   036.3   17:55    21.7   00:13     36.2     00.0   00.00   04.0     19.6    08:41     WNW
30    33.8   045.9   18:38    20.7   06:22     31.1     00.0   00.00   00.9     09.2    18:53     WSW
31    51.0   070.6   16:06    34.9   01:10     14.0     00.0   00.45   01.4     21.9    20:48      SW
--------------------------------------------------------------------------------------------------------
40.4 (40.5)   74.8  day 18     13.7  day 04   760.9    000.0   02.68   01.8     28.8   day 07      W 
Max <=  32: 1
Min <=  86: 31
Min <=  23: 10
Max Rain: 0.45 ON 31-03-22
Days of Rain: 19 (> .008in) 13 (> .08in) 0 (> 0.8in)