MONTHLY CLIMATOLOGICAL SUMMARY for MAR. 2021

NAME: N2KI - Skywarn Spotter ID 15-360NYC   CITY: Washingtonville STATE: NY
ELEV: 300ft LAT: 041:26:00 LONG: 0074:07:00

                            TEMPERATURE ( F), RAIN (in.), WIND SPEED (mph)

                                               HEAT     COOL           AVG
      MEAN                                     DEG      DEG            WIND                       DOM
DAY   TEMP    HIGH   TIME     LOW    TIME      DAYS     DAYS    RAIN   SPEED    HIGH    TIME      DIR
--------------------------------------------------------------------------------------------------------
01    37.1   044.7   13:46    24.6   00:00     27.9     00.0   00.27   02.3     19.6    23:40      W 
02    22.8   029.6   16:47    17.1   07:03     42.2     00.0   00.00   03.5     21.9    02:40     WNW
03    32.7   048.7   15:26    15.6   06:53     32.3     00.0   00.00   01.0     10.3    15:37     WNW
04    32.6   039.9   10:49    23.9   00:00     32.4     00.0   00.00   02.7     12.7    23:14     WNW
05    27.7   034.0   15:59    20.0   06:42     37.2     00.0   00.00   03.2     16.1    16:11     WNW
06    27.5   031.5   15:30    23.7   20:54     37.4     00.0   00.00   02.3     12.7    18:03     WNW
07    30.3   039.0   15:49    23.7   00:00     34.7     00.0   00.00   01.4     09.2    10:29     WNW
08    28.6   043.1   17:02    13.1   06:55     36.3     00.0   00.00   00.6     08.1    17:01      W 
09    43.2   057.8   14:13    28.8   00:02     21.7     00.0   00.00   01.1     11.5    13:30     WNW
10    41.5   058.5   15:12    23.6   06:34     23.4     00.0   00.00   00.8     11.5    13:39     WSW
11    53.4   072.1   16:07    33.7   05:43     11.6     00.0   00.00   00.9     10.3    15:28      W 
12    56.7   062.9   16:12    44.6   00:00     08.3     00.0   00.00   02.0     14.9    23:04      W 
13    36.8   045.8   16:31    28.4   00:00     28.2     00.0   00.00   02.3     16.1    04:19     WNW
14    35.3   047.6   13:59    26.1   04:21     29.7     00.0   00.00   02.9     21.9    14:42     WNW
15    27.2   036.9   17:21    19.2   07:33     37.7     00.0   00.00   02.8     19.6    01:42     WNW
16    27.7   035.2   17:35    19.5   03:41     37.2     00.0   00.00   00.8     08.1    16:41      SE
17    37.5   045.1   17:35    30.3   06:47     27.5     00.0   00.00   00.5     05.8    20:17      S 
18    42.7   044.3   15:49    39.1   00:00     22.2     00.0   01.05   01.3     14.9    00:00      NE
19    34.2   042.0   17:50    26.3   00:00     30.7     00.0   00.00   03.4     19.6    08:19      NE
20    37.9   059.1   17:38    19.3   07:15     27.1     00.0   00.00   00.6     08.1    13:46     WNW
21    43.3   063.5   18:02    23.3   07:19     21.6     00.0   00.00   00.5     06.9    14:58      W 
22    45.6   065.2   15:08    26.1   07:14     19.3     00.0   00.00   00.5     08.1    16:54      W 
23    48.4   069.0   15:14    26.9   07:12     16.6     00.0   00.00   00.6     09.2    16:46     WSW
24    48.9   056.2   12:30    38.7   06:34     16.1     00.0   00.28   00.6     11.5    21:38     ENE
25    59.2   072.8   16:50    50.0   07:11     05.8     00.0   00.01   00.8     08.1    22:02      W 
26    64.6   079.9   15:08    54.3   00:00     00.4     00.0   00.05   02.8     23.0    15:16      W 
27    54.5   063.7   17:15    44.0   07:02     10.5     00.0   00.00   01.1     10.3    01:48      W 
28    51.0   054.6   19:56    44.5   04:38     13.9     00.0   00.52   01.2     13.8    07:52      W 
29    44.8   051.7   16:29    33.8   00:00     20.1     00.0   00.00   03.1     16.1    08:06      NW
30    45.8   062.6   16:44    26.5   07:08     19.2     00.0   00.00   01.1     12.7    21:58      S 
31    55.6   060.5   17:04    48.1   05:06     09.3     00.0   00.04   01.1     11.5    11:26      SW
--------------------------------------------------------------------------------------------------------
41.1 (40.9)   79.9  day 26     13.1  day 08   738.4    000.0   02.22   01.6     23.0   day 26     WNW
Max <=  32: 2
Min <=  86: 31
Min <=  23: 7
Max Rain: 1.05 ON 18-03-21
Days of Rain: 7 (> .008in) 4 (> .08in) 1 (> 0.8in)