MONTHLY CLIMATOLOGICAL SUMMARY for MAR. 2020

NAME: N2KI - Skywarn Spotter ID 15-360NYC   CITY: Washingtonville STATE: NY
ELEV: 300ft LAT: 041:26:00 LONG: 0074:07:00

                            TEMPERATURE ( F), RAIN (in.), WIND SPEED (mph)

                                               HEAT     COOL           AVG
      MEAN                                     DEG      DEG            WIND                       DOM
DAY   TEMP    HIGH   TIME     LOW    TIME      DAYS     DAYS    RAIN   SPEED    HIGH    TIME      DIR
--------------------------------------------------------------------------------------------------------
01    28.7   041.3   16:24    18.6   01:30     36.2     00.0   00.00   01.8     13.8    10:24      W 
02    45.9   061.7   14:23    26.9   00:01     19.0     00.0   00.00   01.6     12.7    15:34      SW
03    52.9   060.7   10:44    47.6   04:38     12.0     00.0   00.18   02.0     17.3    23:52     WSW
04    45.8   053.6   14:26    37.1   00:00     19.1     00.0   00.04   03.9     20.7    09:36      W 
05    40.1   051.3   16:02    29.5   00:00     24.8     00.0   00.00   01.6     11.5    05:00      W 
06    35.5   043.5   14:36    25.3   05:54     29.4     00.0   00.03   00.9     10.3    21:38     ENE
07    37.3   045.6   15:51    30.1   23:09     27.6     00.0   00.01   02.5     12.7    10:53      N 
08    43.7   062.3   17:27    28.3   05:26     21.2     00.0   00.00   02.1     12.7    14:33     WSW
09    57.8   072.7   17:02    38.5   07:49     07.1     00.0   00.00   02.1     14.9    18:12     WSW
10    57.5   066.5   14:12    45.2   07:48     07.5     00.0   00.09   02.5     20.7    15:19     WSW
11    45.0   052.3   16:20    34.3   00:00     19.9     00.0   00.00   01.6     12.7    01:55      N 
12    40.3   047.7   16:14    28.7   03:34     24.6     00.0   00.00   00.9     09.2    21:19     ESE
13    54.0   069.4   15:49    43.2   01:41     10.9     00.0   00.12   03.3     21.9    14:49     WNW
14    44.0   049.7   14:12    38.5   07:46     20.9     00.0   00.00   02.8     17.3    10:55      W 
15    42.4   052.2   15:06    33.7   22:53     22.6     00.0   00.00   01.3     11.5    17:51      NE
16    35.6   046.0   15:09    24.1   07:29     29.3     00.0   00.00   02.0     11.5    17:47     ENE
17    41.7   051.9   17:19    34.8   06:39     23.2     00.0   00.07   01.1     11.5    15:50      W 
18    43.4   056.4   15:42    27.8   07:25     21.6     00.0   00.00   01.3     09.2    22:09     SSW
19    42.8   048.3   16:54    37.8   08:12     22.2     00.0   00.60   00.9     06.9    15:53     ENE
20    55.4   071.6   17:30    44.9   01:26     09.5     00.0   00.17   01.8     18.4    16:32     WSW
21    43.6   057.9   00:02    32.5   23:38     21.3     00.0   00.00   02.4     11.5    12:57      N 
22    35.0   045.2   17:12    25.9   07:24     29.9     00.0   00.00   02.5     12.7    21:42     ENE
23    33.7   035.3   16:12    31.6   07:32     31.3     00.0   00.52   01.7     11.5    15:28      NE
24    39.1   050.0   17:00    31.0   07:29     25.8     00.0   00.33   01.0     08.1    13:27      E 
25    37.9   044.6   17:44    31.8   02:46     27.0     00.0   00.00   01.2     08.1    19:46     ENE
26    43.7   061.1   16:24    25.7   07:16     21.2     00.0   00.00   01.1     10.3    16:49      W 
27    53.9   065.9   17:00    38.6   00:00     11.0     00.0   00.00   01.3     13.8    11:51      N 
28    40.9   049.8   11:07    32.4   04:58     24.0     00.0   00.41   00.7     06.9    12:40      E 
29    45.8   049.2   12:14    42.0   00:30     19.1     00.0   00.17   01.3     13.8    15:27     ENE
30    44.9   049.2   17:06    40.4   05:25     20.0     00.0   00.22   00.8     08.1    01:09     ENE
31    43.0   048.3   17:22    38.0   07:31     21.9     00.0   00.05   01.2     05.8    05:21      NE
--------------------------------------------------------------------------------------------------------
43.6 (43.6)   72.7  day 09     18.6  day 01   661.5    000.0   03.01   01.7     21.9   day 04     WNW
Min <=  86: 31
Min <=  23: 1
Max Rain: 0.60 ON 19-03-20
Days of Rain: 15 (> .008in) 10 (> .08in) 0 (> 0.8in)