MONTHLY CLIMATOLOGICAL SUMMARY for MAR. 2018

NAME: N2KI - Skywarn Spotter ID 15-360NYC   CITY: Washingtonville STATE: NY
ELEV: 300ft LAT: 041:26:00 LONG: 0074:07:00

                            TEMPERATURE ( F), RAIN (in.), WIND SPEED (mph)

                                               HEAT     COOL           AVG
      MEAN                                     DEG      DEG            WIND                       DOM
DAY   TEMP    HIGH   TIME     LOW    TIME      DAYS     DAYS    RAIN   SPEED    HIGH    TIME      DIR
--------------------------------------------------------------------------------------------------------
01    48.8   058.2   15:18    36.9   07:13     16.1     00.0   00.28   00.6     10.3    12:01     ENE
02    35.3   043.3   01:14    33.0   09:34     29.6     00.0   01.01   01.5     13.8    06:59      NE
03    38.6   044.3   14:52    33.7   07:22     26.4     00.0   00.34   02.2     17.3    19:45     NNE
04    38.0   041.3   14:56    32.7   00:00     27.0     00.0   00.00   02.9     17.3    14:44     NNW
05    34.9   039.6   14:02    27.1   00:00     30.0     00.0   00.00   01.7     14.9    11:35     NNE
06    34.8   046.6   16:12    21.3   07:02     30.2     00.0   00.00   01.0     12.7    18:31      E 
07    32.5   035.3   00:09    31.4   00:00     32.5     00.0   00.05   00.3     10.3    11:19      NE
08    33.3   038.4   14:55    29.4   06:43     31.7     00.0   00.61   00.8     14.9    12:18      NW
09    32.7   040.2   15:05    26.9   07:34     32.2     00.0   00.20   02.6     18.4    13:59      W 
10    33.9   037.6   15:00    29.3   06:45     31.1     00.0   00.02   03.1     19.6    11:20      W 
11    35.4   044.1   17:39    27.5   08:01     29.6     00.0   00.09   01.1     12.7    11:34     WNW
12    33.2   042.3   16:12    19.2   07:48     31.7     00.0   00.00   00.8     11.5    14:00     ENE
13    33.9   038.6   17:13    31.9   23:25     31.0     00.0   00.29   01.7     19.6    17:05     WNW
14    32.9   037.9   14:21    29.7   08:11     32.1     00.0   00.00   04.7     19.6    20:59      W 
15    35.5   043.8   15:53    29.3   07:09     29.4     00.0   00.00   04.3     23.0    14:08      W 
16    31.6   036.3   13:27    27.6   00:00     33.4     00.0   00.00   03.3     21.9    15:28     WNW
17    33.8   046.4   16:52    23.7   07:33     31.1     00.0   00.00   03.7     19.6    15:23      W 
18    30.4   041.2   17:50    19.3   07:19     34.6     00.0   00.00   01.5     16.1    15:26     WNW
19    33.3   043.7   16:25    25.0   00:00     31.6     00.0   00.00   00.9     11.5    17:30      NW
20    29.8   036.2   18:20    21.8   02:45     35.2     00.0   00.00   01.6     10.3    21:07      NE
21    33.0   037.3   19:45    29.6   08:50     31.9     00.0   00.00   03.3     17.3    11:55      NE
22    38.7   051.0   16:34    29.1   08:18     26.3     00.0   00.12   02.0     14.9    15:55     NNW
23    38.8   047.6   15:01    31.4   06:41     26.1     00.0   00.00   01.0     11.5    17:29     WNW
24    39.3   048.2   15:53    28.1   07:46     25.6     00.0   00.00   01.3     13.8    15:27     WNW
25    34.5   042.2   17:57    27.8   00:00     30.4     00.0   00.00   02.3     12.7    12:33      NE
26    35.2   048.9   17:21    20.8   07:18     29.7     00.0   00.00   00.7     11.5    14:27      E 
--------------------------------------------------------------------------------------------------------
35.1 (35.3)   58.2  day 01     19.2  day 12   776.4    000.0   03.07   01.9     23.0   day 15      NW
Min <=  86: 26
Min <=  23: 5
Max Rain: 1.01 ON 2-03-18
Days of Rain: 10 (> .008in) 8 (> .08in) 1 (> 0.8in)