MONTHLY CLIMATOLOGICAL SUMMARY for MAR. 2016

NAME: N2KI - Skywarn Spotter ID 13-330NYC   CITY: Washingtonville STATE: NY
ELEV: 300ft LAT: 041:26:00 LONG: 0074:07:00

                            TEMPERATURE ( F), RAIN (in.), WIND SPEED (mph)

                                               HEAT     COOL           AVG
      MEAN                                     DEG      DEG            WIND                       DOM
DAY   TEMP    HIGH   TIME     LOW    TIME      DAYS     DAYS    RAIN   SPEED    HIGH    TIME      DIR
--------------------------------------------------------------------------------------------------------
01    41.3   050.4   16:00    31.8   07:08     23.7     00.0   00.00   02.3     29.9    21:24      SE
02    39.5   054.4   03:45    25.0   00:00     25.5     00.0   00.07   04.7     29.9    07:13      W 
03    28.4   034.9   16:24    21.5   06:22     36.6     00.0   00.00   01.0     12.7    11:20      W 
04    29.6   037.5   16:38    22.7   06:22     35.3     00.0   00.01   01.8     11.5    17:02      NE
05    28.4   036.4   14:59    17.5   06:48     36.6     00.0   00.00   00.5     09.2    12:06     NNE
06    31.6   043.3   16:39    22.6   04:06     33.4     00.0   00.00   00.4     06.9    14:35      W 
07    42.8   061.6   16:11    23.2   02:27     22.2     00.0   00.00   01.5     21.9    13:51     WSW
08    48.6   065.2   17:02    31.4   06:29     16.3     00.0   00.00   00.2     09.2    13:04     WSW
09    60.5   079.9   15:32    34.7   06:58     04.4     00.0   00.00   01.7     20.7    16:35     WSW
10    65.0   072.5   11:36    58.6   07:32     00.0     00.0   00.04   00.7     11.5    11:50     WSW
11    53.8   060.7   14:35    37.5   00:00     11.1     00.0   00.12   01.3     13.8    08:22     WNW
12    47.6   064.3   15:43    28.7   06:46     17.3     00.0   00.00   01.5     18.4    14:18     WSW
13    51.4   059.2   14:56    39.9   07:56     13.6     00.0   00.00   00.6     12.7    12:37     ESE
14    44.7   052.3   00:31    39.7   19:08     20.2     00.0   00.07   01.6     14.9    15:14     ENE
15    47.3   057.7   17:38    41.0   00:13     17.6     00.0   00.03   00.5     09.2    12:20     NNE
16    54.6   067.4   16:40    45.6   07:57     10.3     00.0   00.05   00.8     16.1    22:58      SW
17    50.4   060.5   12:36    42.4   23:38     14.5     00.0   00.07   01.8     27.6    15:29     WSW
18    45.4   051.2   12:12    35.8   06:54     19.6     00.0   00.00   02.3     26.4    14:22     WNW
19    36.7   047.3   17:36    25.1   07:35     28.2     00.0   00.00   00.6     11.5    14:24      NW
20    33.3   038.9   15:43    26.7   07:23     31.6     00.0   00.00   01.3     11.5    09:12     ENE
21    38.3   046.9   15:18    31.8   07:31     26.6     00.0   00.00   02.4     23.0    13:40     WNW
22    42.3   054.5   16:16    28.3   07:23     22.6     00.0   00.00   02.0     19.6    14:10     WSW
23    52.1   068.3   18:01    40.2   06:33     12.8     00.0   00.00   01.4     11.5    19:41     WSW
24    45.0   056.3   15:06    35.4   07:13     19.9     00.0   00.00   01.3     16.1    17:16      E 
25    53.1   071.2   16:25    39.1   00:00     11.8     00.0   00.01   01.1     12.7    18:28     WNW
26    42.9   054.1   18:07    33.9   06:38     22.1     00.0   00.00   01.4     14.9    21:17      NE
27    46.1   057.1   16:07    37.6   01:14     18.8     00.0   00.00   00.6     11.5    16:53      S 
28    46.2   058.0   17:31    40.6   05:32     18.8     00.0   00.22   02.8     29.9    19:20      W 
29    44.1   050.2   15:49    34.8   00:00     20.8     00.0   00.00   04.6     26.4    00:51     WNW
30    43.1   060.2   16:22    25.2   07:01     21.9     00.0   00.00   01.5     17.3    16:49      SW
31    60.1   071.7   15:09    46.7   01:34     04.9     00.0   00.00   03.4     27.6    17:29      SW
--------------------------------------------------------------------------------------------------------
45.0 (45.0)   79.9  day 09     17.5  day 05   619.0    000.0   00.69   01.6     29.9   day 28      W 
Min <=  86: 31
Min <=  23: 4
Max Rain: 0.22 ON 28-03-16
Days of Rain: 10 (> .008in) 2 (> .08in) 0 (> 0.8in)