MONTHLY CLIMATOLOGICAL SUMMARY for MAR. 2015

NAME: N2KI - Skywarn Spotter ID 13-330NYC   CITY: Washingtonville STATE: NY
ELEV: 300ft LAT: 041:26:00 LONG: 0074:07:00

                            TEMPERATURE ( F), RAIN (in.), WIND SPEED (mph)

                                               HEAT     COOL           AVG
      MEAN                                     DEG      DEG            WIND                       DOM
DAY   TEMP    HIGH   TIME     LOW    TIME      DAYS     DAYS    RAIN   SPEED    HIGH    TIME      DIR
----------------------------------------------------------------------------------------------------------------------------------------------------------
01    17.2   026.0   13:24    03.1   02:53     47.7     00.0   00.00   00.1     09.2    13:40     WSW
02    29.2   035.5   15:53    23.6   00:19     35.7     00.0   00.01   02.6     26.4    11:25     WNW
03    22.6   033.8   22:41    04.2   06:33     42.4     00.0   00.00   00.9     16.1    21:18     WSW
04    37.1   041.4   13:41    33.1   00:32     27.8     00.0   00.65   00.6     10.3    01:19      W 
05    26.6   038.0   00:16    15.8   00:00     38.3     00.0   00.08   01.0     11.5    06:10      NW
06    16.2   028.5   16:42   -01.0   07:05     48.7     00.0   00.01   00.4     10.3    15:16      W 
07    24.9   035.1   22:05    04.5   07:00     40.1     00.0   00.01   01.5     13.8    14:43     WSW
08    36.1   045.3   11:36    24.3   00:00     28.8     00.0   00.01   01.6     19.6    17:26      W 
09    35.1   051.9   16:41    18.6   04:19     29.9     00.0   00.00   01.0     17.3    10:40      W 
10    36.5   053.4   13:44    21.0   07:45     28.4     00.0   00.15   00.3     11.5    18:21     WSW
11    46.7   058.6   16:57    36.2   03:49     18.2     00.0   00.02   01.5     17.3    12:14      W 
12    39.5   043.9   16:11    28.2   00:00     25.4     00.0   00.00   02.8     18.4    13:41     WNW
13    32.8   044.9   17:00    18.8   07:32     32.2     00.0   00.00   00.8     16.1    15:11     WSW
14    39.0   043.3   15:22    35.5   08:11     26.0     00.0   00.49   00.1     06.9    22:43     SSW
15    39.3   041.7   01:01    35.4   00:00     25.6     00.0   00.01   03.3     21.9    12:24     WNW
16    38.0   049.7   16:26    26.7   06:25     27.0     00.0   00.00   00.3     08.1    16:24      W 
17    39.5   049.5   12:02    31.8   23:39     25.4     00.0   00.09   02.4     21.9    12:31     WNW
18    29.6   034.1   16:04    24.8   07:30     35.3     00.0   00.00   03.5     19.6    16:11      NW
19    29.1   039.8   17:59    19.5   07:37     35.9     00.0   00.00   01.3     13.8    16:18     WNW
20    28.3   033.5   12:01    23.6   02:11     36.7     00.0   00.04   00.1     09.2    12:02     WNW
21    35.2   043.4   17:14    27.2   03:41     29.8     00.0   00.13   01.0     11.5    22:15      W 
22    31.9   039.9   00:02    23.9   00:00     33.0     00.0   00.00   02.8     19.6    01:27     WNW
23    26.5   034.8   17:29    17.6   06:52     38.5     00.0   00.00   01.9     17.3    10:56     WNW
24    29.5   042.2   17:03    20.0   07:33     35.4     00.0   00.00   00.9     09.2    08:51      NE
25    32.6   048.5   14:08    18.0   07:18     32.3     00.0   00.06   00.6     12.7    13:20     SSE
26    41.9   053.3   14:57    32.9   07:46     23.1     00.0   00.20   00.4     10.3    20:12      S 
27    40.1   044.2   17:41    36.5   07:22     24.8     00.0   00.15   00.3     09.2    16:21     WNW
28    31.6   036.8   00:05    25.2   23:44     33.4     00.0   00.01   01.4     11.5    22:03     NNW
29    31.7   045.1   17:01    18.7   07:21     33.2     00.0   00.00   00.9     13.8    17:54     WNW
30    41.1   050.3   17:58    32.3   06:26     23.9     00.0   00.03   02.4     20.7    13:45      W 
31    37.4   043.8   13:36    32.5   23:39     27.6     00.0   00.13   01.1     18.4    13:41      W 
----------------------------------------------------------------------------------------------------------------------------------------------------------
33.0 (32.6)   58.6  day 11    -01.0  day 06   990.4    000.0   02.29   01.3     26.5   day 17      W 
Max <=  32: 2
Min <=  86: 31
Min <=   0: 1
Min <=  23: 13
Min <=   5: 4
Min <=   0: 1
Max Rain: 0.65 ON 4-03-15
Days of Rain: 19 (> .008in) 8 (> .08in) 0 (> 0.8in)