MONTHLY CLIMATOLOGICAL SUMMARY for MAR. 2013

NAME: N2KI - Skywarn Spotter ID 10-535A   CITY: Washingtonville STATE: NY
ELEV: 300ft LAT: 041:26:00 LONG: 0074:07:00

                            TEMPERATURE ( F), RAIN (in.), WIND SPEED (mph)

                                               HEAT     COOL           AVG
      MEAN                                     DEG      DEG            WIND                       DOM
DAY   TEMP    HIGH   TIME     LOW    TIME      DAYS     DAYS    RAIN   SPEED    HIGH    TIME      DIR
----------------------------------------------------------------------------------------------------------------------------------------------------------
01    36.7   042.8   12:31    29.6   04:45     28.2     00.0   00.00   00.8     12.7    22:02      W 
02    34.0   037.7   14:32    29.2   22:42     31.0     00.0   00.00   01.4     12.7    10:07     WNW
03    30.6   037.8   13:11    26.9   07:15     34.4     00.0   00.00   02.3     16.1    22:11     WNW
04    31.5   037.6   14:25    27.2   00:51     33.5     00.0   00.00   04.2     20.7    20:38     WNW
05    36.6   045.6   15:11    27.7   06:52     28.3     00.0   00.00   01.5     17.3    00:09      N 
06    37.8   042.4   12:23    34.1   04:25     27.1     00.0   00.01   04.2     21.9    17:09     ENE
07    34.8   037.5   11:28    32.0   00:00     30.1     00.0   00.07   03.3     19.6    02:22      NE
08    33.1   038.6   16:16    30.8   06:39     31.8     00.0   00.39   00.1     08.1    16:08     ENE
09    35.2   052.9   16:19    20.0   06:55     29.7     00.0   00.45   00.3     08.1    16:33     ESE
10    37.7   053.4   15:50    21.1   07:35     27.2     00.0   00.00   00.5     09.2    19:16     SSE
11    43.6   053.8   15:55    33.4   03:53     21.3     00.0   00.00   00.9     15.0    23:51      SW
12    51.8   056.0   15:30    39.8   00:00     13.2     00.0   00.66   04.7     32.2    10:51     SSW
13    39.8   047.3   14:42    31.9   07:50     25.2     00.0   00.00   01.2     19.6    18:30      W 
14    31.5   037.9   17:12    25.8   09:03     33.5     00.0   00.00   05.1     26.5    14:13     WNW
15    34.1   040.5   16:35    26.5   07:39     30.8     00.0   00.00   02.9     19.6    13:37      W 
16    32.3   037.7   01:21    29.5   07:50     32.7     00.0   00.03   00.6     11.5    13:58      W 
17    30.5   037.7   17:18    24.3   06:48     34.4     00.0   00.01   01.3     15.0    13:30     WNW
18    27.6   034.7   15:41    20.3   07:19     37.3     00.0   00.00   01.0     12.7    18:09     ENE
19    34.0   041.3   18:01    28.7   00:01     30.9     00.0   00.52   01.1     11.5    23:34      N 
20    33.6   041.4   17:28    24.9   06:13     31.4     00.0   00.04   02.2     23.0    15:26      W 
21    32.2   039.7   16:57    27.3   06:50     32.7     00.0   00.00   01.1     12.7    19:02     WNW
22    32.0   037.7   17:44    24.7   07:13     32.9     00.0   00.00   02.2     18.4    16:25      W 
23    36.9   043.1   16:52    31.5   03:57     28.1     00.0   00.00   04.2     26.5    17:03     WNW
24    36.7   044.4   16:14    28.2   06:46     28.3     00.0   00.00   01.4     11.5    10:03     NNE
25    39.1   045.1   15:20    33.7   06:52     25.8     00.0   00.00   01.8     16.1    17:13     ENE
26    40.2   050.0   14:00    30.4   04:57     24.8     00.0   00.00   01.4     11.5    18:22      NW
27    39.5   050.9   16:42    28.5   04:40     25.4     00.0   00.00   01.6     16.1    16:48      W 
28    41.1   047.8   15:36    33.4   06:27     23.9     00.0   00.00   01.4     11.5    18:16      NW
29    44.2   052.1   15:01    34.8   07:04     20.7     00.0   00.00   01.8     16.1    15:34      W 
30    42.9   057.1   17:35    28.7   07:01     22.0     00.0   00.00   01.3     18.4    14:14      W 
31    41.6   055.4   13:39    26.5   06:36     23.3     00.0   00.17   01.4     24.2    12:04     SSW
----------------------------------------------------------------------------------------------------------------------------------------------------------
36.6 (36.6)   57.1  day 30     20.0  day 09   879.9    000.0   02.35   01.9     32.2   day 12     WNW
Min <=  86: 31
Min <=  23: 3
Max Rain: 0.66 ON 12-03-13
Days of Rain: 14 (> .008in) 9 (> .08in) 0 (> 0.8in)