MONTHLY CLIMATOLOGICAL SUMMARY for MAR. 2011

NAME: N2KI Studio 1 - Bravo   CITY: Washingtonville STATE: New York
ELEV: 445 LAT: N41 25 29.5 LONG: W74 08 53.3

                            TEMPERATURE ( F), RAIN (in.), WIND SPEED (mph)

                                               HEAT     COOL           AVG
      MEAN                                     DEG      DEG            WIND                       DOM
DAY   TEMP    HIGH   TIME     LOW    TIME      DAYS     DAYS    RAIN   SPEED    HIGH    TIME      DIR
----------------------------------------------------------------------------------------------------------------------------------------------------------
01    34.2   042.9   15:54    24.8   23:48     30.7     00.0   00.00   01.6     14.9    01:08     WNW
02    36.1   048.8   13:09    21.9   00:00     28.8     00.0   00.00   04.1     26.4    19:25      W 
03    22.6   031.9   15:41    15.3   07:09     42.3     00.0   00.00   01.0     11.5    15:51      N 
04    29.9   040.8   15:06    16.4   06:50     35.0     00.0   00.00   01.4     18.4    13:29     SSE
05    48.0   060.5   15:58    35.2   05:05     16.9     00.0   00.00   02.6     20.7    15:25     SSW
06    50.0   056.2   14:42    33.6   22:17     14.9     00.0   02.20   04.1     31.1    10:39     SSE
07    35.2   044.5   15:40    29.2   00:00     29.7     00.0   00.40   03.3     23.0    10:50      NW
08    32.7   042.2   15:32    24.8   06:50     32.3     00.0   00.00   01.2     11.5    11:49     ENE
09    34.3   042.2   12:33    26.0   06:43     30.6     00.0   00.00   02.0     18.4    23:56      E 
10    42.6   048.8   23:35    36.1   01:00     22.4     00.0   01.10   05.8     28.8    20:11      E 
11    48.7   053.1   15:32    38.4   00:00     16.2     00.0   01.00   03.4     23.0    00:05      SW
12    44.7   053.6   14:54    35.2   04:07     20.3     00.0   00.00   03.0     19.6    13:31     WSW
13    43.6   048.5   00:02    39.6   00:00     21.4     00.0   00.00   03.2     26.4    09:56      W 
14    37.9   042.5   14:40    30.7   00:00     27.1     00.0   00.00   00.9     10.3    08:11      NW
15    35.9   048.4   15:37    23.7   07:46     29.0     00.0   00.00   01.5     17.3    14:38     ESE
16    42.9   054.8   16:57    36.1   06:10     22.0     00.0   00.40   01.0     12.7    16:48      SW
17    52.1   064.3   16:39    35.3   07:53     12.8     00.0   00.00   02.0     13.8    23:48     WSW
18    60.9   072.3   14:59    50.3   23:34     04.1     00.0   00.00   03.7     25.3    11:51      W 
19    44.1   052.8   01:23    30.1   00:00     20.9     00.0   00.00   03.3     23.0    08:54     WNW
20    37.1   049.2   17:34    24.9   07:46     27.8     00.0   00.00   01.2     19.6    22:50     WSW
21    37.6   040.1   00:08    34.1   08:58     27.3     00.0   00.30   01.1     14.9    10:45     WSW
22    42.7   048.2   16:24    38.3   00:09     22.3     00.0   00.00   02.0     13.8    04:41      NW
23    32.6   039.2   00:08    28.2   00:00     32.4     00.0   00.10   00.9     06.9    18:08      NE
24    33.7   044.3   17:58    27.8   04:55     31.2     00.0   00.30   01.6     11.5    18:39      N 
25    31.5   038.6   13:57    25.3   07:36     33.4     00.0   00.00   02.6     19.6    12:53     WSW
26    29.7   038.6   16:29    22.3   07:11     35.2     00.0   00.00   02.4     19.6    14:34      W 
27    31.9   041.8   16:52    23.1   07:27     33.1     00.0   00.00   02.9     19.6    22:53      W 
28    33.9   045.4   16:31    24.2   06:33     31.0     00.0   00.00   03.8     24.1    19:12      W 
29    37.1   046.5   16:15    28.6   06:22     27.8     00.0   00.00   03.1     19.6    17:15      W 
30    42.6   054.9   16:14    30.6   02:50     22.3     00.0   00.00   01.3     13.8    20:01      SW
31    40.7   044.7   13:06    36.3   23:54     24.2     00.0   00.10   01.0     11.5    14:44     ESE
----------------------------------------------------------------------------------------------------------------------------------------------------------
39.0 (38.8)   72.3  day 18     15.3  day 03   805.4    000.0   05.90   02.4     31.1   day 06      W 
Max <=  32: 1
Min <=  86: 31
Min <=  23: 4
Max Rain: 2.20 ON 6-03-11
Days of Rain: 63 (> .008in) 63 (> .08in) 3 (> 0.8in)