MONTHLY CLIMATOLOGICAL SUMMARY for MAR. 2010

NAME: N2KI Studio 1 - Bravo   CITY: Washingtonville STATE: New York
ELEV: 445 LAT: N41 25 29.5 LONG: W74 08 53.3

                            TEMPERATURE ( F), RAIN (in.), WIND SPEED (mph)

                                               HEAT     COOL           AVG
      MEAN                                     DEG      DEG            WIND                       DOM
DAY   TEMP    HIGH   TIME     LOW    TIME      DAYS     DAYS    RAIN   SPEED    HIGH    TIME      DIR
----------------------------------------------------------------------------------------------------------------------------------------------------------
01    40.3   046.0   15:17    35.1   00:59     24.6     00.0   00.10   03.0     19.6    16:09     WNW
02    39.1   046.9   15:04    29.0   07:01     25.9     00.0   00.00   00.6     06.9    12:39      NE
03    37.4   040.6   16:23    33.5   05:20     27.5     00.0   00.10   03.0     18.4    11:34      NE
04    39.2   045.7   14:20    34.6   07:16     25.7     00.0   00.00   02.8     13.8    20:05     NNE
05    38.1   044.1   15:03    30.2   00:00     26.9     00.0   00.00   02.7     16.1    06:26      NE
06    37.5   054.0   16:02    19.5   06:54     27.4     00.0   00.00   01.2     13.8    20:46     WSW
07    42.9   056.4   16:22    31.6   04:32     22.1     00.0   00.00   02.6     19.6    09:50     WSW
08    45.6   057.6   16:07    35.2   23:49     19.3     00.0   00.00   02.9     18.4    16:38     WSW
09    45.2   058.7   16:38    32.1   00:00     19.7     00.0   00.00   01.8     13.8    13:37      W 
10    41.6   058.9   15:57    26.5   06:37     23.4     00.0   00.00   00.5     06.9    14:47      S 
11    45.1   053.7   13:09    36.7   06:34     19.8     00.0   00.00   01.1     08.1    20:54      E 
12    44.2   049.6   16:12    39.6   00:00     20.8     00.0   00.10   02.0     12.7    16:29     ENE
13    40.7   043.9   22:41    36.8   03:54     24.3     00.0   01.60   04.8     19.6    22:50      NE
14    45.8   049.3   15:17    42.0   00:00     19.2     00.0   00.20   04.4     17.3    18:09      NE
15    43.1   044.5   00:00    41.7   07:54     21.9     00.0   00.10   04.5     20.7    22:10      NE
16    49.4   061.5   16:25    35.1   00:00     15.5     00.0   00.00   02.7     16.1    01:21      NE
17    45.6   066.7   16:42    28.4   07:31     19.3     00.0   00.00   00.7     10.3    18:07      NW
18    49.0   067.6   17:29    31.5   07:27     15.9     00.0   00.00   01.6     17.3    14:19      W 
19    51.5   071.9   17:36    32.2   07:11     13.5     00.0   00.00   01.1     12.7    15:31     WSW
20    55.8   073.7   17:29    37.6   07:23     09.1     00.0   00.00   02.0     19.6    12:29     WSW
21    56.6   070.9   16:31    42.8   07:19     08.3     00.0   00.00   01.4     11.5    14:33     ENE
22    54.1   057.3   18:14    49.0   07:21     10.8     00.0   00.60   00.9     11.5    17:44      NE
23    48.1   052.7   00:04    44.3   00:00     16.9     00.0   00.40   01.9     24.1    23:45      NE
24    48.2   059.7   17:23    38.5   00:00     16.7     00.0   00.00   04.8     26.4    04:18      W 
25    49.8   066.4   16:02    30.5   06:57     15.1     00.0   00.10   01.5     16.1    12:03     SSW
26    37.7   046.7   00:01    30.6   00:00     27.3     00.0   00.10   03.7     18.4    13:35      NE
27    33.9   045.6   17:56    24.7   07:05     31.0     00.0   00.00   02.0     14.9    22:52     ENE
28    39.3   046.5   23:33    29.2   05:29     25.7     00.0   00.10   01.7     20.7    16:54      SE
29    52.0   053.9   14:45    46.3   00:14     13.0     00.0   00.70   01.5     18.4    05:05      SE
30    42.7   049.9   00:01    39.2   11:03     22.2     00.0   01.00   04.7     19.6    06:52      NE
31    48.6   053.6   18:07    44.6   04:27     16.4     00.0   00.20   00.7     09.2    14:45     ENE
----------------------------------------------------------------------------------------------------------------------------------------------------------
44.8 (44.9)   73.7  day 20     19.5  day 06   625.2    000.0   05.51   02.3     26.5   day 24     NNE
Min <=  86: 31
Min <=  23: 1
Max Rain: 1.60 ON 13-03-11
Days of Rain: 68 (> .008in) 68 (> .08in) 2 (> 0.8in)