MONTHLY CLIMATOLOGICAL SUMMARY for MAR. 2009

NAME: N2KI Studio 1 - Bravo   CITY: Washingtonville STATE: New York
ELEV: 445 LAT: N41 25 29.5 LONG: W74 08 53.3

                            TEMPERATURE ( F), RAIN (in.), WIND SPEED (mph)

                                               HEAT     COOL           AVG
      MEAN                                     DEG      DEG            WIND                       DOM
DAY   TEMP    HIGH   TIME     LOW    TIME      DAYS     DAYS    RAIN   SPEED    HIGH    TIME      DIR
----------------------------------------------------------------------------------------------------------------------------------------------------------
01    28.6   034.4   15:53    23.2   04:02     36.4     00.0   00.00   02.1     11.5    23:12     ENE
02    20.7   026.8   00:01    13.8   00:00     44.3     00.0   00.00   03.3     18.4    07:39     NNE
03    18.0   027.3   16:34    10.1   07:02     46.9     00.0   00.10   02.9     18.4    12:25      W 
04    22.8   034.7   15:52    12.9   06:51     42.2     00.0   00.00   01.8     16.1    13:12     WSW
05    29.8   045.7   16:52    10.2   06:50     35.2     00.0   00.00   01.3     12.7    13:34      SW
06    45.8   057.4   15:04    36.0   02:39     19.1     00.0   00.00   01.8     13.8    13:09     WSW
07    52.8   066.1   16:50    33.2   06:41     12.2     00.0   00.00   01.9     19.6    22:06     WSW
08    55.7   061.6   14:13    44.1   00:00     09.3     00.0   00.20   02.6     18.4    03:53      W 
09    42.7   045.4   10:26    38.0   00:00     22.3     00.0   00.40   01.0     10.3    13:57     ENE
10    38.3   043.8   17:51    34.1   07:53     26.6     00.0   00.10   00.9     10.3    19:26     ESE
11    47.1   055.4   18:28    37.7   00:26     17.9     00.0   00.00   03.2     24.1    15:47     WSW
12    33.8   041.4   00:02    28.0   00:00     31.1     00.0   00.00   03.1     24.1    02:46     WNW
13    30.8   041.9   17:33    21.9   06:24     34.1     00.0   00.00   01.3     12.7    21:30     NNW
14    38.4   053.1   16:58    23.5   07:11     26.6     00.0   00.00   01.4     13.8    17:31     WSW
15    46.5   060.1   16:49    35.7   00:00     18.4     00.0   00.00   00.9     06.9    18:44      SW
16    40.8   052.8   13:55    26.9   07:37     24.1     00.0   00.00   01.0     10.3    13:53     ESE
17    43.4   059.6   18:07    27.5   07:30     21.6     00.0   00.00   01.3     12.7    20:32      SW
18    51.0   068.4   16:40    32.3   06:51     13.9     00.0   00.00   02.3     23.0    13:37     WSW
19    45.9   056.0   00:21    37.5   23:00     19.1     00.0   00.10   01.5     11.5    05:00     ENE
20    36.7   043.3   16:46    26.8   00:00     28.3     00.0   00.00   01.9     11.5    16:01      NE
21    33.8   049.3   17:26    18.6   07:32     31.1     00.0   00.00   01.2     11.5    15:45      SW
22    39.2   050.4   15:38    28.4   06:15     25.8     00.0   00.00   02.6     19.6    17:40      W 
23    31.7   041.1   15:27    20.5   06:52     33.2     00.0   00.00   02.5     19.6    14:53      NW
24    34.6   047.0   17:07    22.1   07:23     30.3     00.0   00.00   02.8     20.7    13:35      NE
25    39.6   055.7   16:30    21.4   07:24     25.4     00.0   00.00   01.6     11.5    20:46      S 
26    42.8   046.0   13:45    40.1   04:16     22.1     00.0   00.30   01.4     11.5    12:01      SW
27    50.7   063.4   16:34    35.2   07:37     14.2     00.0   00.00   01.4     09.2    20:22      S 
28    53.7   062.9   15:59    46.8   06:28     11.2     00.0   00.00   01.7     12.7    17:38      E 
29    51.7   060.4   15:58    48.3   03:55     13.3     00.0   00.50   01.9     12.7    19:48     ENE
30    44.4   048.9   00:02    40.4   00:00     20.5     00.0   00.00   05.1     28.8    14:46      W 
31    45.6   058.6   16:53    30.8   07:08     19.4     00.0   00.00   01.8     14.9    01:22      NW
----------------------------------------------------------------------------------------------------------------------------------------------------------
39.9 (39.8)   68.4  day 18     10.1  day 03   775.9    000.0   01.58   02.0     28.8   day 30      W 
Max <=  32: 2
Min <=  86: 31
Min <=  23: 9
Max Rain: 0.50 ON 29-03-11
Days of Rain: 7 (> .008in) 7 (> .08in) 0 (> 0.8in)