MONTHLY CLIMATOLOGICAL SUMMARY for FEB. 2024 NAME: N2KI Weather System - KNYWASHI15 CITY: Washingtonville STATE: NY ELEV: 300ft LAT: 041:26:00 LONG: 0074:07:00 TEMPERATURE ( °F), RAIN (in.), WIND SPEED (mph) HEAT COOL AVG MEAN DEG DEG WIND DOM DAY TEMP HIGH TIME LOW TIME DAYS DAYS RAIN SPEED HIGH TIME DIR -------------------------------------------------------------------------------------------------------- 01 35.6 041.8 16:33 27.1 05:09 29.3 00.0 00.00 00.3 10.3 14:36 WSW 02 38.3 041.5 12:38 33.9 00:00 26.6 00.0 00.06 01.8 12.7 16:36 NE 03 33.3 040.4 14:54 26.7 00:00 31.6 00.0 00.00 02.0 11.5 10:30 NE 04 29.9 042.0 14:47 20.8 06:29 35.0 00.0 00.00 00.3 08.1 16:12 ENE 05 31.7 040.9 14:42 21.7 03:16 33.3 00.0 00.00 02.2 13.8 15:49 NE 06 30.0 039.6 15:17 22.1 06:30 35.0 00.0 00.00 00.9 10.3 15:33 ENE 07 31.5 046.0 15:36 19.6 07:48 33.5 00.0 00.00 00.1 05.8 13:43 NE 08 38.3 052.9 15:12 23.9 07:41 26.6 00.0 00.00 00.2 08.1 22:08 N 09 45.4 056.3 15:33 37.5 00:00 19.6 00.0 00.00 00.7 11.5 14:24 SW 10 44.0 059.1 16:33 30.5 06:52 21.0 00.0 00.04 00.4 13.8 17:36 WSW 11 40.3 045.6 15:14 28.2 00:00 24.6 00.0 00.00 00.7 09.2 13:50 W 12 32.0 040.3 14:52 23.2 06:36 32.9 00.0 00.00 00.2 06.9 15:07 WNW 13 33.3 039.3 16:52 29.2 21:12 31.6 00.0 00.55 00.5 16.1 23:34 N 14 29.2 033.5 01:37 24.7 07:34 35.8 00.0 00.00 03.8 18.4 16:39 WNW 15 29.4 037.7 15:16 18.1 07:30 35.5 00.0 00.05 01.1 12.7 23:55 SW 16 33.5 038.5 15:08 26.1 21:34 31.5 00.0 00.00 03.5 19.6 09:20 WNW 17 27.9 033.5 15:29 19.0 23:59 37.0 00.0 00.07 01.4 20.7 14:52 WNW 18 27.4 036.0 16:25 13.7 03:16 37.5 00.0 00.00 02.6 20.7 11:12 WSW 19 30.0 037.1 16:28 20.4 00:00 34.9 00.0 00.00 01.6 11.5 11:52 WNW 20 24.3 038.2 16:17 11.3 07:18 40.6 00.0 00.00 00.3 06.9 14:05 WSW 21 26.8 038.3 16:10 12.8 07:12 38.1 00.0 00.00 00.5 09.2 16:07 S 22 35.5 045.4 15:24 25.9 02:33 29.4 00.0 00.08 00.8 11.5 12:23 SW 23 37.9 045.9 15:31 30.8 00:00 27.1 00.0 00.21 00.0 03.5 13:59 WNW 24 32.2 039.8 13:18 22.4 00:00 32.8 00.0 00.00 01.3 11.5 14:15 NW 25 28.1 042.6 16:24 14.0 07:02 36.8 00.0 00.00 00.4 09.2 13:25 W 26 42.8 059.6 15:52 29.3 06:44 22.2 00.0 00.00 00.6 11.5 14:32 WSW 27 45.7 058.6 14:35 28.8 06:32 19.3 00.0 00.07 00.7 17.3 17:57 SSW 28 54.0 059.5 20:15 37.2 23:59 10.9 00.0 00.29 02.3 25.3 20:24 WSW 29 31.2 037.2 00:04 27.4 23:37 33.7 00.0 00.00 03.8 20.7 02:04 WNW -------------------------------------------------------------------------------------------------------- 34.5 (34.0) 59.6 day 26 11.3 day 20 883.8 000.0 01.41 01.2 25.3 day 28 WNW Min <= 86: 29 Min <= 23: 12 Max Rain: 0.55 ON 13-02-24 Days of Rain: 9 (> .008in) 4 (> .08in) 0 (> 0.8in)