MONTHLY CLIMATOLOGICAL SUMMARY for FEB. 2023

NAME: N2KI Weather System - KNYWASHI15   CITY: Washingtonville STATE: NY
ELEV: 300ft LAT: 041:26:00 LONG: 0074:07:00

                            TEMPERATURE ( F), RAIN (in.), WIND SPEED (mph)

                                               HEAT     COOL           AVG
      MEAN                                     DEG      DEG            WIND                       DOM
DAY   TEMP    HIGH   TIME     LOW    TIME      DAYS     DAYS    RAIN   SPEED    HIGH    TIME      DIR
--------------------------------------------------------------------------------------------------------
01    26.5   034.6   15:27    18.7   00:00     38.5     00.0   00.00   00.9     11.5    15:04      NW
02    27.1   038.3   15:28    15.1   06:40     37.8     00.0   00.00   01.1     11.5    15:40      W 
03    17.7   033.5   03:15    04.3   00:00     47.2     00.0   00.00   05.6     24.1    14:17     WNW
04    09.7   021.1   23:01   -01.2   07:01     55.2     00.0   00.00   02.4     17.3    09:21     WNW
05    33.0   051.1   14:52    18.3   07:20     31.9     00.0   00.00   00.5     08.1    16:27      W 
06    35.3   047.0   10:51    23.7   00:00     29.6     00.0   00.00   01.2     12.7    11:07     NNE
07    30.3   041.0   13:51    16.3   07:47     34.7     00.0   00.04   00.5     10.3    15:19     SSE
08    36.8   049.7   15:09    26.3   00:00     28.2     00.0   00.00   01.1     12.7    11:45      W 
09    37.2   053.6   22:14    23.4   05:21     27.7     00.0   00.00   00.4     12.7    16:45      W 
10    45.8   055.7   10:03    34.1   07:03     19.2     00.0   00.00   02.8     24.1    23:33      W 
11    35.3   042.2   14:54    23.8   23:58     29.7     00.0   00.00   02.0     13.8    06:01     WNW
12    33.0   046.2   14:47    19.9   06:24     32.0     00.0   00.00   00.1     05.8    09:44      W 
13    41.6   057.1   16:24    25.6   07:57     23.3     00.0   00.00   00.4     11.5    23:19      W 
14    42.4   053.8   16:26    30.2   23:59     22.6     00.0   00.00   01.2     13.8    02:04      W 
15    51.4   066.1   15:56    30.3   00:53     13.5     00.0   00.00   01.8     20.7    11:02     WSW
16    54.8   063.9   14:47    44.2   07:58     10.1     00.0   00.01   00.4     10.3    00:24      W 
17    45.3   059.5   11:59    29.0   00:00     19.6     00.0   00.17   02.6     20.7    16:09     WNW
18    31.6   043.3   16:24    23.9   07:30     33.3     00.0   00.00   01.7     13.8    10:30     WNW
19    37.7   047.5   15:43    26.9   07:02     27.2     00.0   00.00   00.6     13.8    13:14      SW
20    42.0   059.3   14:40    29.3   04:08     22.9     00.0   00.00   00.7     14.9    15:12     WSW
21    35.7   041.0   00:03    28.5   00:00     29.2     00.0   00.25   00.2     17.3    17:44     ENE
22    31.6   038.2   14:47    24.9   07:16     33.3     00.0   00.05   00.1     05.8    22:26      E 
23    36.5   040.2   16:47    33.0   00:43     28.5     00.0   00.15   00.3     10.3    20:59      E 
24    34.4   041.4   05:19    21.1   00:00     30.5     00.0   00.00   03.8     24.1    11:17     WNW
25    21.6   027.9   18:19    16.2   00:00     43.3     00.0   00.01   00.4     11.5    14:32      W 
26    27.1   045.0   16:21    11.4   05:33     37.9     00.0   00.01   00.7     11.5    13:59     WSW
27    32.8   041.6   15:41    22.4   07:15     32.2     00.0   00.00   01.0     14.9    19:40      SE
28    30.7   033.5   17:22    27.0   07:06     34.2     00.0   00.17   00.0     03.5    20:40     ESE
--------------------------------------------------------------------------------------------------------
34.5 (34.3)   66.1  day 15    -01.2  day 04   853.4    000.0   00.86   01.2     24.2   day 03      W 
Max <=  32: 2
Min <=  86: 28
Min <=   0: 1
Max <= 23: 1
Min <=  23: 11
Min <=   5: 2
Min <=   0: 1
Max Rain: 0.25 ON 21-02-23
Days of Rain: 9 (> .008in) 4 (> .08in) 0 (> 0.8in)