MONTHLY CLIMATOLOGICAL SUMMARY for FEB. 2022

NAME: N2KI - Skywarn Spotter ID 15-360NYC   CITY: Washingtonville STATE: NY
ELEV: 300ft LAT: 041:26:00 LONG: 0074:07:00

                            TEMPERATURE ( F), RAIN (in.), WIND SPEED (mph)

                                               HEAT     COOL           AVG
      MEAN                                     DEG      DEG            WIND                       DOM
DAY   TEMP    HIGH   TIME     LOW    TIME      DAYS     DAYS    RAIN   SPEED    HIGH    TIME      DIR
--------------------------------------------------------------------------------------------------------
01    16.6   036.2   15:17   -02.1   07:46     48.3     00.0   00.01   00.4     10.3    14:58      SW
02    31.8   045.8   15:17    17.2   03:29     33.2     00.0   00.01   00.2     09.2    15:14      S 
03    39.4   044.0   13:19    34.4   00:00     25.6     00.0   00.78   00.3     09.2    22:47      W 
04    26.9   034.4   00:01    20.4   23:05     38.1     00.0   00.30   00.5     08.1    01:03     ENE
05    19.1   023.8   11:53    11.5   00:00     45.8     00.0   00.00   00.0     00.0    00:00      NW
06    17.1   027.6   15:36    07.0   07:30     47.9     00.0   00.00   00.0     00.0    00:00      SW
07    27.4   033.5   14:59    16.6   00:30     37.5     00.0   00.02   00.0     02.3    23:32     SSE
08    33.0   036.4   15:11    25.1   00:00     32.0     00.0   00.06   01.1     13.8    17:05     WSW
09    33.1   048.0   15:10    20.3   07:52     31.8     00.0   00.03   00.7     10.3    22:14     WSW
10    38.1   048.8   11:36    27.6   00:00     26.8     00.0   00.01   01.8     19.6    13:20      W 
11    40.7   056.2   15:48    21.9   07:25     24.2     00.0   00.00   01.5     17.3    18:50      SW
12    45.5   053.2   13:06    34.2   23:40     19.5     00.0   00.00   01.9     19.6    14:19      W 
13    26.5   035.3   00:42    19.5   00:00     38.4     00.0   00.01   01.3     09.2    20:12      NE
14    16.2   022.3   15:01    08.1   00:00     48.8     00.0   00.00   02.8     18.4    11:37     WNW
15    17.7   030.9   16:24    06.0   02:52     47.2     00.0   00.01   01.1     11.5    14:35      W 
16    30.3   045.1   00:00    12.4   03:38     34.6     00.0   00.00   01.5     16.1    10:16      SW
17    53.8   062.0   17:54    35.2   01:50     11.1     00.0   00.14   02.6     23.0    23:56      SW
18    40.2   063.6   05:32    20.4   00:00     24.7     00.0   00.14   04.9     28.8    00:06      W 
19    24.6   035.9   14:16    15.2   04:52     40.4     00.0   00.01   03.3     26.4    16:40      W 
20    26.2   037.0   16:05    15.1   06:49     38.7     00.0   00.00   02.0     18.4    16:08     WSW
21    38.6   058.7   14:35    20.7   06:54     26.4     00.0   00.00   00.6     09.2    12:44     WSW
22    42.3   060.2   23:52    26.1   06:54     22.6     00.0   00.22   01.4     23.0    17:31      SW
23    54.2   067.1   13:19    30.4   00:00     10.8     00.0   00.00   03.6     21.9    13:24      W 
24    27.0   030.4   00:05    24.2   07:26     37.9     00.0   00.00   02.0     10.3    00:34     ENE
25    27.4   038.6   16:15    22.1   00:00     37.6     00.0   00.14   02.3     25.3    16:27      NW
26    25.4   035.1   15:22    15.1   07:01     39.6     00.0   00.12   01.4     13.8    14:50      W 
27    33.2   043.8   15:54    23.0   01:58     31.8     00.0   00.20   03.5     19.6    14:44      W 
28    26.5   033.2   16:06    21.4   07:15     38.5     00.0   00.01   02.3     13.8    02:14     WNW
--------------------------------------------------------------------------------------------------------
31.4 (31.0)   67.1  day 23    -02.1  day 01   939.8    000.0   02.23   01.6     28.8   day 23      W 
Max <=  32: 5
Min <=  86: 28
Min <=   0: 1
Max <= 23: 1
Min <=  23: 20
Min <=   5: 1
Min <=   0: 1
Max Rain: 0.78 ON 3-02-22
Days of Rain: 18 (> .008in) 8 (> .08in) 0 (> 0.8in)