MONTHLY CLIMATOLOGICAL SUMMARY for FEB. 2020

NAME: N2KI - Skywarn Spotter ID 15-360NYC   CITY: Washingtonville STATE: NY
ELEV: 300ft LAT: 041:26:00 LONG: 0074:07:00

                            TEMPERATURE ( F), RAIN (in.), WIND SPEED (mph)

                                               HEAT     COOL           AVG
      MEAN                                     DEG      DEG            WIND                       DOM
DAY   TEMP    HIGH   TIME     LOW    TIME      DAYS     DAYS    RAIN   SPEED    HIGH    TIME      DIR
--------------------------------------------------------------------------------------------------------
01    35.6   040.9   14:49    31.6   00:18     29.4     00.0   00.00   00.3     04.6    11:25     WNW
02    34.6   041.4   14:57    30.8   05:15     30.4     00.0   00.06   00.8     09.2    11:12     WSW
03    40.9   054.1   16:40    31.0   00:00     24.1     00.0   00.00   01.5     12.7    11:09     WSW
04    42.3   058.4   16:04    28.6   02:03     22.6     00.0   00.01   00.7     08.1    15:38      W 
05    36.8   043.5   00:09    32.4   20:19     28.2     00.0   00.01   00.9     08.1    12:35     ENE
06    34.0   038.6   21:49    31.3   01:43     30.9     00.0   00.41   00.7     06.9    22:05     ENE
07    35.7   045.1   12:05    29.1   00:00     29.2     00.0   00.25   03.0     21.9    22:46      W 
08    29.4   037.7   15:22    22.8   00:00     35.5     00.0   00.00   02.4     17.3    01:21      W 
09    26.3   034.9   15:58    19.8   05:50     38.7     00.0   00.00   00.7     04.6    13:49      NE
10    40.0   045.2   14:56    29.5   00:37     25.0     00.0   00.15   01.5     11.5    12:03     WSW
11    39.4   042.5   19:30    37.0   08:52     25.6     00.0   00.07   00.9     10.3    23:09      W 
12    39.0   043.7   16:10    33.0   00:00     25.9     00.0   00.02   01.7     13.8    21:44     WSW
13    35.7   040.5   18:27    32.5   01:32     29.3     00.0   00.60   01.0     11.5    18:09     WSW
14    24.7   034.8   03:43    11.6   00:00     40.3     00.0   00.00   02.6     17.3    05:57     WNW
15    19.0   030.9   16:23    06.0   07:21     46.0     00.0   00.00   01.1     11.5    15:39      SW
16    33.8   044.0   15:08    25.9   03:31     31.2     00.0   00.00   01.4     10.3    10:52     WSW
17    35.0   047.6   15:41    23.6   06:36     29.9     00.0   00.00   01.2     11.5    13:39      NW
18    35.8   042.2   13:55    28.5   00:13     29.1     00.0   00.08   00.9     11.5    12:49      N 
19    37.2   042.7   14:23    27.6   22:39     27.8     00.0   00.00   02.5     21.9    12:07     WNW
20    27.5   035.0   14:02    20.8   00:00     37.4     00.0   00.00   01.9     11.5    13:11     WNW
21    23.2   035.8   16:25    10.7   07:09     41.7     00.0   00.00   01.0     10.3    16:25      W 
22    32.7   048.5   15:49    19.0   06:00     32.2     00.0   00.00   01.7     12.7    11:32      W 
23    35.3   056.2   16:04    18.5   07:18     29.6     00.0   00.00   01.1     12.7    12:31      W 
24    43.1   063.7   14:21    21.8   06:54     21.8     00.0   00.00   00.8     11.5    13:45     WSW
25    45.3   055.1   14:42    38.9   07:02     19.7     00.0   00.13   00.4     05.8    15:28      S 
26    41.6   045.4   20:35    38.6   08:30     23.4     00.0   00.05   01.2     18.4    22:37     ENE
27    37.5   046.6   03:43    28.5   00:00     27.4     00.0   00.29   05.1     23.0    13:32      W 
28    30.4   038.0   16:06    25.5   07:01     34.5     00.0   00.00   03.8     20.7    04:12      W 
29    26.4   032.6   12:11    21.1   23:33     38.5     00.0   00.00   02.6     16.1    15:15      W 
--------------------------------------------------------------------------------------------------------
34.4 (34.9)   63.7  day 24     06.0  day 15   885.2    000.0   02.13   01.6     23.0   day 27      W 
Max <=  32: 1
Min <=  86: 29
Min <=  23: 10
Max Rain: 0.60 ON 13-02-20
Days of Rain: 13 (> .008in) 7 (> .08in) 0 (> 0.8in)