MONTHLY CLIMATOLOGICAL SUMMARY for FEB. 2019

NAME: N2KI - Skywarn Spotter ID 15-360NYC   CITY: Washingtonville STATE: NY
ELEV: 300ft LAT: 041:26:00 LONG: 0074:07:00

                            TEMPERATURE ( F), RAIN (in.), WIND SPEED (mph)

                                               HEAT     COOL           AVG
      MEAN                                     DEG      DEG            WIND                       DOM
DAY   TEMP    HIGH   TIME     LOW    TIME      DAYS     DAYS    RAIN   SPEED    HIGH    TIME      DIR
--------------------------------------------------------------------------------------------------------
01    07.0   020.1   16:09   -06.2   07:28     57.9     00.0   00.00   00.7     09.2    09:25     WSW
02    17.1   032.7   15:26   -03.6   03:03     47.9     00.0   00.00   02.0     16.1    17:16     WSW
03    35.9   051.3   14:36    24.1   01:28     29.0     00.0   00.14   00.1     08.1    15:18      SW
04    42.0   064.5   15:13    26.7   06:59     22.9     00.0   00.00   00.1     09.2    15:36     SSW
05    44.3   062.1   14:29    30.3   04:26     20.6     00.0   00.00   00.5     12.7    12:15      W 
06    36.1   044.6   13:41    28.1   06:07     28.8     00.0   00.38   00.4     10.3    13:54      E 
07    40.1   044.8   16:41    36.0   06:06     24.9     00.0   00.07   00.0     05.8    23:38      SE
08    41.5   053.7   12:55    27.7   00:00     23.4     00.0   00.23   03.2     27.6    15:07      W 
09    25.7   032.0   10:00    20.5   07:27     39.2     00.0   00.00   04.2     26.4    10:25     WNW
10    26.5   035.1   16:39    16.9   04:46     38.5     00.0   00.00   00.8     11.5    13:52     WSW
11    29.9   033.2   15:26    27.4   07:20     35.0     00.0   00.00   01.1     09.2    12:08      NE
12    22.5   027.6   00:04    18.8   10:10     42.5     00.0   00.00   01.8     10.3    15:42     ENE
13    33.0   039.2   12:08    27.3   00:10     32.0     00.0   00.32   03.4     26.4    16:12      W 
14    33.7   042.4   15:53    27.9   00:00     31.2     00.0   00.16   02.6     18.4    07:06      W 
15    46.0   056.4   14:53    27.9   00:09     19.0     00.0   00.16   01.8     21.9    04:18      SW
16    34.8   040.5   00:01    26.2   00:00     30.1     00.0   00.00   01.8     12.7    14:43     WNW
17    27.9   037.0   16:40    16.5   07:18     37.0     00.0   00.00   00.6     11.5    10:34      NE
18    30.4   039.3   13:39    22.9   00:00     34.5     00.0   00.09   02.1     25.3    14:15     WNW
19    25.9   033.5   16:39    20.3   07:24     39.0     00.0   00.00   01.8     11.5    16:09      W 
20    24.8   030.9   00:00    20.7   06:58     40.1     00.0   00.00   00.2     11.5    12:38     WSW
21    38.5   050.3   16:39    30.8   00:01     26.4     00.0   00.39   01.2     17.3    11:22     WNW
22    36.7   041.9   14:20    27.6   00:00     28.3     00.0   00.00   01.2     11.5    15:35     WNW
23    32.3   039.8   15:31    23.3   07:14     32.6     00.0   00.03   00.2     08.1    16:32     WNW
24    39.2   044.4   20:31    34.2   02:13     25.7     00.0   00.35   01.8     27.6    21:22      W 
25    33.1   040.4   00:23    24.8   00:00     31.9     00.0   00.00   07.8     36.8    09:16      W 
26    25.4   031.6   12:33    21.6   00:00     39.6     00.0   00.01   04.3     20.7    13:27     WNW
27    21.3   024.2   23:08    18.0   08:46     43.6     00.0   00.00   01.1     10.3    00:09     ENE
28    26.0   033.0   15:07    21.0   07:10     38.9     00.0   00.00   01.3     11.5    09:32     ENE
--------------------------------------------------------------------------------------------------------
31.3 (31.5)   64.5  day 04    -06.2  day 01   940.7    000.0   02.33   01.7     36.8   day 25      W 
Max <=  32: 6
Min <=  86: 28
Min <=   0: 2
Max <= 23: 1
Min <=  23: 12
Min <=   5: 2
Min <=   0: 2
Min <=  -4: 1
Max Rain: 0.39 ON 21-02-19
Days of Rain: 12 (> .008in) 9 (> .08in) 0 (> 0.8in)