MONTHLY CLIMATOLOGICAL SUMMARY for FEB. 2018

NAME: N2KI - Skywarn Spotter ID 15-360NYC   CITY: Washingtonville STATE: NY
ELEV: 300ft LAT: 041:26:00 LONG: 0074:07:00

                            TEMPERATURE ( F), RAIN (in.), WIND SPEED (mph)

                                               HEAT     COOL           AVG
      MEAN                                     DEG      DEG            WIND                       DOM
DAY   TEMP    HIGH   TIME     LOW    TIME      DAYS     DAYS    RAIN   SPEED    HIGH    TIME      DIR
--------------------------------------------------------------------------------------------------------
01    35.4   043.4   15:53    30.2   04:26     29.6     00.0   00.10   00.1     10.3    19:24     WSW
02    23.1   035.3   01:40    12.3   00:00     41.9     00.0   00.18   04.2     26.4    16:58     WNW
03    20.7   029.9   16:03    09.2   04:33     44.3     00.0   00.00   02.2     20.7    10:18     WSW
04    31.1   036.4   12:23    27.4   00:00     33.8     00.0   00.56   01.2     16.1    08:17      SW
05    29.8   036.4   12:23    16.9   00:00     35.1     00.0   00.56   01.8     20.7    12:11     WSW
06    25.2   035.3   16:34    16.6   01:24     39.7     00.0   00.00   00.2     08.1    14:54     WSW
07    26.2   033.9   21:34    20.4   03:22     38.7     00.0   00.00   00.5     11.5    22:12      W 
08    23.7   029.5   00:03    15.0   00:00     41.3     00.0   00.07   00.8     10.3    16:26      W 
09    21.8   035.0   00:00    10.5   06:48     43.2     00.0   00.00   00.2     12.7    23:15     WSW
10    36.0   040.0   13:21    31.8   06:24     28.9     00.0   00.44   00.2     10.3    00:59     WSW
11    36.0   037.9   08:14    35.2   15:19     28.9     00.0   00.56   00.1     06.9    12:58     WNW
12    37.4   044.2   03:52    28.4   00:00     27.5     00.0   00.01   01.1     11.5    16:08     WNW
13    27.7   035.1   16:23    18.2   07:09     37.2     00.0   00.00   00.6     12.7    20:02     ESE
14    36.4   046.5   16:39    29.1   01:05     28.6     00.0   00.03   00.8     14.9    16:14     WSW
15    49.6   060.4   14:23    39.4   07:51     15.3     00.0   00.15   00.8     19.6    13:59      W 
16    47.5   057.5   00:28    31.8   00:00     17.4     00.0   00.10   01.4     20.7    14:18      W 
17    30.7   038.5   12:59    21.6   07:44     34.2     00.0   00.00   00.7     17.3    15:11      S 
18    34.1   042.6   14:39    24.3   00:00     30.8     00.0   00.36   01.0     16.1    11:57     WNW
19    34.6   044.5   15:06    22.0   07:25     30.3     00.0   00.20   00.4     13.8    09:53     WSW
20    50.2   065.9   16:05    35.7   06:44     14.7     00.0   00.00   01.1     17.3    12:28      W 
21    58.1   076.7   16:16    40.0   03:56     06.8     00.0   00.00   01.9     23.0    13:24      W 
22    39.2   054.9   00:01    32.5   00:00     25.7     00.0   00.15   01.3     11.5    11:58     ENE
23    35.0   038.8   00:00    30.9   06:51     30.0     00.0   00.20   00.1     06.9    23:55     SSW
24    43.5   050.8   11:13    38.8   00:01     21.4     00.0   00.23   00.6     11.5    10:00     WSW
25    41.0   043.3   15:44    38.6   05:07     23.9     00.0   00.60   00.4     12.7    06:22     ENE
26    42.8   052.8   16:31    29.0   00:00     22.2     00.0   00.00   01.2     13.8    13:43      W 
27    39.8   056.4   16:09    24.4   06:30     25.2     00.0   00.00   00.9     13.8    14:00      W 
28    48.3   061.2   15:16    30.2   07:06     16.7     00.0   00.00   01.1     13.8    20:38      W 
--------------------------------------------------------------------------------------------------------
35.9 (35.8)   76.7  day 21     09.2  day 03   813.4    000.0   03.96   01.0     26.5   day 02      W 
Max <=  32: 2
Min <=  86: 28
Min <=  23: 10
Max Rain: 0.60 ON 25-02-18
Days of Rain: 17 (> .008in) 14 (> .08in) 0 (> 0.8in)