MONTHLY CLIMATOLOGICAL SUMMARY for FEB. 2017

NAME: N2KI - Skywarn Spotter ID 15-360NYC   CITY: Washingtonville STATE: NY
ELEV: 300ft LAT: 041:26:00 LONG: 0074:07:00

                            TEMPERATURE ( F), RAIN (in.), WIND SPEED (mph)

                                               HEAT     COOL           AVG
      MEAN                                     DEG      DEG            WIND                       DOM
DAY   TEMP    HIGH   TIME     LOW    TIME      DAYS     DAYS    RAIN   SPEED    HIGH    TIME      DIR
--------------------------------------------------------------------------------------------------------
01    34.8   042.6   14:27    25.0   03:44     30.2     00.0   00.07   01.4     19.6    09:09     WSW
02    31.3   040.6   13:47    23.6   05:38     33.7     00.0   00.01   01.3     18.4    15:17      W 
03    25.7   031.2   15:58    18.5   06:57     39.2     00.0   00.00   01.6     14.9    12:59      W 
04    25.0   033.9   15:51    16.6   06:10     39.9     00.0   00.00   01.6     16.1    11:16      W 
05    32.7   040.1   23:33    22.5   04:47     32.3     00.0   00.00   01.4     18.4    23:29     WSW
06    35.4   043.8   16:42    27.0   00:00     29.5     00.0   00.00   01.8     19.6    06:11      W 
07    30.8   036.4   22:03    24.4   04:06     34.1     00.0   00.12   00.2     06.9    21:58      E 
08    40.9   055.0   12:28    33.7   02:03     24.0     00.0   00.06   00.9     18.4    12:41     WNW
09    24.8   035.4   00:01    13.6   00:00     40.2     00.0   00.00   02.7     19.6    17:10     NNW
10    23.0   031.5   16:10    11.7   00:48     42.0     00.0   00.03   01.7     20.7    10:11      W 
11    33.1   043.6   15:36    25.2   00:20     31.8     00.0   00.21   00.1     06.9    02:56      W 
12    31.1   035.2   00:01    28.0   11:17     33.8     00.0   00.00   00.3     11.5    06:22      NE
13    32.9   043.6   15:34    28.0   11:17     32.1     00.0   00.07   01.8     26.4    09:28     WNW
14    30.9   041.6   16:34    17.1   07:31     34.1     00.0   00.36   00.7     11.5    15:53     WSW
15    35.5   047.1   14:14    24.4   07:32     29.5     00.0   00.10   00.8     14.9    22:53      W 
16    29.7   033.7   00:07    26.0   00:00     35.2     00.0   00.00   03.6     23.0    08:59      W 
17    30.9   040.6   16:19    23.4   07:37     34.0     00.0   00.00   02.2     16.1    00:35      W 
18    42.1   059.3   15:46    20.7   07:22     22.8     00.0   00.00   01.1     14.9    15:43     WSW
19    46.0   062.3   15:30    33.0   05:07     18.9     00.0   00.00   00.9     17.3    15:10      W 
20    41.0   052.2   14:23    28.6   00:00     23.9     00.0   00.00   00.8     11.5    14:54     NNE
21    35.5   047.0   15:39    21.4   07:24     29.5     00.0   00.00   00.4     11.5    15:29      S 
22    43.1   053.0   16:45    35.2   00:00     21.8     00.0   00.01   00.2     08.1    12:23      W 
23    51.3   070.5   15:15    30.7   07:00     13.6     00.0   00.00   01.0     16.1    15:03     WSW
24    61.1   074.3   13:50    46.3   07:13     03.8     00.0   00.00   01.6     18.4    14:42     SSW
25    58.4   067.7   13:06    40.7   00:00     06.6     00.0   00.61   02.6     32.2    17:49     SSW
26    35.0   040.7   00:06    27.4   23:11     30.0     00.0   00.00   02.8     23.0    07:43     WNW
27    38.5   052.1   15:29    25.5   04:52     26.4     00.0   00.00   01.7     19.6    12:59     WSW
28    48.9   062.5   14:25    34.5   00:05     16.0     00.0   00.00   00.6     12.7    21:05      SW
--------------------------------------------------------------------------------------------------------
36.8 (36.6)   74.3  day 24     11.7  day 10   788.8    000.0   01.65   01.3     32.2   day 25      W 
Max <=  32: 2
Min <=  86: 28
Min <=  23: 8
Max Rain: 0.61 ON 25-02-17
Days of Rain: 11 (> .008in) 5 (> .08in) 0 (> 0.8in)