MONTHLY CLIMATOLOGICAL SUMMARY for FEB. 2015

NAME: N2KI - Skywarn Spotter ID 13-330NYC   CITY: Washingtonville STATE: NY
ELEV: 300ft LAT: 041:26:00 LONG: 0074:07:00

                            TEMPERATURE ( F), RAIN (in.), WIND SPEED (mph)

                                               HEAT     COOL           AVG
      MEAN                                     DEG      DEG            WIND                       DOM
DAY   TEMP    HIGH   TIME     LOW    TIME      DAYS     DAYS    RAIN   SPEED    HIGH    TIME      DIR
----------------------------------------------------------------------------------------------------------------------------------------------------------
01    26.4   036.0   14:38    13.7   00:59     38.6     00.0   00.02   00.8     13.8    12:50      W 
02    19.5   028.9   00:03    10.8   00:00     45.4     00.0   00.00   01.5     18.4    22:26      N 
03    15.5   026.6   16:18    06.6   00:00     49.4     00.0   00.03   01.7     18.4    00:57     WSW
04    22.8   035.9   15:14    04.2   01:27     42.1     00.0   00.00   00.2     10.3    12:42      SW
05    23.2   031.8   05:16    08.9   23:12     41.8     00.0   00.00   02.4     19.6    14:00     WNW
06    12.4   024.8   15:35    03.8   08:13     52.6     00.0   00.00   01.1     13.8    12:12      W 
07    26.0   033.1   16:37    13.4   00:38     38.9     00.0   00.00   00.3     09.2    12:29     WSW
08    30.7   033.5   11:48    25.3   00:00     34.3     00.0   00.00   00.3     09.2    22:00      E 
09    23.0   025.3   00:02    21.5   08:21     42.0     00.0   00.00   01.7     12.7    08:43      NE
10    28.3   036.7   14:54    22.9   03:41     36.7     00.0   00.01   02.3     13.8    16:23      NE
11    21.2   030.5   15:06    10.5   07:39     43.7     00.0   00.02   00.6     11.5    02:04      E 
12    27.3   036.9   14:11    11.4   00:00     37.6     00.0   00.06   01.8     19.6    23:06     WNW
13    10.7   019.2   16:26    01.1   00:00     54.3     00.0   00.00   02.9     19.6    11:18      W 
14    11.5   023.7   14:10   -04.4   04:02     53.4     00.0   00.00   00.2     11.5    10:55      SW
15    11.7   018.5   02:06    00.7   23:27     53.2     00.0   00.00   04.8     26.4    15:44     WNW
16    09.4   019.1   14:58   -01.6   06:16     55.5     00.0   00.01   02.8     19.6    02:15      W 
17    13.9   025.8   16:56    03.3   00:00     51.0     00.0   00.00   00.4     06.9    11:41      N 
18    14.0   030.4   15:46   -06.7   07:24     50.9     00.0   00.00   00.3     11.5    16:00     WSW
19    14.1   019.8   01:03    04.1   00:00     50.9     00.0   00.00   03.9     24.1    16:09      W 
20    06.1   018.0   16:11   -03.9   00:00     58.8     00.0   00.00   03.4     21.9    10:10      W 
21    12.9   026.8   21:11   -09.1   05:19     52.0     00.0   00.00   01.0     18.4    11:50     WSW
22    31.8   042.4   16:04    25.5   01:07     33.1     00.0   00.09   00.2     08.1    16:03      SW
23    17.3   028.0   00:01    02.7   23:43     47.6     00.0   00.00   02.5     18.4    14:15     WNW
24    09.7   022.3   14:44   -09.4   07:08     55.2     00.0   00.00   01.0     18.4    14:57      SW
25    21.7   035.8   16:33    02.3   07:13     43.3     00.0   00.00   01.4     16.1    16:16      W 
26    18.7   022.5   15:57    11.3   00:00     46.3     00.0   00.01   01.3     11.5    04:45      NE
27    15.3   028.4   15:46   -00.0   07:24     49.6     00.0   00.00   00.8     13.8    16:21      NW
28    13.6   029.5   16:22   -04.4   07:04     51.3     00.0   00.00   00.2     04.6    15:30      W 
----------------------------------------------------------------------------------------------------------------------------------------------------------
18.2 (17.0)   42.4  day 22    -09.4  day 24   1309.5    000.0   00.26   01.5     26.5   day 19      W 
Max <=  32: 20
Min <=  86: 28
Min <=   0: 7
Max <= 23: 7
Min <=  23: 26
Min <=  14: 24
Min <=   5: 16
Min <=   0: 7
Min <=  -4: 5
Max Rain: 0.09 ON 22-02-15
Days of Rain: 8 (> .008in) 1 (> .08in) 0 (> 0.8in)