MONTHLY CLIMATOLOGICAL SUMMARY for FEB. 2014

NAME: N2KI - Skywarn Spotter ID 13-330NYC   CITY: Washingtonville STATE: NY
ELEV: 300ft LAT: 041:26:00 LONG: 0074:07:00

                            TEMPERATURE ( F), RAIN (in.), WIND SPEED (mph)

                                               HEAT     COOL           AVG
      MEAN                                     DEG      DEG            WIND                       DOM
DAY   TEMP    HIGH   TIME     LOW    TIME      DAYS     DAYS    RAIN   SPEED    HIGH    TIME      DIR
----------------------------------------------------------------------------------------------------------------------------------------------------------
01    36.4   044.8   12:56    25.4   07:41     28.5     00.0   00.00   00.6     11.5    14:51      SW
02    38.0   048.5   11:25    27.1   06:27     26.9     00.0   00.01   00.4     11.5    10:54      W 
03    29.9   036.0   00:01    25.3   00:00     35.1     00.0   00.01   00.6     12.7    07:18     ENE
04    22.3   032.5   14:38    07.3   07:45     42.6     00.0   00.24   00.1     04.6    12:13      E 
05    26.9   028.9   14:39    24.3   08:13     38.1     00.0   00.00   00.2     06.9    11:40     ENE
06    21.1   029.0   15:03    11.0   00:00     43.9     00.0   00.20   00.2     05.8    12:57      W 
07    20.0   032.9   16:27    03.8   07:17     45.0     00.0   00.03   01.0     16.1    11:01     WSW
08    17.5   028.0   15:01    01.6   07:37     47.4     00.0   00.03   00.3     09.2    15:36     WSW
09    18.1   027.1   15:13    03.0   07:24     46.8     00.0   00.04   00.1     05.8    23:00      W 
10    19.3   026.7   13:38    04.9   00:00     45.6     00.0   00.01   01.3     14.9    12:04      W 
11    13.0   025.6   15:41    01.1   04:11     52.0     00.0   00.00   01.0     11.5    17:15     WNW
12    09.6   022.6   16:37   -09.0   07:37     55.4     00.0   00.00   00.2     06.9    10:37      NE
13    23.8   031.2   22:27    17.1   03:48     41.2     00.0   00.00   02.0     18.4    20:15     ENE
14    33.6   039.5   14:15    28.6   06:16     31.3     00.0   00.29   02.4     26.4    13:53      W 
15    28.1   033.0   11:54    21.8   04:08     36.9     00.0   00.00   00.8     13.8    22:57     NNW
16    22.2   026.9   15:14    17.8   00:00     42.7     00.0   00.00   03.1     18.4    13:56      W 
17    20.1   032.8   15:10    12.6   07:34     44.9     00.0   00.07   00.8     11.5    01:26     WSW
18    26.5   036.6   16:33    15.1   00:01     38.4     00.0   00.11   00.4     12.7    17:47      SW
19    26.6   040.7   23:30    12.7   06:09     38.3     00.0   00.16   00.3     12.7    22:48     WSW
20    39.0   050.0   14:57    29.7   07:01     25.9     00.0   00.24   00.7     11.5    00:09     WSW
21    36.8   042.7   17:03    30.1   23:30     28.1     00.0   00.21   00.3     13.8    15:23      W 
22    40.4   052.8   15:59    24.2   04:20     24.5     00.0   00.01   02.4     26.4    15:34     WSW
23    37.5   048.6   17:09    23.6   06:57     27.5     00.0   00.00   00.3     09.2    11:52     WSW
24    30.6   040.3   02:24    22.2   00:00     34.3     00.0   00.00   02.8     21.9    14:49     WNW
25    22.2   030.2   15:26    12.2   00:00     42.7     00.0   00.00   01.4     19.6    13:02      W 
26    16.5   027.4   12:44    05.7   00:00     48.4     00.0   00.00   01.2     16.1    15:46     WNW
27    14.8   029.4   12:36    01.4   05:14     50.2     00.0   00.00   02.9     28.8    11:59      W 
28    12.5   023.4   16:10    04.1   06:25     52.5     00.0   00.00   00.8     11.5    01:13     WSW
----------------------------------------------------------------------------------------------------------------------------------------------------------
25.1 (24.5)   52.8  day 22    -09.0  day 12   1115.1    000.0   01.65   01.0     28.8   day 27      W 
Max <=  32: 13
Min <=  86: 28
Min <=   0: 1
Max <= 23: 1
Min <=  23: 19
Min <=  14: 14
Min <=   5: 8
Min <=   0: 1
Min <=  -4: 1
Max Rain: 0.29 ON 14-02-14
Days of Rain: 15 (> .008in) 7 (> .08in) 0 (> 0.8in)