MONTHLY CLIMATOLOGICAL SUMMARY for FEB. 2013

NAME: N2KI - Skywarn Spotter ID 10-535A   CITY: Washingtonville STATE: NY
ELEV: 300ft LAT: 041:26:00 LONG: 0074:07:00

                            TEMPERATURE ( F), RAIN (in.), WIND SPEED (mph)

                                               HEAT     COOL           AVG
      MEAN                                     DEG      DEG            WIND                       DOM
DAY   TEMP    HIGH   TIME     LOW    TIME      DAYS     DAYS    RAIN   SPEED    HIGH    TIME      DIR
----------------------------------------------------------------------------------------------------------------------------------------------------------
01    26.3   029.9   13:24    21.1   23:08     38.6     00.0   00.00   03.3     20.7    12:56      W 
02    21.9   029.3   13:44    16.4   07:33     43.1     00.0   00.00   01.9     18.4    13:20     WSW
03    21.9   028.4   16:30    14.7   07:05     43.0     00.0   00.03   00.2     05.8    15:58      W 
04    25.0   029.6   13:16    18.9   07:49     39.9     00.0   00.00   02.4     19.6    14:27      W 
05    25.8   029.0   15:57    22.3   09:07     39.1     00.0   00.00   00.2     04.6    13:59      E 
06    29.6   037.4   13:50    22.5   00:00     35.3     00.0   00.06   01.4     19.6    15:58     WNW
07    23.5   030.2   17:04    14.6   05:42     41.4     00.0   00.00   00.3     09.2    23:37      E 
08    29.4   031.7   10:30    25.9   22:30     35.5     00.0   00.00   02.8     16.1    19:41      NE
09    26.0   032.5   14:25    15.5   00:00     38.9     00.0   00.21   01.8     16.1    16:15      NW
10    16.1   031.7   15:20   -00.5   07:15     48.8     00.0   00.12   00.1     05.8    13:54      S 
11    33.0   039.7   22:52    20.0   00:01     31.9     00.0   00.15   00.1     11.5    04:22      W 
12    38.8   041.4   14:24    35.3   00:19     26.1     00.0   00.02   02.7     19.6    14:02      W 
13    36.1   043.7   14:54    25.0   07:40     28.9     00.0   00.00   00.3     08.1    14:23     WSW
14    34.1   044.4   16:38    22.3   07:25     30.9     00.0   00.02   00.4     11.5    15:41     SSW
15    41.2   052.7   14:53    30.2   00:56     23.7     00.0   00.05   01.3     15.0    12:04     WSW
16    32.1   035.6   00:01    28.6   00:00     32.8     00.0   00.08   00.7     10.4    23:52      NE
17    24.0   028.6   00:02    15.7   21:41     40.9     00.0   00.00   04.9     26.5    21:38      NW
18    23.7   034.3   16:22    15.5   07:22     41.3     00.0   00.00   03.0     21.9    00:25      W 
19    33.1   042.5   12:54    20.3   06:53     31.9     00.0   00.15   01.2     19.6    11:31      SW
20    29.1   035.8   00:01    24.1   22:27     35.9     00.0   00.00   04.4     26.5    16:33      W 
21    25.8   031.5   15:20    22.0   00:00     39.2     00.0   00.00   04.0     26.5    09:26     WNW
22    28.4   037.3   16:45    16.2   07:00     36.6     00.0   00.00   00.4     10.4    18:09     ESE
23    36.6   039.1   15:20    33.9   01:56     28.4     00.0   00.06   00.5     12.7    19:02      E 
24    36.1   042.8   14:03    30.8   00:00     28.9     00.0   00.02   01.0     17.3    14:16      NW
25    34.0   043.4   14:55    22.5   06:51     30.9     00.0   00.00   00.3     08.1    12:39      NW
26    35.4   041.5   11:48    27.2   06:55     29.5     00.0   00.02   01.6     16.1    21:30      E 
27    39.7   045.3   14:13    33.4   00:54     25.2     00.0   00.86   02.6     21.9    13:55     ENE
28    40.2   046.0   12:41    35.6   06:32     24.8     00.0   00.02   00.4     11.5    14:46     WSW
----------------------------------------------------------------------------------------------------------------------------------------------------------
30.2 (29.7)   52.7  day 15    -00.5  day 10   971.4    000.0   01.87   01.6     26.5   day 17     WNW
Max <=  32: 10
Min <=  86: 28
Min <=   0: 1
Min <=  23: 17
Min <=   5: 1
Min <=   0: 1
Max Rain: 0.86 ON 27-02-13
Days of Rain: 19 (> .008in) 5 (> .08in) 1 (> 0.8in)