MONTHLY CLIMATOLOGICAL SUMMARY for FEB. 2011

NAME: N2KI Studio 1 - Bravo   CITY: Washingtonville STATE: New York
ELEV: 445 LAT: N41 25 29.5 LONG: W74 08 53.3

                            TEMPERATURE ( F), RAIN (in.), WIND SPEED (mph)

                                               HEAT     COOL           AVG
      MEAN                                     DEG      DEG            WIND                       DOM
DAY   TEMP    HIGH   TIME     LOW    TIME      DAYS     DAYS    RAIN   SPEED    HIGH    TIME      DIR
----------------------------------------------------------------------------------------------------------------------------------------------------------
01    18.3   020.3   00:59    16.1   05:28     46.7     00.0   00.00   00.8     05.8    18:18     ENE
02    27.2   035.3   19:41    18.8   05:15     37.8     00.0   00.00   01.3     19.6    22:23      W 
03    25.8   033.1   15:59    12.7   00:00     39.1     00.0   00.00   02.7     21.9    01:04      W 
04    20.9   036.7   15:45    02.8   07:20     44.1     00.0   00.00   01.5     19.6    14:09     WSW
05    26.7   037.7   00:00    14.0   03:14     38.3     00.0   00.00   00.6     12.7    23:48      W 
06    36.7   042.3   14:23    27.6   00:00     28.3     00.0   00.30   03.4     33.4    02:59      W 
07    34.3   041.8   15:23    26.1   06:54     30.6     00.0   00.10   00.5     09.2    11:04      SW
08    28.3   035.9   09:57    15.8   00:00     36.6     00.0   00.20   04.2     34.5    11:36      W 
09    20.5   030.3   15:07    09.4   07:30     44.5     00.0   00.00   03.1     20.7    01:41     WSW
10    21.3   027.0   15:09    10.0   23:21     43.6     00.0   00.00   01.9     16.1    09:26      W 
11    19.3   035.1   16:16    01.2   07:34     45.6     00.0   00.00   01.5     19.6    14:45     WSW
12    26.3   038.4   15:05    11.9   03:56     38.6     00.0   00.00   03.1     32.2    15:26      W 
13    34.4   046.2   15:18    18.4   05:25     30.5     00.0   00.00   02.1     23.0    13:34     WSW
14    45.9   057.9   13:05    33.2   03:20     19.1     00.0   00.00   05.2     27.6    17:31      W 
15    27.5   035.1   00:02    17.4   00:00     37.4     00.0   00.00   03.6     26.4    02:35     WNW
16    30.7   046.1   15:33    15.1   06:27     34.2     00.0   00.00   00.9     14.9    13:53     WSW
17    42.3   060.9   14:41    31.1   07:30     22.6     00.0   00.00   00.4     10.3    11:33     WSW
18    49.4   065.6   14:55    31.7   07:24     15.5     00.0   00.00   02.9     26.4    21:12     WSW
19    33.4   049.7   00:07    20.9   21:54     31.6     00.0   00.00   07.8     34.5    12:05     WNW
20    26.7   039.0   15:25    18.6   07:16     38.2     00.0   00.00   02.2     19.6    11:09     WNW
21    25.2   028.7   15:27    18.6   00:00     39.7     00.0   00.00   01.8     16.1    11:37      NE
22    20.0   032.4   15:43    12.2   07:27     44.9     00.0   00.10   01.7     12.7    00:45      NE
23    19.0   036.3   15:46    02.6   07:05     46.0     00.0   00.10   00.3     05.8    11:28     ENE
24    27.0   043.7   15:55    06.8   07:01     37.9     00.0   00.00   00.6     13.8    15:45      S 
25    34.1   035.5   14:20    30.8   23:52     30.8     00.0   00.90   01.4     18.4    22:34      NW
26    32.5   039.7   15:53    25.5   06:47     32.5     00.0   00.00   01.6     18.4    03:39     WSW
27    37.6   047.2   15:34    31.6   21:42     27.3     00.0   00.00   01.2     13.8    22:59      W 
28    41.5   052.1   16:28    36.7   05:50     23.4     00.0   00.50   02.8     21.9    17:28      W 
----------------------------------------------------------------------------------------------------------------------------------------------------------
29.8 (29.4)   65.6  day 18     01.2  day 11   985.3    000.0   02.23   02.2     34.5   day 12      W 
Max <=  32: 4
Min <=  86: 28
Max <= 23: 1
Min <=  23: 19
Min <=   5: 3
Max Rain: 0.90 ON 25-02-11
Days of Rain: 61 (> .008in) 61 (> .08in) 1 (> 0.8in)