MONTHLY CLIMATOLOGICAL SUMMARY for FEB. 2010

NAME: N2KI Studio 1 - Bravo   CITY: Washingtonville STATE: New York
ELEV: 445 LAT: N41 25 29.5 LONG: W74 08 53.3

                            TEMPERATURE ( F), RAIN (in.), WIND SPEED (mph)

                                               HEAT     COOL           AVG
      MEAN                                     DEG      DEG            WIND                       DOM
DAY   TEMP    HIGH   TIME     LOW    TIME      DAYS     DAYS    RAIN   SPEED    HIGH    TIME      DIR
----------------------------------------------------------------------------------------------------------------------------------------------------------
01    27.1   035.1   15:51    19.2   00:59     37.8     00.0   00.00   02.8     20.7    09:14     WSW
02    25.7   032.9   14:54    16.9   04:39     39.3     00.0   00.00   00.4     06.9    17:24     WSW
03    30.3   035.7   13:01    26.1   05:45     34.7     00.0   00.10   01.8     19.6    14:03      W 
04    29.7   036.2   16:08    24.4   23:59     35.3     00.0   00.00   02.8     19.6    13:27      W 
05    29.2   035.7   15:06    21.3   02:22     35.7     00.0   00.00   01.4     11.5    13:06     WSW
06    23.4   029.8   00:08    15.9   23:58     41.6     00.0   00.00   03.9     17.3    17:30      NE
07    21.1   032.8   14:52    09.2   04:23     43.8     00.0   00.00   03.2     24.1    15:53      W 
08    26.7   035.0   15:55    19.7   03:12     38.2     00.0   00.00   04.8     28.8    11:54     WSW
09    32.1   040.3   14:36    25.9   07:55     32.8     00.0   00.00   02.0     19.6    00:15     WSW
10    29.6   033.3   23:12    26.3   06:31     35.4     00.0   00.00   02.1     11.5    18:26      NE
11    31.2   038.0   14:42    25.8   00:00     33.7     00.0   00.20   03.6     23.0    13:18      W 
12    29.4   038.2   15:19    23.1   07:03     35.5     00.0   00.00   02.9     20.7    13:17     WSW
13    24.0   032.4   15:36    12.7   07:04     41.0     00.0   00.00   02.6     25.3    16:40      W 
14    32.1   035.6   17:34    27.5   00:09     32.9     00.0   00.00   04.9     24.1    21:45      W 
15    32.7   041.3   15:53    26.0   07:38     32.3     00.0   00.00   02.5     18.4    10:51     WSW
16    30.9   032.8   15:14    28.9   00:00     34.1     00.0   00.00   00.8     13.8    20:08      W 
17    30.5   034.4   16:20    24.4   06:44     34.4     00.0   00.00   03.3     19.6    15:59     WSW
18    35.5   040.2   15:23    32.5   06:47     29.5     00.0   00.20   04.6     26.4    17:56      W 
19    37.2   040.2   14:42    33.7   04:56     27.8     00.0   00.00   05.6     32.2    02:44      W 
20    38.5   043.2   14:19    35.2   06:54     26.4     00.0   00.00   03.6     23.0    10:12      W 
21    37.1   044.0   15:24    27.3   00:00     27.9     00.0   00.00   03.1     21.9    11:57      W 
22    32.2   041.4   14:17    19.4   07:23     32.7     00.0   00.00   00.7     06.9    11:46     ENE
23    33.8   035.3   02:01    32.9   00:00     31.1     00.0   00.20   01.1     11.5    00:26      NE
24    35.0   038.0   16:13    32.8   03:17     29.9     00.0   00.70   00.7     10.3    15:29      NE
25    33.2   035.0   00:22    28.1   00:00     31.7     00.0   00.10   00.0     03.5    04:21     ENE
26    30.2   033.6   15:09    26.3   03:39     34.7     00.0   00.00   00.2     05.8    15:09      N 
27    34.4   040.1   16:06    29.1   03:01     30.5     00.0   00.80   01.1     10.3    14:21      SW
28    35.0   040.7   15:36    30.3   05:30     30.0     00.0   00.20   00.5     05.8    16:01     WSW
----------------------------------------------------------------------------------------------------------------------------------------------------------
31.0 (30.9)   44.0  day 21     09.2  day 07   950.6    000.0   02.65   02.4     32.2   day 19      W 
Max <=  32: 1
Min <=  86: 28
Min <=  23: 8
Max Rain: 0.80 ON 27-02-11
Days of Rain: 62 (> .008in) 62 (> .08in) 1 (> 0.8in)