MONTHLY CLIMATOLOGICAL SUMMARY for FEB. 2009

NAME: N2KI Studio 1 - Bravo   CITY: Washingtonville STATE: New York
ELEV: 445 LAT: N41 25 29.5 LONG: W74 08 53.3

                            TEMPERATURE ( F), RAIN (in.), WIND SPEED (mph)

                                               HEAT     COOL           AVG
      MEAN                                     DEG      DEG            WIND                       DOM
DAY   TEMP    HIGH   TIME     LOW    TIME      DAYS     DAYS    RAIN   SPEED    HIGH    TIME      DIR
----------------------------------------------------------------------------------------------------------------------------------------------------------
01    32.5   047.9   16:00    15.1   07:57     32.4     00.0   00.30   01.7     21.9    13:18     WSW
02    30.9   048.7   13:00    23.9   05:02     34.0     00.0   00.00   01.2     08.1    20:48      NE
03    28.8   032.3   01:46    19.8   00:00     36.1     00.0   00.00   01.8     11.5    13:29      NE
04    18.5   029.6   14:42    06.4   07:57     46.5     00.0   00.00   01.5     16.1    15:43     WNW
05    13.8   022.4   13:56    06.0   04:31     51.1     00.0   00.00   02.7     24.1    13:26      W 
06    17.9   029.9   15:54    09.4   00:00     47.1     00.0   00.00   01.4     11.5    14:13     WSW
07    28.5   049.6   14:47    04.5   06:57     36.4     00.0   00.00   01.5     19.6    21:26     WSW
08    45.0   053.4   09:15    32.1   00:00     19.9     00.0   00.00   04.1     28.8    15:08      W 
09    34.5   044.3   16:10    24.9   06:58     30.5     00.0   00.00   01.7     16.1    12:00     WSW
10    36.6   048.3   13:58    25.3   07:21     28.4     00.0   00.00   00.4     11.5    14:20     WSW
11    47.9   065.2   14:45    35.4   05:50     17.0     00.0   00.00   00.7     19.6    22:32     WSW
12    46.9   056.7   00:01    40.8   23:14     18.1     00.0   00.10   07.9     38.0    08:05      W 
13    36.8   041.3   03:05    28.0   00:00     28.1     00.0   00.00   04.8     32.2    04:44      W 
14    31.4   040.1   15:18    24.3   06:11     33.5     00.0   00.00   02.5     19.6    01:53     WSW
15    32.0   041.6   15:56    22.6   00:00     32.9     00.0   00.00   02.1     14.9    09:16      W 
16    27.5   040.0   15:54    15.7   07:19     37.5     00.0   00.00   00.9     08.1    15:16     NNW
17    27.0   041.8   16:17    15.4   07:28     37.9     00.0   00.00   00.6     06.9    14:47     WSW
18    30.0   039.0   21:24    17.2   07:07     34.9     00.0   00.10   01.4     14.9    15:17      SE
19    36.4   047.8   15:11    22.4   00:00     28.5     00.0   00.10   03.4     25.3    22:03     WSW
20    25.5   032.0   15:48    20.2   07:02     39.5     00.0   00.00   06.3     31.1    08:32      W 
21    30.6   040.6   16:02    25.3   06:47     34.4     00.0   00.00   03.2     26.4    08:41     WSW
22    34.6   038.7   08:07    27.8   00:00     30.4     00.0   00.10   02.3     23.0    22:55     WSW
23    25.8   029.9   12:55    22.5   21:01     39.1     00.0   00.00   06.4     34.5    10:22      W 
24    27.0   037.0   15:32    19.8   07:14     37.9     00.0   00.00   03.7     21.9    14:58      W 
25    30.5   044.2   15:46    18.2   02:25     34.5     00.0   00.00   01.1     08.1    23:17     WSW
26    36.0   046.8   15:21    29.2   00:00     28.9     00.0   00.10   00.8     09.2    15:21     WSW
27    47.3   062.2   12:43    27.4   04:37     17.7     00.0   00.10   02.7     26.4    14:35      SW
28    33.9   051.0   00:07    25.2   23:59     31.1     00.0   00.00   03.3     19.6    04:40      N 
----------------------------------------------------------------------------------------------------------------------------------------------------------
31.9 (32.3)   65.2  day 11     04.5  day 07   924.2    000.0   01.00   02.6     38.0   day 12      W 
Max <=  32: 5
Min <=  86: 28
Max <= 23: 1
Min <=  23: 15
Min <=   5: 1
Max Rain: 0.30 ON 1-02-11
Days of Rain: 7 (> .008in) 7 (> .08in) 0 (> 0.8in)