MONTHLY CLIMATOLOGICAL SUMMARY for DEC. 2023 NAME: N2KI Weather System - KNYWASHI15 CITY: Washingtonville STATE: NY ELEV: 300ft LAT: 041:26:00 LONG: 0074:07:00 TEMPERATURE ( °F), RAIN (in.), WIND SPEED (mph) HEAT COOL AVG MEAN DEG DEG WIND DOM DAY TEMP HIGH TIME LOW TIME DAYS DAYS RAIN SPEED HIGH TIME DIR -------------------------------------------------------------------------------------------------------- 01 37.7 047.3 12:48 26.0 07:24 27.3 00.0 00.07 00.0 04.6 17:31 WSW 02 43.6 053.0 15:21 39.2 22:40 21.4 00.0 00.01 00.1 05.8 12:19 WSW 03 43.8 046.2 10:36 38.1 00:00 21.2 00.0 00.48 00.5 10.3 10:20 ENE 04 42.1 049.0 13:02 36.0 22:23 22.9 00.0 00.01 00.7 11.5 12:58 WSW 05 37.0 041.3 10:55 30.7 08:04 27.9 00.0 00.00 00.5 11.5 02:19 W 06 32.6 037.4 13:30 28.0 03:36 32.3 00.0 00.00 00.9 17.3 14:38 WNW 07 31.7 035.0 14:25 27.6 04:50 33.3 00.0 00.00 00.7 08.1 11:21 W 08 39.0 049.7 14:15 29.5 08:11 25.9 00.0 00.00 00.2 05.8 15:50 WSW 09 38.8 052.6 14:54 27.8 06:22 26.1 00.0 00.00 00.0 00.0 00:00 SSW 10 51.0 060.5 20:21 34.6 01:48 14.0 00.0 00.90 00.6 16.1 19:37 SW 11 38.2 044.1 00:09 32.1 23:11 26.7 00.0 00.45 01.4 13.8 11:11 WNW 12 35.9 043.3 15:09 27.2 08:05 29.1 00.0 00.00 00.8 13.8 10:13 WSW 13 34.5 042.8 13:55 27.1 07:54 30.4 00.0 00.00 00.8 13.8 15:46 WNW 14 31.9 039.6 15:12 23.3 08:17 33.0 00.0 00.00 00.5 10.3 13:56 WNW 15 39.9 056.2 15:09 27.2 05:01 25.1 00.0 00.00 01.1 11.5 15:11 W 16 41.7 052.3 14:54 30.3 07:32 23.2 00.0 00.00 00.3 10.3 23:47 SSE 17 48.1 056.6 00:00 44.2 04:05 16.9 00.0 00.40 00.8 13.8 08:38 ESE 18 51.2 063.4 06:25 37.5 00:00 13.7 00.0 02.74 02.9 36.8 03:05 SW 19 34.8 038.7 10:05 28.4 00:00 30.1 00.0 00.00 01.8 14.9 09:23 W 20 30.8 041.9 14:33 22.3 07:39 34.2 00.0 00.00 00.2 05.8 11:43 W 21 29.8 037.9 15:05 23.2 00:00 35.2 00.0 00.00 01.3 09.2 14:26 NE 22 24.9 035.6 15:18 19.2 07:08 40.0 00.0 00.00 00.5 08.1 08:43 ENE 23 27.9 036.6 15:28 19.5 02:24 37.0 00.0 00.00 00.0 00.0 00:00 NE 24 36.2 041.8 15:59 31.3 00:20 28.7 00.0 00.00 00.0 00.0 00:00 NE 25 41.1 054.2 15:21 32.4 22:32 23.9 00.0 00.00 00.0 03.5 14:30 NE 26 40.6 044.0 15:13 34.5 00:05 24.4 00.0 00.00 00.0 02.3 13:27 NNE 27 44.0 047.1 13:54 40.9 06:51 20.9 00.0 00.40 00.0 03.5 17:34 N 28 47.0 049.7 13:16 44.9 02:59 18.0 00.0 01.15 00.2 10.3 03:50 ENE 29 46.7 052.1 11:57 41.8 00:00 18.2 00.0 00.02 00.7 11.5 11:10 W 30 40.5 044.1 15:24 37.4 21:36 24.5 00.0 00.00 01.9 17.3 17:47 W 31 38.1 041.2 12:59 34.0 08:18 26.9 00.0 00.00 01.5 11.5 03:27 WNW -------------------------------------------------------------------------------------------------------- 38.7 (38.9) 63.4 day 18 19.2 day 22 812.3 000.0 06.63 00.7 36.8 day 18 WNW Min <= 86: 31 Min <= 23: 3 Max Rain: 2.74 ON 18-12-24 Days of Rain: 11 (> .008in) 7 (> .08in) 3 (> 0.8in)