MONTHLY CLIMATOLOGICAL SUMMARY for DEC. 2022 NAME: N2KI Weather System - KNYWASHI15 CITY: Washingtonville STATE: NY ELEV: 300ft LAT: 041:26:00 LONG: 0074:07:00 TEMPERATURE ( °F), RAIN (in.), WIND SPEED (mph) HEAT COOL AVG MEAN DEG DEG WIND DOM DAY TEMP HIGH TIME LOW TIME DAYS DAYS RAIN SPEED HIGH TIME DIR -------------------------------------------------------------------------------------------------------- 01 35.6 041.3 13:49 28.0 00:00 29.3 00.0 00.00 03.0 20.7 11:21 W 02 34.0 044.3 13:57 21.4 07:55 31.0 00.0 00.00 00.5 08.1 21:07 WSW 03 48.7 056.8 16:46 39.7 00:01 16.2 00.0 00.14 02.6 21.9 15:18 W 04 34.8 042.4 13:02 22.3 00:00 30.1 00.0 00.00 00.9 12.7 00:56 WNW 05 29.2 046.2 14:32 17.2 07:42 35.7 00.0 00.00 00.3 10.3 13:51 WSW 06 41.9 056.1 00:00 24.1 03:34 23.1 00.0 00.31 01.1 19.6 23:06 SW 07 55.5 058.4 12:12 50.8 23:59 09.4 00.0 00.05 00.4 16.1 01:04 WSW 08 44.4 052.5 01:20 34.3 23:58 20.6 00.0 00.00 00.4 09.2 13:33 WNW 09 34.3 042.7 14:22 27.9 07:28 30.6 00.0 00.00 01.5 12.7 12:39 NE 10 29.0 036.6 15:11 22.9 07:59 35.9 00.0 00.00 00.8 08.1 13:49 E 11 31.2 034.3 12:01 29.6 23:43 33.7 00.0 00.01 00.1 03.5 13:40 ESE 12 27.2 031.9 14:57 15.5 00:00 37.7 00.0 00.05 00.1 10.3 15:04 E 13 21.1 034.4 15:13 08.8 07:48 43.8 00.0 00.05 00.4 06.9 23:14 SE 14 27.3 035.0 15:09 18.3 08:03 37.6 00.0 00.02 01.1 11.5 01:03 NW 15 30.3 036.3 20:37 23.1 01:44 34.6 00.0 00.45 00.4 09.2 17:18 ENE 16 34.7 037.7 12:52 32.4 18:23 30.2 00.0 00.66 01.1 11.5 07:54 ENE 17 36.3 042.0 13:11 31.6 22:51 28.6 00.0 00.06 01.1 13.8 12:31 W 18 31.8 038.0 13:07 26.7 21:58 33.2 00.0 00.00 01.0 13.8 13:15 W 19 32.2 034.4 13:44 29.5 23:14 32.7 00.0 00.00 02.2 12.7 14:19 W 20 29.3 037.0 14:53 19.8 00:00 35.6 00.0 00.00 00.9 09.2 12:27 WNW 21 24.8 039.0 15:20 15.3 07:45 40.2 00.0 00.00 00.1 05.8 12:52 W 22 30.3 042.0 00:00 20.6 06:48 34.6 00.0 00.18 01.1 14.9 21:40 E 23 35.5 057.1 06:12 05.4 00:00 29.5 00.0 01.01 04.6 26.4 20:38 WSW 24 08.4 012.5 16:01 03.9 04:54 56.5 00.0 00.00 04.7 19.6 07:49 W 25 18.5 027.6 15:06 10.5 01:57 46.5 00.0 00.00 02.7 16.1 14:08 W 26 21.0 027.5 15:08 13.9 06:29 43.9 00.0 00.00 01.6 11.5 10:52 W 27 27.9 031.1 15:24 25.2 05:36 37.0 00.0 00.00 01.2 10.3 10:06 W 28 35.7 047.2 15:05 27.4 00:43 29.2 00.0 00.00 00.8 11.5 15:27 WSW 29 35.1 053.5 15:15 23.3 07:46 29.8 00.0 00.00 00.3 08.1 14:39 W 30 44.5 063.7 15:12 31.4 00:02 20.5 00.0 00.00 00.0 04.6 12:54 WSW 31 43.6 053.3 13:02 32.7 03:50 21.3 00.0 00.18 00.0 03.5 23:37 WSW -------------------------------------------------------------------------------------------------------- 32.7 (32.7) 63.7 day 30 03.9 day 24 998.7 000.0 03.17 01.2 26.5 day 23 W Max <= 32: 5 Min <= 86: 31 Max <= 23: 1 Min <= 23: 14 Max <= 14: 1 Min <= 5: 1 Max Rain: 1.01 ON 23-12-23 Days of Rain: 13 (> .008in) 7 (> .08in) 1 (> 0.8in)