MONTHLY CLIMATOLOGICAL SUMMARY for DEC. 2021

NAME: N2KI - Skywarn Spotter ID 15-360NYC   CITY: Washingtonville STATE: NY
ELEV: 300ft LAT: 041:26:00 LONG: 0074:07:00

                            TEMPERATURE ( F), RAIN (in.), WIND SPEED (mph)

                                               HEAT     COOL           AVG
      MEAN                                     DEG      DEG            WIND                       DOM
DAY   TEMP    HIGH   TIME     LOW    TIME      DAYS     DAYS    RAIN   SPEED    HIGH    TIME      DIR
--------------------------------------------------------------------------------------------------------
01    36.9   045.7   14:07    29.3   04:48     28.1     00.0   00.01   00.7     11.5    12:11     WSW
02    48.5   054.1   20:36    35.9   00:01     16.4     00.0   00.16   01.8     16.1    23:55     WSW
03    38.2   044.6   00:05    25.6   23:18     26.8     00.0   00.00   03.0     24.1    10:25     WNW
04    35.7   047.0   14:37    25.8   01:32     29.2     00.0   00.00   00.5     09.2    12:54     WSW
05    38.2   045.1   14:54    29.4   02:06     26.7     00.0   00.00   00.4     14.9    21:07     SSW
06    48.8   061.1   16:38    38.9   00:00     16.1     00.0   00.02   02.4     23.0    20:12      W 
07    34.7   038.8   00:05    28.4   23:22     30.2     00.0   00.00   01.0     13.8    00:13      W 
08    32.1   036.8   14:47    28.5   00:01     32.8     00.0   00.00   00.2     05.8    23:22     SSW
09    31.3   035.1   14:37    25.4   07:38     33.6     00.0   00.01   01.0     10.3    09:25      W 
10    37.5   045.8   15:22    31.3   20:08     27.4     00.0   00.00   00.3     06.9    00:25      SW
11    48.5   065.6   21:11    34.8   00:01     16.5     00.0   00.10   01.6     25.3    21:41     WSW
12    41.7   051.4   00:02    32.0   19:12     23.3     00.0   00.00   03.2     21.9    01:14     WNW
13    41.0   054.1   15:07    30.0   23:45     23.9     00.0   00.00   01.4     16.1    15:17     WSW
14    37.2   052.0   13:52    26.3   00:00     27.8     00.0   00.00   00.5     09.2    15:14     SSW
15    36.9   049.1   00:00    23.1   04:10     28.1     00.0   00.03   00.2     06.9    23:57      SE
16    54.6   065.4   13:24    41.8   05:28     10.4     00.0   00.00   01.2     16.1    23:40      W 
17    50.3   059.1   00:29    34.0   21:07     14.7     00.0   00.00   01.9     13.8    10:57      W 
18    37.4   039.1   01:13    36.3   14:19     27.5     00.0   00.32   00.1     03.5    10:31      W 
19    33.6   039.6   04:48    21.8   00:00     31.3     00.0   00.06   01.9     13.8    12:50      NW
20    25.9   037.6   15:10    15.0   07:36     39.0     00.0   00.00   00.4     06.9    20:38      W 
21    30.2   041.8   14:15    21.3   07:51     34.8     00.0   00.00   00.3     05.8    11:33     WSW
22    35.2   044.2   12:49    30.7   00:08     29.8     00.0   00.14   02.3     24.1    15:04      W 
23    29.8   033.9   14:18    25.1   20:22     35.1     00.0   00.00   01.6     11.5    14:51     WNW
24    28.6   031.9   15:10    26.4   04:41     36.3     00.0   00.01   00.2     04.6    08:42     WSW
25    35.3   045.3   23:03    29.2   01:04     29.6     00.0   00.02   00.1     06.9    21:49      SW
26    42.6   046.7   12:51    36.0   23:07     22.3     00.0   00.00   02.4     14.9    09:33     WNW
27    29.7   036.3   00:03    24.7   05:05     35.2     00.0   00.00   00.3     06.9    13:47     ENE
28    36.9   042.8   15:03    30.0   04:23     28.1     00.0   00.03   00.6     08.1    20:50     SSW
29    37.4   039.5   16:00    35.1   07:24     27.6     00.0   00.01   00.1     03.5    10:05     ENE
30    40.9   043.3   15:20    38.4   04:00     24.1     00.0   00.01   00.0     00.0    00:00     ENE
31    46.8   052.9   13:33    42.3   00:12     18.2     00.0   00.03   00.2     06.9    15:29     SSE
--------------------------------------------------------------------------------------------------------
38.1 (38.0)   65.6  day 11     15.0  day 20   830.7    000.0   00.96   01.0     25.3   day 11      W 
Max <=  32: 1
Min <=  86: 31
Min <=  23: 3
Max Rain: 0.32 ON 18-12-22
Days of Rain: 15 (> .008in) 4 (> .08in) 0 (> 0.8in)