MONTHLY CLIMATOLOGICAL SUMMARY for DEC. 2020

NAME: N2KI - Skywarn Spotter ID 15-360NYC   CITY: Washingtonville STATE: NY
ELEV: 300ft LAT: 041:26:00 LONG: 0074:07:00

                            TEMPERATURE ( F), RAIN (in.), WIND SPEED (mph)

                                               HEAT     COOL           AVG
      MEAN                                     DEG      DEG            WIND                       DOM
DAY   TEMP    HIGH   TIME     LOW    TIME      DAYS     DAYS    RAIN   SPEED    HIGH    TIME      DIR
--------------------------------------------------------------------------------------------------------
01    47.9   059.5   00:06    35.7   00:00     17.0     00.0   00.00   02.4     13.8    21:17     WNW
02    36.7   040.0   12:32    33.8   23:28     28.3     00.0   00.00   02.5     16.1    02:11      NW
03    39.5   048.6   14:53    28.7   07:53     25.5     00.0   00.00   01.4     09.2    09:59      NW
04    47.3   056.8   12:29    39.8   01:06     17.7     00.0   00.07   01.4     09.2    20:25      W 
05    40.4   043.2   14:52    36.2   00:00     24.6     00.0   00.39   01.9     11.5    17:14     NNW
06    34.4   038.7   13:53    29.7   23:08     30.5     00.0   00.00   02.9     17.3    10:20     NNW
07    30.9   039.3   15:05    26.0   08:35     34.0     00.0   00.00   01.0     08.1    19:09     WNW
08    29.5   033.1   13:48    27.2   20:49     35.4     00.0   00.00   02.1     10.3    14:17      N 
09    32.2   035.7   10:40    28.1   00:07     32.8     00.0   00.00   01.7     10.3    11:55     NNW
10    39.2   048.4   12:24    26.7   00:00     25.7     00.0   00.00   01.5     10.3    13:33      W 
11    35.5   053.3   13:36    22.8   07:25     29.4     00.0   00.00   00.4     09.2    11:35      W 
12    37.9   045.8   15:03    28.6   05:16     27.0     00.0   00.00   00.2     03.5    15:48      W 
13    45.3   057.1   12:27    35.0   00:00     19.7     00.0   00.01   01.0     12.7    11:54      W 
14    33.1   035.4   21:37    30.7   02:25     31.9     00.0   00.11   00.7     11.5    22:07     WSW
15    31.0   036.4   14:07    20.8   00:00     33.9     00.0   00.01   01.8     11.5    12:42     WNW
16    21.6   023.3   15:48    19.4   01:26     43.4     00.0   00.00   02.4     11.5    23:58      NE
17    23.5   028.1   13:40    19.7   03:12     41.4     00.0   00.01   03.2     17.3    11:01      NE
18    19.0   027.0   14:14    05.4   00:00     46.0     00.0   00.00   00.7     06.9    02:07     ENE
19    12.6   026.0   15:14   -01.6   08:06     52.3     00.0   00.00   00.2     03.5    23:54     WSW
20    27.6   034.9   18:40    18.2   01:16     37.4     00.0   00.01   00.4     06.9    18:17      SW
21    34.7   043.7   14:14    29.9   22:22     30.2     00.0   00.27   00.4     05.8    12:00      W 
22    36.3   044.0   13:09    26.8   07:32     28.7     00.0   00.05   01.9     14.9    22:51      W 
23    35.7   043.7   13:50    26.7   08:16     29.3     00.0   00.00   01.0     10.3    01:43     WSW
24    50.6   061.2   23:22    35.0   00:07     14.3     00.0   00.81   02.7     19.6    09:57      S 
25    49.8   064.3   02:28    28.3   00:00     15.1     00.0   01.03   03.1     28.8    00:49      S 
26    25.8   029.8   14:02    21.6   08:06     39.2     00.0   00.00   03.0     14.9    12:15     WNW
27    26.9   036.8   14:14    20.2   06:06     38.0     00.0   00.00   01.0     06.9    11:43      W 
28    39.7   050.8   15:02    25.5   01:03     25.3     00.0   00.00   01.2     11.5    08:16      W 
29    32.7   040.3   00:05    22.3   00:00     32.3     00.0   00.00   02.0     11.5    14:26     NNW
30    30.8   040.3   23:13    22.0   00:21     34.2     00.0   00.01   01.1     11.5    15:23      W 
31    37.3   042.2   02:37    25.7   23:37     27.7     00.0   00.10   01.1     09.2    11:23     WNW
--------------------------------------------------------------------------------------------------------
34.4 (33.9)   64.3  day 25    -01.6  day 19   948.0    000.0   02.88   01.6     28.8   day 25      NW
Max <=  32: 5
Min <=  86: 31
Min <=   0: 1
Min <=  23: 11
Min <=   5: 1
Min <=   0: 1
Max Rain: 1.03 ON 25-12-21
Days of Rain: 13 (> .008in) 6 (> .08in) 2 (> 0.8in)